000
CXUS54 KTSA 281212
CF6RVS
PRELIMINARY LOCAL CLIMATOLOGICAL DATA (WS FORM: F-6)

                                          STATION:   TULSA-RIVERSIDE  OKLAHOMA
                                          MONTH:     DECEMBER
                                          YEAR:      2014
                                          LATITUDE:   36  2 N
                                          LONGITUDE:  95 59 W

  TEMPERATURE IN F:       :PCPN:    SNOW:  WIND      :SUNSHINE: SKY     :PK WND
================================================================================
1   2   3   4   5  6A  6B    7    8   9   10  11  12  13   14  15   16   17  18
                                     12Z  AVG MX 2MIN
DY MAX MIN AVG DEP HDD CDD  WTR  SNW DPTH SPD SPD DIR MIN PSBL S-S WX    SPD DR
================================================================================

 1  32  27  30 -13  35   0 0.00  0.0    0 10.8 21  10   M    M  10        33  10
 2  43  29  36  -6  29   0 0.00  0.0    0  4.8 12 190   M    M   7        15 200
 3  50  35  43   1  22   0 0.02  0.0    0  4.9 14  60   M    M   8 1      19  80
 4  52  45  49   7  16   0 0.13  0.0    0  3.2  8 170   M    M  10 12     11 170
 5  61  48  55  14  10   0 0.08  0.0    0  4.8 14 350   M    M  10 1      20 340
 6  49  43  46   5  19   0 0.00  0.0    0  7.5 14  20   M    M  10 18     18  30
 7  48  43  46   5  19   0 0.00  0.0    0  5.3 13 170   M    M   9 1      15 180
 8  63  37  50  10  15   0 0.00  0.0    0  1.5  9 290   M    M   5 1      13 270
 9  50  31  41   1  24   0 0.00  0.0    0  5.5 15  50   M    M   0 1      22 360
10  53  28  41   1  24   0 0.00  0.0    0  4.4 14 180   M    M   4        17 180
11  56  41  49  10  16   0 0.00  0.0    0  4.5 10 130   M    M   8        13 140
12  54  46  50  11  15   0 0.00  0.0    0  6.2 10 130   M    M  10 1      14 130
13  61  47  54  15  11   0 0.00  0.0    0  7.6 15 170   M    M  10 128    22 170
14  63  53  58  20   7   0 0.96  0.0    0 10.1 21 160   M    M  10 13     32 150
15  58  41  50  12  15   0 0.00  0.0    0  8.4 17 300   M    M   6        30 310
16  47  31  39   1  26   0 0.00  0.0    0  6.1 17 320   M    M   5        27 300
17  37  31  34  -4  31   0 0.39    M    0  5.4 12 110   M    M   9 1      14 120
18  42  36  39   1  26   0 0.01    M    0  4.2  8  30   M    M  10 1      10 120
19  41  37  39   2  26   0 0.00  0.0    0  3.3  9  30   M    M  10 1      13  10
20  45  38  42   5  23   0 0.00  0.0    0  3.6 10 190   M    M  10        13 210
21  49  42  46   9  19   0 0.00  0.0    0  9.5 18 170   M    M  10 1      25 160
22  55  37  46   9  19   0 0.00  0.0    0  4.0 10 300   M    M   7 1      18 260
23  49  36  43   6  22   0 0.00  0.0    0  5.0 13 330   M    M   3        21 310
24  43  26  35  -2  30   0 0.02    M    0  4.9 15 340   M    M   7        22 350
25  60  25  43   6  22   0 0.00  0.0    0 10.7 26 190   M    M   0        36 200
26  61  39  50  14  15   0    T    M    0  9.1 20 180   M    M   6 1      26 190
27  44  23  34  -2  31   0 0.04    M    0  5.2 13 330   M    M   7 1      25 340
================================================================================
SM 1366  995       567   0  1.65     0.0 160.5          M      201
================================================================================
AV 50.6 36.9                               5.9 FASTST   M    M   7    MAX(MPH)
                                 MISC ---->  # 26 190               # 36  200
================================================================================
NOTES:
# LAST OF SEVERAL OCCURRENCES

COLUMN 17 PEAK WIND IN M.P.H.

PRELIMINARY LOCAL CLIMATOLOGICAL DATA (WS FORM: F-6) , PAGE 2

                                          STATION:  TULSA-RIVERSIDE  OKLAHOMA
                                          MONTH:    DECEMBER
                                          YEAR:     2014
                                          LATITUDE:   36  2 N
                                          LONGITUDE:  95 59 W

[TEMPERATURE DATA]      [PRECIPITATION DATA]       SYMBOLS USED IN COLUMN 16

AVERAGE MONTHLY: 43.7   TOTAL FOR MONTH:   1.65    1 = FOG OR MIST
DPTR FM NORMAL:   4.8   DPTR FM NORMAL:   -0.54    2 = FOG REDUCING VISIBILITY
HIGHEST:    63 ON 14, 8 GRTST 24HR  0.96 ON 13-14      TO 1/4 MILE OR LESS
LOWEST:     23 ON 27                               3 = THUNDER
                        SNOW, ICE PELLETS, HAIL    4 = ICE PELLETS
                        TOTAL MONTH:   0.0 INCH    5 = HAIL
                        GRTST 24HR     0.0         6 = FREEZING RAIN OR DRIZZLE
                        GRTST DEPTH:   0           7 = DUSTSTORM OR SANDSTORM:
                                                       VSBY 1/2 MILE OR LESS
                                                   8 = SMOKE OR HAZE
[NO. OF DAYS WITH]      [WEATHER - DAYS WITH]      9 = BLOWING SNOW
                                                   X = TORNADO
MAX 32 OR BELOW:   1    0.01 INCH OR MORE:   8
MAX 90 OR ABOVE:   0    0.10 INCH OR MORE:   3
MIN 32 OR BELOW:   9    0.50 INCH OR MORE:   1
MIN  0 OR BELOW:   0    1.00 INCH OR MORE:   0

[HDD (BASE 65) ]
TOTAL THIS MO.   567    CLEAR  (SCALE 0-3)   2
DPTR FM NORMAL  -137    PTCLDY (SCALE 4-7)  12
TOTAL FM JUL 1  1292    CLOUDY (SCALE 8-10) 13
DPTR FM NORMAL   -70

[CDD (BASE 65) ]
TOTAL THIS MO.     0
DPTR FM NORMAL     0    [PRESSURE DATA]
TOTAL FM JAN 1  2025    HIGHEST SLP M ON M
DPTR FM NORMAL   110    LOWEST  SLP 29.49 ON 22

[REMARKS]
