000
CXUS55 KCYS 181000
CF6RWL
PRELIMINARY LOCAL CLIMATOLOGICAL DATA (WS FORM: F-6)

                                          STATION:   RAWLINS WYOMING AIRPORT
                                          MONTH:     JANUARY
                                          YEAR:      2017
                                          LATITUDE:   41 47 N
                                          LONGITUDE: 107 12 W

  TEMPERATURE IN F:       :PCPN:    SNOW:  WIND      :SUNSHINE: SKY     :PK WND
================================================================================
1   2   3   4   5  6A  6B    7    8   9   10  11  12  13   14  15   16   17  18
                                     12Z  AVG MX 2MIN
DY MAX MIN AVG DEP HDD CDD  WTR  SNW DPTH SPD SPD DIR MIN PSBL S-S WX    SPD DR
================================================================================

 1  34  13  24   2  41   0    T    M    M 14.9 32 200   M    M   1        42 210
 2  32  17  25   3  40   0 0.03    M    M 11.0 31 210   M    M   8 18     41 210
 3  23  15  19  -3  46   0    T    M    M 14.2 22 250   M    M   8 1      26 240
 4  27   1  14  -8  51   0 0.14    M    M 11.8 21 250   M    M   9 1      27 240
 5   2 -29 -13 -35  78   0 0.01    M    M  3.0 10 350   M    M   3 18     13  60
 6  10 -32 -11 -33  76   0 0.00    M    M  3.2 17 260   M    M   1 18     31 220
 7  25   3  14  -8  51   0 0.00    M    M 15.3 37 240   M    M   3 8      47 240
 8  41  22  32  10  33   0 0.00    M    M 24.6 47 220   M    M   8 8      60 220
 9  41  29  35  13  30   0 0.10    M    M 28.4 51 220   M    M   8 1      66 210
10  35  20  28   6  37   0    T    M    M 26.8 51 220   M    M   6 18     62 220
11  34  23  29   7  36   0 0.24    M    M 23.6 39 210   M    M   8 128    54 210
12  31  22  27   5  38   0 0.01    M    M  8.2 29 250   M    M   5 1      33 250
13  29  21  25   3  40   0    T    M    M  2.3 10 230   M    M  10 12     12 220
14  32  20  26   4  39   0    T    M    M  5.1 12 240   M    M  10 1      14 270
15  25   9  17  -5  48   0 0.00    M    M  2.5  8 360   M    M  10 128    10 140
16  20  -4   8 -14  57   0 0.00    M    M  2.8  9 220   M    M   2 18     11 350
17  23  -7   8 -14  57   0 0.00    M    M  4.3 17 260   M    M   0        20 260
================================================================================
SM  464  143       798   0  0.53    M    202.0          M      100
================================================================================
AV 27.3  8.4                              11.9 FASTST   M    M   6    MAX(MPH)
                                 MISC ---->  # 51 220               # 66  210
================================================================================
NOTES:
# LAST OF SEVERAL OCCURRENCES

COLUMN 17 PEAK WIND IN M.P.H.

PRELIMINARY LOCAL CLIMATOLOGICAL DATA (WS FORM: F-6) , PAGE 2

                                          STATION:  RAWLINS WYOMING AIRPORT
                                          MONTH:    JANUARY
                                          YEAR:     2017
                                          LATITUDE:   41 47 N
                                          LONGITUDE: 107 12 W

[TEMPERATURE DATA]      [PRECIPITATION DATA]       SYMBOLS USED IN COLUMN 16

AVERAGE MONTHLY: 17.9   TOTAL FOR MONTH:   0.53    1 = FOG OR MIST
DPTR FM NORMAL:  -4.1   DPTR FM NORMAL:    0.32    2 = FOG REDUCING VISIBILITY
HIGHEST:    41 ON  9, 8 GRTST 24HR  0.24 ON 11-11      TO 1/4 MILE OR LESS
LOWEST:    -32 ON  6                               3 = THUNDER
                        SNOW, ICE PELLETS, HAIL    4 = ICE PELLETS
                        TOTAL MONTH:    M          5 = HAIL
                        GRTST 24HR    M  ON   M    6 = FREEZING RAIN OR DRIZZLE
                        GRTST DEPTH:  M  ON   M    7 = DUSTSTORM OR SANDSTORM:
                                                       VSBY 1/2 MILE OR LESS
                                                   8 = SMOKE OR HAZE
[NO. OF DAYS WITH]      [WEATHER - DAYS WITH]      9 = BLOWING SNOW
                                                   X = TORNADO
MAX 32 OR BELOW:  12    0.01 INCH OR MORE:   6
MAX 90 OR ABOVE:   0    0.10 INCH OR MORE:   3
MIN 32 OR BELOW:  17    0.50 INCH OR MORE:   0
MIN  0 OR BELOW:   4    1.00 INCH OR MORE:   0

[HDD (BASE 65) ]
TOTAL THIS MO.   798    CLEAR  (SCALE 0-3)   5
DPTR FM NORMAL    67    PTCLDY (SCALE 4-7)   8
TOTAL FM JUL 1  3886    CLOUDY (SCALE 8-10)  4
DPTR FM NORMAL  -299

[CDD (BASE 65) ]
TOTAL THIS MO.     0
DPTR FM NORMAL     0    [PRESSURE DATA]
TOTAL FM JAN 1     0    HIGHEST SLP M ON M
DPTR FM NORMAL     0    LOWEST  SLP  0.00 ON  8

[REMARKS]
