739
CXUS52 KCHS 190715
CF6SAV
PRELIMINARY LOCAL CLIMATOLOGICAL DATA (WS FORM: F-6)

                                          STATION:   SAVANNAH GA
                                          MONTH:     AUGUST
                                          YEAR:      2017
                                          LATITUDE:   32  7 N
                                          LONGITUDE:  81 12 W

  TEMPERATURE IN F:       :PCPN:    SNOW:  WIND      :SUNSHINE: SKY     :PK WND
================================================================================
1   2   3   4   5  6A  6B    7    8   9   10  11  12  13   14  15   16   17  18
                                     12Z  AVG MX 2MIN
DY MAX MIN AVG DEP HDD CDD  WTR  SNW DPTH SPD SPD DIR MIN PSBL S-S WX    SPD DR
================================================================================

 1  90  66  78  -4   0  13 0.00  0.0    0  7.4 15  30   M    M   3        22  50
 2  91  70  81  -1   0  16 0.19  0.0    0  6.3 14 100   M    M   6 13     17 130
 3  88  73  81  -1   0  16 0.25  0.0    0  6.2 16 100   M    M   8 13     19 110
 4  90  75  83   1   0  18 0.49  0.0    0  6.3 20 250   M    M   8 13     24 260
 5  89  74  82   0   0  17 0.03  0.0    0  7.2 15 250   M    M   6        19 250
 6  93  74  84   2   0  19 0.00  0.0    0  8.0 20 170   M    M   5        23 170
 7  95  74  85   3   0  20 0.08  0.0    0  9.3 24 160   M    M   6 138    32 160
 8  93  75  84   2   0  19    T  0.0    0  7.1 21 350   M    M   5 3      28 350
 9  87  73  80  -2   0  15 2.05  0.0    0  3.1 24 210   M    M   9 123    31 210
10  90  73  82   0   0  17 0.00  0.0    0  3.7 14 140   M    M   7 13     16 130
11  92  75  84   2   0  19    T  0.0    0  5.4 16 100   M    M   5        20 110
12  94  76  85   3   0  20 0.27  0.0    0  4.5 24 280   M    M   5 138    31 290
13  94  77  86   4   0  21 0.09  0.0    0  6.4 20 360   M    M   6 13     24 360
14  95  76  86   4   0  21    T  0.0    0  4.8 17 150   M    M   7 38     21 150
15  95  75  85   3   0  20 0.00  0.0    0  6.8 14 270   M    M   3        17 280
16  98  77  88   6   0  23 0.00  0.0    0  6.0 13 230   M    M   3 38     16 230
17  96  78  87   5   0  22    T  0.0    0  6.2 16 240   M    M   3        20 230
18  97  77  87   6   0  22 0.00  0.0    0  7.3 16 170   M    M   3        21 160
================================================================================
SM 1667 1338         0 338  3.45     0.0 112.0          M       98
================================================================================
AV 92.6 74.3                               6.2 FASTST   M    M   5    MAX(MPH)
                                 MISC ---->  # 24 160               # 32  160
================================================================================
NOTES:
# LAST OF SEVERAL OCCURRENCES

COLUMN 17 PEAK WIND IN M.P.H.

PRELIMINARY LOCAL CLIMATOLOGICAL DATA (WS FORM: F-6) , PAGE 2

                                          STATION:  SAVANNAH GA
                                          MONTH:    AUGUST
                                          YEAR:     2017
                                          LATITUDE:   32  7 N
                                          LONGITUDE:  81 12 W

[TEMPERATURE DATA]      [PRECIPITATION DATA]       SYMBOLS USED IN COLUMN 16

AVERAGE MONTHLY: 83.5   TOTAL FOR MONTH:   3.45    1 = FOG OR MIST
DPTR FM NORMAL:   1.5   DPTR FM NORMAL:   -0.39    2 = FOG REDUCING VISIBILITY
HIGHEST:    98 ON 16    GRTST 24HR  2.05 ON  9- 9      TO 1/4 MILE OR LESS
LOWEST:     66 ON  1                               3 = THUNDER
                        SNOW, ICE PELLETS, HAIL    4 = ICE PELLETS
                        TOTAL MONTH:   0.0 INCH    5 = HAIL
                        GRTST 24HR     0.0         6 = FREEZING RAIN OR DRIZZLE
                        GRTST DEPTH:   0           7 = DUSTSTORM OR SANDSTORM:
                                                       VSBY 1/2 MILE OR LESS
                                                   8 = SMOKE OR HAZE
[NO. OF DAYS WITH]      [WEATHER - DAYS WITH]      9 = BLOWING SNOW
                                                   X = TORNADO
MAX 32 OR BELOW:   0    0.01 INCH OR MORE:   8
MAX 90 OR ABOVE:  15    0.10 INCH OR MORE:   5
MIN 32 OR BELOW:   0    0.50 INCH OR MORE:   1
MIN  0 OR BELOW:   0    1.00 INCH OR MORE:   1

[HDD (BASE 65) ]
TOTAL THIS MO.     0    CLEAR  (SCALE 0-3)   4
DPTR FM NORMAL     0    PTCLDY (SCALE 4-7)  13
TOTAL FM JUL 1     0    CLOUDY (SCALE 8-10)  1
DPTR FM NORMAL     0

[CDD (BASE 65) ]
TOTAL THIS MO.   338
DPTR FM NORMAL    32    [PRESSURE DATA]
TOTAL FM JAN 1  2039    HIGHEST SLP M ON M
DPTR FM NORMAL   338    LOWEST  SLP 29.86 ON 15

[REMARKS]
