496
CXUS55 KLOX 271655
CF6SBA
PRELIMINARY LOCAL CLIMATOLOGICAL DATA (WS FORM: F-6)

                                          STATION:   SANTA BARBARA AIRPORT CA
                                          MONTH:     APRIL
                                          YEAR:      2017
                                          LATITUDE:   34 25 N
                                          LONGITUDE: 119 50 W

  TEMPERATURE IN F:       :PCPN:    SNOW:  WIND      :SUNSHINE: SKY     :PK WND
================================================================================
1   2   3   4   5  6A  6B    7    8   9   10  11  12  13   14  15   16   17  18
                                     12Z  AVG MX 2MIN
DY MAX MIN AVG DEP HDD CDD  WTR  SNW DPTH SPD SPD DIR MIN PSBL S-S WX    SPD DR
================================================================================

 1  69  46  58   2   7   0 0.00  0.0    0  4.4 13 260   M    M   0        16 280
 2  66  47  57   1   8   0 0.00  0.0    0  4.2 10 120   M    M   1 1      13 120
 3  56  51  54  -2  11   0 0.00  0.0    0  4.1  9 110   M    M  10 18     10 210
 4  63  50  57   1   8   0 0.00  0.0    0  6.5 18 250   M    M   4 18     22 250
 5  72  48  60   4   5   0 0.00  0.0    0  5.5 14 260   M    M   1 12     17 260
 6  64  50  57   0   8   0 0.00  0.0    0  4.4 14 270   M    M   6 12     17 270
 7  62  52  57   0   8   0 0.16  0.0    0  6.4 14 110   M    M   9 1      18 120
 8  68  50  59   2   6   0 0.00  0.0    0 10.0 25 330   M    M   3 1      36 310
 9  66  45  56  -1   9   0 0.00  0.0    0  5.5 14 250   M    M   0        17  20
10  70  42  56  -1   9   0 0.00  0.0    0  3.4 12 100   M    M   0        15 100
11  70  47  59   2   6   0 0.00  0.0    0  5.9 18 270   M    M   0        24 270
12  70  47  59   2   6   0 0.00  0.0    0  6.8 21 260   M    M   3 1      24 270
13  69  49  59   2   6   0 0.02    M    0  7.6 21 270   M    M   5 1      29 280
14  73  50  62   5   3   0 0.00  0.0    0  6.6 17  10   M    M   0        22  10
15  70  44  57   0   8   0 0.00  0.0    0  3.7 13 270   M    M   0        15 260
16  66  47  57  -1   8   0 0.00  0.0    0  6.0 18 270   M    M   2        24 270
17  66  52  59   1   6   0 0.05  0.0    0  5.4 13 260   M    M   9 12     16 260
18  68  53  61   3   4   0 0.18  0.0    0  5.3 15 210   M    M   8 12     19 210
19  76  49  63   5   2   0 0.00  0.0    0  5.8 16  30   M    M   2 12     20  30
20  83  53  68  10   0   3 0.00  0.0    0 10.0 22 330   M    M   0        30  20
21  84  51  68  10   0   3 0.00  0.0    0  4.4 14  20   M    M   0        18  30
22  80  51  66   8   0   1 0.00  0.0    0  4.2 13 170   M    M   0        16 180
23  77  52  65   7   0   0 0.00  0.0    0  6.5 18 250   M    M   0        23 240
24  76  50  63   5   2   0 0.00  0.0    0  8.7 28 270   M    M   1 1      46 350
25  75  53  64   6   1   0 0.00  0.0    0 12.0 25 260   M    M   0        32 260
26  81  57  69  10   0   4 0.00  0.0    0 10.4 25 290   M    M   1        37 330
================================================================================
SM 1840 1286       131  11  0.41     0.0 163.7          M       65
================================================================================
AV 70.8 49.5                               6.3 FASTST   M    M   3    MAX(MPH)
                                 MISC ---->  # 28 270               # 46  350
================================================================================
NOTES:
# LAST OF SEVERAL OCCURRENCES

COLUMN 17 PEAK WIND IN M.P.H.

PRELIMINARY LOCAL CLIMATOLOGICAL DATA (WS FORM: F-6) , PAGE 2

                                          STATION:  SANTA BARBARA AIRPORT CA
                                          MONTH:    APRIL
                                          YEAR:     2017
                                          LATITUDE:   34 25 N
                                          LONGITUDE: 119 50 W

[TEMPERATURE DATA]      [PRECIPITATION DATA]       SYMBOLS USED IN COLUMN 16

AVERAGE MONTHLY: 60.1   TOTAL FOR MONTH:   0.41    1 = FOG OR MIST
DPTR FM NORMAL:   2.8   DPTR FM NORMAL:   -0.51    2 = FOG REDUCING VISIBILITY
HIGHEST:    84 ON 21    GRTST 24HR  0.18 ON 18-18      TO 1/4 MILE OR LESS
LOWEST:     42 ON 10                               3 = THUNDER
                        SNOW, ICE PELLETS, HAIL    4 = ICE PELLETS
                        TOTAL MONTH:   0.0 INCH    5 = HAIL
                        GRTST 24HR     0.0         6 = FREEZING RAIN OR DRIZZLE
                        GRTST DEPTH:   0           7 = DUSTSTORM OR SANDSTORM:
                                                       VSBY 1/2 MILE OR LESS
                                                   8 = SMOKE OR HAZE
[NO. OF DAYS WITH]      [WEATHER - DAYS WITH]      9 = BLOWING SNOW
                                                   X = TORNADO
MAX 32 OR BELOW:   0    0.01 INCH OR MORE:   4
MAX 90 OR ABOVE:   0    0.10 INCH OR MORE:   2
MIN 32 OR BELOW:   0    0.50 INCH OR MORE:   0
MIN  0 OR BELOW:   0    1.00 INCH OR MORE:   0

[HDD (BASE 65) ]
TOTAL THIS MO.   131    CLEAR  (SCALE 0-3)  19
DPTR FM NORMAL   -73    PTCLDY (SCALE 4-7)   4
TOTAL FM JUL 1  1704    CLOUDY (SCALE 8-10)  3
DPTR FM NORMAL  -397

[CDD (BASE 65) ]
TOTAL THIS MO.    11
DPTR FM NORMAL    11    [PRESSURE DATA]
TOTAL FM JAN 1    11    HIGHEST SLP M ON M
DPTR FM NORMAL     9    LOWEST  SLP 29.76 ON 26

[REMARKS]
