000
CXUS53 KMKX 240717
CF6SBM
PRELIMINARY LOCAL CLIMATOLOGICAL DATA (WS FORM: F-6)

                                          STATION:   SHEBOYGAN WI
                                          MONTH:     JUNE
                                          YEAR:      2017
                                          LATITUDE:   43 46 N
                                          LONGITUDE:  87 51 W

  TEMPERATURE IN F:       :PCPN:    SNOW:  WIND      :SUNSHINE: SKY     :PK WND
================================================================================
1   2   3   4   5  6A  6B    7    8   9   10  11  12  13   14  15   16   17  18
                                     12Z  AVG MX 2MIN
DY MAX MIN AVG DEP HDD CDD  WTR  SNW DPTH SPD SPD DIR MIN PSBL S-S WX    SPD DR
================================================================================

 1  75  40  58  -1   7   0 0.00  0.0    0  5.5 15 180   M    M   0 1      18 170
 2  80  47  64   4   1   0 0.00  0.0    0  5.8 14 160   M    M   1        20 170
 3  81  55  68   8   0   3 1.00  0.0    0  8.3 32 340   M    M   4 13     43 320
 4  84  58  71  11   0   6    T  0.0    0  7.8 17 300   M    M   1 18     24 310
 5  69  55  62   1   3   0 0.00  0.0    0 13.0 24  30   M    M   4 1      31  30
 6  72  51  62   1   3   0 0.00    M    M  9.8 20  50   M    M   0        20  40
 7  75  47  61  -1   4   0 0.00    M    M  3.8 13  80   M    M   0        16  80
 8  81  50  66   4   0   1 0.05    M    M  7.5 17 360   M    M   1        27 350
 9  72  55  64   2   1   0 0.00  0.0    0  6.8 15  30   M    M   1 1      18  30
10  88  57  73  10   0   8 0.00  0.0    0 16.6 33 220   M    M   1 8      43 220
11  86  69  78  15   0  13 0.00  0.0    0 11.5 24 170   M    M   3        29 220
12  87  63  75  11   0  10 0.77  0.0    0 10.7 38 280   M    M   5 13     50 260
13  73  58  66   2   0   1 0.51  0.0    0  5.9 17 140   M    M   5 123    22 130
14  80  58  69   5   0   4 0.65  0.0    0  7.8 31 180   M    M   3 13     42 180
15  85  62  74   9   0   9 0.00  0.0    0  6.5 16 250   M    M   3 1      21 290
16  84  61  73   8   0   8 0.00  0.0    0  9.5 23 260   M    M   1 3      28 270
17  81  65  73   8   0   8 0.04  0.0    0  5.2 15 190   M    M   6        19 220
18  77  61  69   3   0   4 0.01  0.0    0 13.6 32 280   M    M   5 13     43 280
19  74  57  66   0   0   1 0.03  0.0    0  8.8 22 250   M    M   3 38     28 260
20  70  53  62  -4   3   0 0.17  0.0    0  7.5 23 280   M    M   3 1      31 260
21  75  52  64  -3   1   0 0.00  0.0    0  6.4 18 180   M    M   2 1      23 160
22  81  62  72   5   0   7 0.55  0.0    0  6.6 17 210   M    M   6 13     23 220
23  79  60  70   3   0   5 0.37    M    M  9.8 21 290   M    M   2 13     30 260
================================================================================
SM 1809 1296        23  88  4.15     0.0 194.7          M       60
================================================================================
AV 78.7 56.4                               8.5 FASTST   M    M   3    MAX(MPH)
                                 MISC ---->  # 38 280               # 50  260
================================================================================
NOTES:
# LAST OF SEVERAL OCCURRENCES

COLUMN 17 PEAK WIND IN M.P.H.

PRELIMINARY LOCAL CLIMATOLOGICAL DATA (WS FORM: F-6) , PAGE 2

                                          STATION:  SHEBOYGAN WI
                                          MONTH:    JUNE
                                          YEAR:     2017
                                          LATITUDE:   43 46 N
                                          LONGITUDE:  87 51 W

[TEMPERATURE DATA]      [PRECIPITATION DATA]       SYMBOLS USED IN COLUMN 16

AVERAGE MONTHLY: 67.5   TOTAL FOR MONTH:   4.15    1 = FOG OR MIST
DPTR FM NORMAL:   4.1   DPTR FM NORMAL:    1.06    2 = FOG REDUCING VISIBILITY
HIGHEST:    88 ON 10    GRTST 24HR  1.00 ON  3- 3      TO 1/4 MILE OR LESS
LOWEST:     40 ON  1                               3 = THUNDER
                        SNOW, ICE PELLETS, HAIL    4 = ICE PELLETS
                        TOTAL MONTH:   0.0 INCH    5 = HAIL
                        GRTST 24HR     0.0         6 = FREEZING RAIN OR DRIZZLE
                        GRTST DEPTH:   0           7 = DUSTSTORM OR SANDSTORM:
                                                       VSBY 1/2 MILE OR LESS
                                                   8 = SMOKE OR HAZE
[NO. OF DAYS WITH]      [WEATHER - DAYS WITH]      9 = BLOWING SNOW
                                                   X = TORNADO
MAX 32 OR BELOW:   0    0.01 INCH OR MORE:  11
MAX 90 OR ABOVE:   0    0.10 INCH OR MORE:   7
MIN 32 OR BELOW:   0    0.50 INCH OR MORE:   5
MIN  0 OR BELOW:   0    1.00 INCH OR MORE:   1

[HDD (BASE 65) ]
TOTAL THIS MO.    23    CLEAR  (SCALE 0-3)  16
DPTR FM NORMAL   -64    PTCLDY (SCALE 4-7)   7
TOTAL FM JUL 1  6593    CLOUDY (SCALE 8-10)  0
DPTR FM NORMAL -1042

[CDD (BASE 65) ]
TOTAL THIS MO.    88
DPTR FM NORMAL    40    [PRESSURE DATA]
TOTAL FM JAN 1    95    HIGHEST SLP M ON M
DPTR FM NORMAL    37    LOWEST  SLP 29.48 ON 18

[REMARKS]
