000
CXUS53 KIWX 270800
CF6SBN
PRELIMINARY LOCAL CLIMATOLOGICAL DATA (WS FORM: F-6)

                                          STATION:   SOUTH BEND
                                          MONTH:     DECEMBER
                                          YEAR:      2014
                                          LATITUDE:   41 42 N
                                          LONGITUDE:  86 19 W

  TEMPERATURE IN F:       :PCPN:    SNOW:  WIND      :SUNSHINE: SKY     :PK WND
================================================================================
1   2   3   4   5  6A  6B    7    8   9   10  11  12  13   14  15   16   17  18
                                     12Z  AVG MX 2MIN
DY MAX MIN AVG DEP HDD CDD  WTR  SNW DPTH SPD SPD DIR MIN PSBL S-S WX    SPD DR
================================================================================

 1  35  18  27  -7  38   0 0.00  0.0    0 13.3 23 340   M    M   7        29 330
 2  33  18  26  -7  39   0    T    T    0  9.9 16 150   M    M   5 1      20 150
 3  38  24  31  -2  34   0    T    T    0 12.0 22 300   M    M   3 18     28 280
 4  35  23  29  -3  36   0 0.00  0.0    0  6.3 14 120   M    M   3         M  M
 5  39  33  36   4  29   0 0.00  0.0    0  6.2 17 120   M    M   9 18     20 110
 6  42  25  34   2  31   0 0.00  0.0    0 11.2 22 360   M    M   5 18     26 360
 7  38  25  32   1  33   0 0.00  0.0    0  9.6 20 130   M    M   0        24 130
 8  39  32  36   5  29   0 0.18  0.0    0  9.3 18 140   M    M   6 1      22 130
 9  41  34  38   7  27   0 0.01  0.0    0 10.3 20 350   M    M  10 1      25 360
10  35  22  29  -1  36   0 0.00  0.0    0  8.8 16  20   M    M   7        19  10
11  34  19  27  -3  38   0 0.00  0.0    0  8.1 17 320   M    M   4 18     21 320
12  33  21  27  -3  38   0    T    T    0  8.1 15 310   M    M   9 1      19 310
13  49  33  41  12  24   0 0.00  0.0    M  7.8 15 270   M    M   9 18     18 260
14  55  45  50  21  15   0 0.00  0.0    0  9.0 18 240   M    M  10 18     21 240
15  49  43  46  17  19   0 0.08  0.0    0 11.5 23 140   M    M  10 18     28 130
16  46  33  40  12  25   0 0.28    T    0 11.0 23 290   M    M  10 1      28 290
17  34  28  31   3  34   0    T    T    0 12.2 22 300   M    M  10        28 310
18  29  27  28   0  37   0    T    T    0  7.2 13 250   M    M  10 8      15 310
19  35  27  31   3  34   0 0.01    T    T  3.8 12 240   M    M  10 18     14 240
20  33  30  32   5  33   0    T    T    0  3.3  9 250   M    M  10 8      14 230
21  39  31  35   8  30   0 0.00  0.0    0  9.0 15 140   M    M   8 18     18 140
22  39  27  33   6  32   0 0.11    T    0 12.6 20 120   M    M   7 18     24 120
23  52  39  46  19  19   0 0.08  0.0    0  8.9 18 210   M    M   8 1      25 240
24  44  34  39  13  26   0 0.67    T    0  9.4 16 310   M    M  10 1      21 310
25  40  35  38  12  27   0 0.00  0.0    0 13.1 23 250   M    M   7        30 240
26  51  35  43  17  22   0 0.00  0.0    0 10.9 20 220   M    M   4        25 230
================================================================================
SM 1037  761       785   0  1.42    T    242.8          M      191
================================================================================
AV 39.9 29.3                               9.3 FASTST   M    M   7    MAX(MPH)
                                 MISC ---->  # 23 340               # 30  240
================================================================================
NOTES:
# LAST OF SEVERAL OCCURRENCES

COLUMN 17 PEAK WIND IN M.P.H.

PRELIMINARY LOCAL CLIMATOLOGICAL DATA (WS FORM: F-6) , PAGE 2

                                          STATION:  SOUTH BEND
                                          MONTH:    DECEMBER
                                          YEAR:     2014
                                          LATITUDE:   41 42 N
                                          LONGITUDE:  86 19 W

[TEMPERATURE DATA]      [PRECIPITATION DATA]       SYMBOLS USED IN COLUMN 16

AVERAGE MONTHLY: 34.6   TOTAL FOR MONTH:   1.42    1 = FOG OR MIST
DPTR FM NORMAL:   5.2   DPTR FM NORMAL:   -0.79    2 = FOG REDUCING VISIBILITY
HIGHEST:    55 ON 14    GRTST 24HR  0.67 ON 24-24      TO 1/4 MILE OR LESS
LOWEST:     18 ON  2, 1                            3 = THUNDER
                        SNOW, ICE PELLETS, HAIL    4 = ICE PELLETS
                        TOTAL MONTH:    T          5 = HAIL
                        GRTST 24HR    T  ON 24-24  6 = FREEZING RAIN OR DRIZZLE
                        GRTST DEPTH:   T           7 = DUSTSTORM OR SANDSTORM:
                                                       VSBY 1/2 MILE OR LESS
                                                   8 = SMOKE OR HAZE
[NO. OF DAYS WITH]      [WEATHER - DAYS WITH]      9 = BLOWING SNOW
                                                   X = TORNADO
MAX 32 OR BELOW:   1    0.01 INCH OR MORE:   8
MAX 90 OR ABOVE:   0    0.10 INCH OR MORE:   4
MIN 32 OR BELOW:  16    0.50 INCH OR MORE:   1
MIN  0 OR BELOW:   0    1.00 INCH OR MORE:   0

[HDD (BASE 65) ]
TOTAL THIS MO.   785    CLEAR  (SCALE 0-3)   2
DPTR FM NORMAL  -140    PTCLDY (SCALE 4-7)  12
TOTAL FM JUL 1  2227    CLOUDY (SCALE 8-10) 12
DPTR FM NORMAL    33

[CDD (BASE 65) ]
TOTAL THIS MO.     0
DPTR FM NORMAL     0    [PRESSURE DATA]
TOTAL FM JAN 1   771    HIGHEST SLP M ON M
DPTR FM NORMAL    -2    LOWEST  SLP 29.37 ON 24

[REMARKS]
