000
CXUS53 KIWX 280800
CF6SBN
PRELIMINARY LOCAL CLIMATOLOGICAL DATA (WS FORM: F-6)

                                          STATION:   SOUTH BEND
                                          MONTH:     APRIL
                                          YEAR:      2017
                                          LATITUDE:   41 42 N
                                          LONGITUDE:  86 19 W

  TEMPERATURE IN F:       :PCPN:    SNOW:  WIND      :SUNSHINE: SKY     :PK WND
================================================================================
1   2   3   4   5  6A  6B    7    8   9   10  11  12  13   14  15   16   17  18
                                     12Z  AVG MX 2MIN
DY MAX MIN AVG DEP HDD CDD  WTR  SNW DPTH SPD SPD DIR MIN PSBL S-S WX    SPD DR
================================================================================

 1  53  30  42  -2  23   0 0.00  0.0    0  5.9 16 360   M    M   1        19 310
 2  59  31  45   1  20   0    T  0.0    0  5.6 14 150   M    M   4        18 210
 3  57  47  52   8  13   0 0.19  0.0    0  9.0 15 120   M    M   7 13     20 110
 4  57  33  45   0  20   0 0.02  0.0    0 12.1 25 270   M    M   8 1      32 270
 5  46  32  39  -6  26   0 0.39  0.0    0  9.6 21  30   M    M   8 1      33  30
 6  42  32  37  -9  28   0 0.41  0.6    T 23.8 40 340   M    M   9 1      50 340
 7  46  28  37  -9  28   0 0.00  0.0    0 15.7 29 340   M    M   0        36 340
 8  63  27  45  -1  20   0 0.00  0.0    0  9.1 18 200   M    M   0        24 190
 9  76  49  63  16   2   0 0.00  0.0    0 16.6 30 190   M    M   0        38 190
10  72  54  63  16   2   0 0.12  0.0    0 16.2 30 170   M    M   5 13     35 170
11  54  40  47   0  18   0 0.00  0.0    0  7.5 17 300   M    M   8 12     21 260
12  58  30  44  -4  21   0 0.00  0.0    0  5.7 13 310   M    M   0 1      17 300
13  56  37  47  -1  18   0 0.06  0.0    0  9.2 17 110   M    M   7 1      22 110
14  69  44  57   8   8   0 0.05  0.0    0 10.3 18 120   M    M   5 1      22 120
15  80  57  69  20   0   4 0.12  0.0    0 15.7 32 220   M    M   4 1      41 220
16  71  45  58   9   7   0 0.03  0.0    0 12.6 23 270   M    M   4        35 220
17  69  39  54   4  11   0 0.00  0.0    0  3.0 14 300   M    M   0        17 300
18  74  45  60  10   5   0 0.00  0.0    0 12.0 24 150   M    M   2        32 150
19  71  51  61  11   4   0 0.10  0.0    0  8.5 18 310   M    M   7 13     25 300
20  76  51  64  13   1   0 0.53  0.0    0 13.6 28 300   M    M   5 13     35 270
21  51  37  44  -7  21   0 0.00  0.0    0 13.9 25 350   M    M   7        31 360
22  62  35  49  -3  16   0 0.00  0.0    0  9.5 18 350   M    M   0        22 350
23  69  31  50  -2  15   0 0.00  0.0    0  4.0 15 350   M    M   0        18 350
24  72  37  55   3  10   0 0.00  0.0    0  9.3 20 110   M    M   0        25 130
25  74  49  62   9   3   0 0.00  0.0    0 10.3 21 140   M    M   1        25 140
26  82  61  72  19   0   7 0.21  0.0    0 12.6 29 240   M    M   2 13     37 240
27  61  45  53   0  12   0    T  0.0    0 15.4 32 220   M    M   9        49 200
================================================================================
SM 1720 1097       352  11  2.23     0.6 296.7          M      103
================================================================================
AV 63.7 40.6                              11.0 FASTST   M    M   4    MAX(MPH)
                                 MISC ---->  # 40 340               # 50  340
================================================================================
NOTES:
# LAST OF SEVERAL OCCURRENCES

COLUMN 17 PEAK WIND IN M.P.H.

PRELIMINARY LOCAL CLIMATOLOGICAL DATA (WS FORM: F-6) , PAGE 2

                                          STATION:  SOUTH BEND
                                          MONTH:    APRIL
                                          YEAR:     2017
                                          LATITUDE:   41 42 N
                                          LONGITUDE:  86 19 W

[TEMPERATURE DATA]      [PRECIPITATION DATA]       SYMBOLS USED IN COLUMN 16

AVERAGE MONTHLY: 52.2   TOTAL FOR MONTH:   2.23    1 = FOG OR MIST
DPTR FM NORMAL:   3.6   DPTR FM NORMAL:   -0.66    2 = FOG REDUCING VISIBILITY
HIGHEST:    82 ON 26    GRTST 24HR  0.77 ON  5- 6      TO 1/4 MILE OR LESS
LOWEST:     27 ON  8                               3 = THUNDER
                        SNOW, ICE PELLETS, HAIL    4 = ICE PELLETS
                        TOTAL MONTH:   0.6 INCH    5 = HAIL
                        GRTST 24HR   0.6 ON   M    6 = FREEZING RAIN OR DRIZZLE
                        GRTST DEPTH:   T           7 = DUSTSTORM OR SANDSTORM:
                                                       VSBY 1/2 MILE OR LESS
                                                   8 = SMOKE OR HAZE
[NO. OF DAYS WITH]      [WEATHER - DAYS WITH]      9 = BLOWING SNOW
                                                   X = TORNADO
MAX 32 OR BELOW:   0    0.01 INCH OR MORE:  12
MAX 90 OR ABOVE:   0    0.10 INCH OR MORE:   8
MIN 32 OR BELOW:   8    0.50 INCH OR MORE:   1
MIN  0 OR BELOW:   0    1.00 INCH OR MORE:   0

[HDD (BASE 65) ]
TOTAL THIS MO.   352    CLEAR  (SCALE 0-3)  12
DPTR FM NORMAL  -102    PTCLDY (SCALE 4-7)  12
TOTAL FM JUL 1  5191    CLOUDY (SCALE 8-10)  3
DPTR FM NORMAL  -807

[CDD (BASE 65) ]
TOTAL THIS MO.    11
DPTR FM NORMAL    11    [PRESSURE DATA]
TOTAL FM JAN 1    11    HIGHEST SLP M ON M
DPTR FM NORMAL    10    LOWEST  SLP 29.35 ON  4

[REMARKS]
