000
CXUS51 KAKQ 311010
CF6SBY
PRELIMINARY LOCAL CLIMATOLOGICAL DATA (WS FORM: F-6)

                                          STATION:   SALISBURY MD
                                          MONTH:     MAY
                                          YEAR:      2016
                                          LATITUDE:   38 20 N
                                          LONGITUDE:  75 30 W

  TEMPERATURE IN F:       :PCPN:    SNOW:  WIND      :SUNSHINE: SKY     :PK WND
================================================================================
1   2   3   4   5  6A  6B    7    8   9   10  11  12  13   14  15   16   17  18
                                     12Z  AVG MX 2MIN
DY MAX MIN AVG DEP HDD CDD  WTR  SNW DPTH SPD SPD DIR MIN PSBL S-S WX    SPD DR
================================================================================

 1  58  49  54  -4  11   0 0.71    M    0  5.0 13 110   M    M  10 1      16 130
 2  80  53  67   8   0   2 0.28  0.0    0  8.0 21 210   M    M   7 13     31 210
 3  73  51  62   3   3   0 0.53  0.0    0  8.2 17 100   M    M   9 13     21 100
 4  56  50  53  -6  12   0 0.08  0.0    0  9.1 16  50   M    M  10 1      21  50
 5  53  48  51  -8  14   0 0.01  0.0    0 10.5 15  50   M    M  10 1      22  30
 6  53  48  51  -9  14   0 0.63  0.0    0  6.5 20 330   M    M   8 13     23 330
 7  64  49  57  -3   8   0 0.02  0.0    0  4.9 15 260   M    M   7 1      20 270
 8  73  48  61   1   4   0 0.00  0.0    0  7.4 31 330   M    M   3        39 330
 9  69  41  55  -5  10   0 0.06  0.0    0  2.7 13 220   M    M   3        18 220
10  66  51  59  -2   6   0 0.12  0.0    0  5.7 17  60   M    M   7 1      19  60
11  68  51  60  -1   5   0 0.38  0.0    0  4.8 13 130   M    M  10 13     15 140
12  70  55  63   2   2   0 0.00  0.0    0  2.9 12 130   M    M   9 12     14 120
13  70  54  62   0   3   0 0.22  0.0    0  5.4 12 240   M    M   7 12     16 240
14  77  52  65   3   0   0 0.30  0.0    0  7.6 35 300   M    M   3 123    51 290
15  62  47  55  -7  10   0 0.00  0.0    0 11.0 25 270   M    M   2        35 290
16  61  35  48 -14  17   0 0.00  0.0    0  9.3 17 270   M    M   0        32 280
17  60  53  57  -6   8   0 0.22  0.0    0 11.1 16 280   M    M   5 1       M  M
18  66  53  60  -3   5   0    T  0.0    0  7.4 16  60   M    M   7 1      20  60
19  73  49  61  -2   4   0 0.00  0.0    0  4.9 13 170   M    M   5        17  40
20  77  46  62  -2   3   0 0.00    M    0  4.1 14 110   M    M   0         M  M
21  61  52  57  -7   8   0 0.75  0.0    0  9.0 22  70   M    M   7 1      27  50
22  58  54  56  -8   9   0 0.18  0.0    0  7.1 13 330   M    M  10 1      16 330
23  69  55  62  -2   3   0 0.01  0.0    0  5.7 16  60   M    M   7 1      19  70
24  80  55  68   3   0   3 0.00  0.0    0  7.0 15 310   M    M   2        19 330
25  86  57  72   7   0   7 0.00  0.0    0  4.5 18 230   M    M   0        23 220
26  89  57  73   8   0   8 0.00  0.0    0  6.1 14 200   M    M   0        17 210
27  87  67  77  11   0  12 0.00  0.0    0  9.5 16 170   M    M   0        21 210
28  87  59  73   7   0   8 0.00  0.0    0  6.0 17 170   M    M   0        22 160
29  83  58  71   5   0   6 0.04  0.0    0  5.6 16 130   M    M   7 1      21 120
30  74  66  70   3   0   5 1.30  0.0    0  4.7 10 220   M    M   7 1      14 180
================================================================================
SM 2103 1563       159  51  5.84     0.0 201.7          M      162
================================================================================
AV 70.1 52.1                               6.7 FASTST   M    M   5    MAX(MPH)
                                 MISC ---->  # 35 300               # 51  290
================================================================================
NOTES:
# LAST OF SEVERAL OCCURRENCES

COLUMN 17 PEAK WIND IN M.P.H.

PRELIMINARY LOCAL CLIMATOLOGICAL DATA (WS FORM: F-6) , PAGE 2

                                          STATION:  SALISBURY MD
                                          MONTH:    MAY
                                          YEAR:     2016
                                          LATITUDE:   38 20 N
                                          LONGITUDE:  75 30 W

[TEMPERATURE DATA]      [PRECIPITATION DATA]       SYMBOLS USED IN COLUMN 16

AVERAGE MONTHLY: 61.1   TOTAL FOR MONTH:   5.84    1 = FOG OR MIST
DPTR FM NORMAL:  -1.2   DPTR FM NORMAL:    2.35    2 = FOG REDUCING VISIBILITY
HIGHEST:    89 ON 26    GRTST 24HR  1.30 ON 29-30      TO 1/4 MILE OR LESS
LOWEST:     35 ON 16                               3 = THUNDER
                        SNOW, ICE PELLETS, HAIL    4 = ICE PELLETS
                        TOTAL MONTH:   0.0 INCH    5 = HAIL
                        GRTST 24HR     0.0         6 = FREEZING RAIN OR DRIZZLE
                        GRTST DEPTH:   0           7 = DUSTSTORM OR SANDSTORM:
                                                       VSBY 1/2 MILE OR LESS
                                                   8 = SMOKE OR HAZE
[NO. OF DAYS WITH]      [WEATHER - DAYS WITH]      9 = BLOWING SNOW
                                                   X = TORNADO
MAX 32 OR BELOW:   0    0.01 INCH OR MORE:  18
MAX 90 OR ABOVE:   0    0.10 INCH OR MORE:  12
MIN 32 OR BELOW:   0    0.50 INCH OR MORE:   5
MIN  0 OR BELOW:   0    1.00 INCH OR MORE:   1

[HDD (BASE 65) ]
TOTAL THIS MO.   159    CLEAR  (SCALE 0-3)  11
DPTR FM NORMAL    19    PTCLDY (SCALE 4-7)  11
TOTAL FM JUL 1  3636    CLOUDY (SCALE 8-10)  8
DPTR FM NORMAL  -784

[CDD (BASE 65) ]
TOTAL THIS MO.    51
DPTR FM NORMAL   -12    [PRESSURE DATA]
TOTAL FM JAN 1    75    HIGHEST SLP M ON M
DPTR FM NORMAL    -5    LOWEST  SLP 29.60 ON  4

[REMARKS]
