000
CXUS51 KAKQ 211010
CF6SBY
PRELIMINARY LOCAL CLIMATOLOGICAL DATA (WS FORM: F-6)

                                          STATION:   SALISBURY MD
                                          MONTH:     OCTOBER
                                          YEAR:      2017
                                          LATITUDE:   38 20 N
                                          LONGITUDE:  75 30 W

  TEMPERATURE IN F:       :PCPN:    SNOW:  WIND      :SUNSHINE: SKY     :PK WND
================================================================================
1   2   3   4   5  6A  6B    7    8   9   10  11  12  13   14  15   16   17  18
                                     12Z  AVG MX 2MIN
DY MAX MIN AVG DEP HDD CDD  WTR  SNW DPTH SPD SPD DIR MIN PSBL S-S WX    SPD DR
================================================================================

 1  68  47  58  -4   7   0 0.00  0.0    0  6.2 17  10   M    M   2 1      21  60
 2  75  44  60  -2   5   0 0.00  0.0    0  2.2 12 140   M    M   0        14 330
 3  74  45  60  -2   5   0 0.00  0.0    0  3.4 14 100   M    M   1 1      18 100
 4  77  45  61   0   4   0 0.00  0.0    0  3.6 13 190   M    M   0 1      16 190
 5  81  59  70   9   0   5 0.00  0.0    0  7.4 17 220   M    M   2 12     22 230
 6  82  62  72  12   0   7 0.00  0.0    0  6.8 16 230   M    M   0        20 220
 7  84  60  72  12   0   7 0.00  0.0    0  7.1 17 180   M    M   3 12     23 180
 8  84  73  79  19   0  14 0.02  0.0    0  8.9 17 230   M    M   4 1      24 220
 9  83  73  78  19   0  13 0.01  0.0    0 12.6 26 200   M    M   5        34 200
10  88  71  80  21   0  15 0.00  0.0    0  4.5 13 120   M    M   7 1      14 120
11  72  66  69  10   0   4 0.76  0.0    0  8.5 15 100   M    M  10 12     20  90
12  67  62  65   7   0   0 0.07  0.0    0 12.6 24  60   M    M  10 1      32  60
13  67  62  65   7   0   0 0.06  0.0    0  9.6 15  60   M    M  10 1      20  70
14  69  64  67   9   0   2 0.07  0.0    0  4.9 10 350   M    M  10 1      13  10
15  75  66  71  14   0   6 0.01  0.0    0  6.9 16 190   M    M   7 12     21 220
16  72  46  59   2   6   0 0.10    M    0  9.0 23 340   M    M   6 1      28 340
17  61  38  50  -7  15   0 0.00  0.0    0  5.2 14  10   M    M   0        20  30
18  69  35  52  -4  13   0 0.00  0.0    0  3.0 10 250   M    M   0 8      13 230
19  71  41  56   0   9   0 0.00  0.0    0  3.5 15 250   M    M   0 8      19 240
20  77  45  61   5   4   0 0.00  0.0    0  3.2 14 330   M    M   2        17 310
================================================================================
SM 1496 1104        68  73  1.10     0.0 129.1          M       79
================================================================================
AV 74.8 55.2                               6.5 FASTST   M    M   4    MAX(MPH)
                                 MISC ---->  # 26 200               # 34  200
================================================================================
NOTES:
# LAST OF SEVERAL OCCURRENCES

COLUMN 17 PEAK WIND IN M.P.H.

PRELIMINARY LOCAL CLIMATOLOGICAL DATA (WS FORM: F-6) , PAGE 2

                                          STATION:  SALISBURY MD
                                          MONTH:    OCTOBER
                                          YEAR:     2017
                                          LATITUDE:   38 20 N
                                          LONGITUDE:  75 30 W

[TEMPERATURE DATA]      [PRECIPITATION DATA]       SYMBOLS USED IN COLUMN 16

AVERAGE MONTHLY: 65.0   TOTAL FOR MONTH:   1.10    1 = FOG OR MIST
DPTR FM NORMAL:   6.1   DPTR FM NORMAL:   -1.16    2 = FOG REDUCING VISIBILITY
HIGHEST:    88 ON 10    GRTST 24HR  0.76 ON 11-11      TO 1/4 MILE OR LESS
LOWEST:     35 ON 18                               3 = THUNDER
                        SNOW, ICE PELLETS, HAIL    4 = ICE PELLETS
                        TOTAL MONTH:   0.0 INCH    5 = HAIL
                        GRTST 24HR     0.0         6 = FREEZING RAIN OR DRIZZLE
                        GRTST DEPTH:   0           7 = DUSTSTORM OR SANDSTORM:
                                                       VSBY 1/2 MILE OR LESS
                                                   8 = SMOKE OR HAZE
[NO. OF DAYS WITH]      [WEATHER - DAYS WITH]      9 = BLOWING SNOW
                                                   X = TORNADO
MAX 32 OR BELOW:   0    0.01 INCH OR MORE:   8
MAX 90 OR ABOVE:   0    0.10 INCH OR MORE:   2
MIN 32 OR BELOW:   0    0.50 INCH OR MORE:   1
MIN  0 OR BELOW:   0    1.00 INCH OR MORE:   0

[HDD (BASE 65) ]
TOTAL THIS MO.    68    CLEAR  (SCALE 0-3)  10
DPTR FM NORMAL   -75    PTCLDY (SCALE 4-7)   6
TOTAL FM JUL 1    81    CLOUDY (SCALE 8-10)  4
DPTR FM NORMAL  -110

[CDD (BASE 65) ]
TOTAL THIS MO.    73
DPTR FM NORMAL    51    [PRESSURE DATA]
TOTAL FM JAN 1  1412    HIGHEST SLP M ON M
DPTR FM NORMAL   265    LOWEST  SLP 29.92 ON 16

[REMARKS]
