000
CXUS56 KSTO 271425
CF6SCK
PRELIMINARY LOCAL CLIMATOLOGICAL DATA (WS FORM: F-6)

                                          STATION:   STOCKTON AIRPORT CA
                                          MONTH:     JUNE
                                          YEAR:      2017
                                          LATITUDE:   37 54 N
                                          LONGITUDE: 121 15 W

  TEMPERATURE IN F:       :PCPN:    SNOW:  WIND      :SUNSHINE: SKY     :PK WND
================================================================================
1   2   3   4   5  6A  6B    7    8   9   10  11  12  13   14  15   16   17  18
                                     12Z  AVG MX 2MIN
DY MAX MIN AVG DEP HDD CDD  WTR  SNW DPTH SPD SPD DIR MIN PSBL S-S WX    SPD DR
================================================================================

 1  87  55  71   1   0   6 0.00  0.0    0 11.5 21 250   M    M   0        26 290
 2  94  56  75   5   0  10 0.00  0.0    0  8.2 17 290   M    M   0        28 320
 3  94  61  78   8   0  13 0.00  0.0    0  8.1 21 270   M    M   0        24 270
 4  93  57  75   5   0  10 0.00  0.0    0 12.5 25 260   M    M   0        37 320
 5  94  50  72   2   0   7 0.00  0.0    0  9.1 18 290   M    M   0        22 300
 6  94  56  75   5   0  10 0.00  0.0    0  8.5 20 260   M    M   0        24 260
 7  87  56  72   1   0   7 0.00  0.0    0  9.3 21 280   M    M   0 8      25 300
 8  78  60  69  -2   0   4 0.03  0.0    0  6.6 13  30   M    M   7 1      16 150
 9  78  56  67  -4   0   2    T  0.0    0 12.0 28 280   M    M   7        35 280
10  79  52  66  -5   0   1 0.00  0.0    0 14.0 24 290   M    M   0        29 290
11  74  49  62 -10   3   0    T  0.0    0  9.2 26 260   M    M   2        31 270
12  80  47  64  -8   1   0    T  0.0    0  7.7 17 280   M    M   2        22 270
13  87  50  69  -3   0   4 0.00  0.0    0  8.2 18 300   M    M   0        26 260
14  95  53  74   2   0   9 0.00  0.0    0  8.0 17 310   M    M   0        22 290
15  96  59  78   6   0  13 0.00  0.0    0 11.9 22 290   M    M   0        27 300
16 100  66  83  10   0  18 0.00  0.0    0 12.1 21 290   M    M   0        26 300
17 105  72  89  16   0  24 0.00  0.0    0 13.8 25 340   M    M   0        35 330
18 108  71  90  17   0  25 0.00  0.0    0  7.4 16 310   M    M   0 8      19 310
19 109  73  91  18   0  26 0.00  0.0    0  7.3 18 290   M    M   0        22 300
20 108  69  89  16   0  24 0.00  0.0    0  8.0 18 270   M    M   0        22 280
21 107  67  87  13   0  22 0.00  0.0    0  7.7 15 300   M    M   0        19 310
22 109  73  91  17   0  26 0.00  0.0    0  8.7 18 300   M    M   0        22 300
23 104  68  86  12   0  21 0.00  0.0    0  7.9 15 310   M    M   0        19 300
24  97  64  81   7   0  16 0.00  0.0    0  9.3 18 280   M    M   0        22 290
25  93  62  78   4   0  13 0.00  0.0    0  8.5 15 310   M    M   0        19 330
26  89  58  74  -1   0   9 0.00  0.0    0 10.2 21 290   M    M   0        25 290
================================================================================
SM 2439 1560         4 320  0.03     0.0 245.7          M       18
================================================================================
AV 93.8 60.0                               9.4 FASTST   M    M   1    MAX(MPH)
                                 MISC ---->  # 28 280               # 37  320
================================================================================
NOTES:
# LAST OF SEVERAL OCCURRENCES

COLUMN 17 PEAK WIND IN M.P.H.

PRELIMINARY LOCAL CLIMATOLOGICAL DATA (WS FORM: F-6) , PAGE 2

                                          STATION:  STOCKTON AIRPORT CA
                                          MONTH:    JUNE
                                          YEAR:     2017
                                          LATITUDE:   37 54 N
                                          LONGITUDE: 121 15 W

[TEMPERATURE DATA]      [PRECIPITATION DATA]       SYMBOLS USED IN COLUMN 16

AVERAGE MONTHLY: 76.9   TOTAL FOR MONTH:   0.03    1 = FOG OR MIST
DPTR FM NORMAL:   4.8   DPTR FM NORMAL:   -0.05    2 = FOG REDUCING VISIBILITY
HIGHEST:   109 ON 22,19 GRTST 24HR  0.07 ON 31- 1      TO 1/4 MILE OR LESS
LOWEST:     47 ON 12                               3 = THUNDER
                        SNOW, ICE PELLETS, HAIL    4 = ICE PELLETS
                        TOTAL MONTH:   0.0 INCH    5 = HAIL
                        GRTST 24HR     0.0         6 = FREEZING RAIN OR DRIZZLE
                        GRTST DEPTH:   0           7 = DUSTSTORM OR SANDSTORM:
                                                       VSBY 1/2 MILE OR LESS
                                                   8 = SMOKE OR HAZE
[NO. OF DAYS WITH]      [WEATHER - DAYS WITH]      9 = BLOWING SNOW
                                                   X = TORNADO
MAX 32 OR BELOW:   0    0.01 INCH OR MORE:   1
MAX 90 OR ABOVE:  17    0.10 INCH OR MORE:   0
MIN 32 OR BELOW:   0    0.50 INCH OR MORE:   0
MIN  0 OR BELOW:   0    1.00 INCH OR MORE:   0

[HDD (BASE 65) ]
TOTAL THIS MO.     4    CLEAR  (SCALE 0-3)  24
DPTR FM NORMAL     0    PTCLDY (SCALE 4-7)   2
TOTAL FM JUL 1  2114    CLOUDY (SCALE 8-10)  0
DPTR FM NORMAL  -526

[CDD (BASE 65) ]
TOTAL THIS MO.   320
DPTR FM NORMAL   130    [PRESSURE DATA]
TOTAL FM JAN 1   483    HIGHEST SLP M ON M
DPTR FM NORMAL   174    LOWEST  SLP 29.60 ON 21

[REMARKS]
