000
CXUS53 KLMK 290800
CF6SDF
PRELIMINARY LOCAL CLIMATOLOGICAL DATA (WS FORM: F-6)

                                          STATION:   LOUISVILLE KY
                                          MONTH:     JUNE
                                          YEAR:      2015
                                          LATITUDE:   38 10 N
                                          LONGITUDE:  85 44 W

  TEMPERATURE IN F:       :PCPN:    SNOW:  WIND      :SUNSHINE: SKY     :PK WND
================================================================================
1   2   3   4   5  6A  6B    7    8   9   10  11  12  13   14  15   16   17  18
                                     12Z  AVG MX 2MIN
DY MAX MIN AVG DEP HDD CDD  WTR  SNW DPTH SPD SPD DIR MIN PSBL S-S WX    SPD DR
================================================================================

 1  64  57  61 -11   4   0 0.17  0.0    0  9.4 13  50   M    M  10 1      24  50
 2  68  57  63  -9   2   0 0.00  0.0    0  7.2 13  50   M    M  10 18     17 160
 3  72  61  67  -5   0   2 0.00  0.0    0  4.8 12 110   M    M   9        15  70
 4  84  58  71  -2   0   6 0.00  0.0    0  3.0 14 270   M    M   4 18     19 230
 5  87  61  74   1   0   9 0.00  0.0    0  3.8 13 260   M    M   6        22 270
 6  86  67  77   4   0  12 0.00  0.0    0  7.0 15 110   M    M   8        18 110
 7  90  65  78   4   0  13 0.00  0.0    0  9.7 20 220   M    M   7 18     27 220
 8  82  70  76   2   0  11 0.27  0.0    0 10.1 17 160   M    M   9 18     24 300
 9  89  68  79   5   0  14 0.00  0.0    0  6.1 17 270   M    M   4 18     20 270
10  92  65  79   5   0  14 0.00  0.0    0  5.3 14 210   M    M   2 8      18 170
11  93  70  82   7   0  17 0.00  0.0    0  7.7 16 180   M    M   5 8      20 210
12  92  76  84   9   0  19 0.00  0.0    0 11.2 20 200   M    M   5        27 240
13  90  75  83   8   0  18    T  0.0    0 10.7 21 280   M    M   6        24 280
14  92  77  85   9   0  20    T  0.0    0 10.3 18 210   M    M   6        25 220
15  94  78  86  10   0  21 0.00  0.0    0 10.5 23 250   M    M   5        30 250
16  91  74  83   7   0  18 0.43  0.0    0  9.4 21 290   M    M   7 1      25 290
17  90  73  82   6   0  17 0.95  0.0    0  6.9 33 270   M    M   8 13     50 280
18  91  72  82   6   0  17 1.41  0.0    0  5.6 31 330   M    M   8 13     39 330
19  86  72  79   2   0  14 0.12  0.0    0  5.8 30 170   M    M  10 13     46 160
20  85  72  79   2   0  14 1.20  0.0    0 11.6 22 290   M    M   8 1      30 290
21  90  72  81   4   0  16 0.06  0.0    0  9.0 18 320   M    M   8 3      25 310
22  90  70  80   3   0  15 0.14  0.0    0  8.8 20 260   M    M   7 13     25 260
23  92  77  85   7   0  20 0.00  0.0    0 12.3 20 260   M    M   7        24 250
24  88  70  79   1   0  14 0.00  0.0    0  4.7 13  10   M    M   6        22 340
25  90  69  80   2   0  15 0.82  0.0    0  6.9 35 320   M    M   8 13     42 320
26  88  69  79   1   0  14 1.06  0.0    0  6.0 41 200   M    M   9 123    57 200
27  79  64  72  -6   0   7 0.18  0.0    0 12.8 25 330   M    M   8 1      32 320
28  81  59  70  -8   0   5 0.00  0.0    0  7.7 15 280   M    M   4        20 270
================================================================================
SM 2416 1918         6 362  6.81     0.0 224.3          M      194
================================================================================
AV 86.3 68.5                               8.0 FASTST   M    M   7    MAX(MPH)
                                 MISC ---->  # 41 200               # 57  200
================================================================================
NOTES:
# LAST OF SEVERAL OCCURRENCES

COLUMN 17 PEAK WIND IN M.P.H.

PRELIMINARY LOCAL CLIMATOLOGICAL DATA (WS FORM: F-6) , PAGE 2

                                          STATION:  LOUISVILLE KY
                                          MONTH:    JUNE
                                          YEAR:     2015
                                          LATITUDE:   38 10 N
                                          LONGITUDE:  85 44 W

[TEMPERATURE DATA]      [PRECIPITATION DATA]       SYMBOLS USED IN COLUMN 16

AVERAGE MONTHLY: 77.4   TOTAL FOR MONTH:   6.81    1 = FOG OR MIST
DPTR FM NORMAL:   2.0   DPTR FM NORMAL:    3.25    2 = FOG REDUCING VISIBILITY
HIGHEST:    94 ON 15    GRTST 24HR  1.84 ON 25-26      TO 1/4 MILE OR LESS
LOWEST:     57 ON  2, 1                            3 = THUNDER
                        SNOW, ICE PELLETS, HAIL    4 = ICE PELLETS
                        TOTAL MONTH:   0.0 INCH    5 = HAIL
                        GRTST 24HR     0.0         6 = FREEZING RAIN OR DRIZZLE
                        GRTST DEPTH:   0           7 = DUSTSTORM OR SANDSTORM:
                                                       VSBY 1/2 MILE OR LESS
                                                   8 = SMOKE OR HAZE
[NO. OF DAYS WITH]      [WEATHER - DAYS WITH]      9 = BLOWING SNOW
                                                   X = TORNADO
MAX 32 OR BELOW:   0    0.01 INCH OR MORE:  12
MAX 90 OR ABOVE:  14    0.10 INCH OR MORE:  11
MIN 32 OR BELOW:   0    0.50 INCH OR MORE:   5
MIN  0 OR BELOW:   0    1.00 INCH OR MORE:   3

[HDD (BASE 65) ]
TOTAL THIS MO.     6    CLEAR  (SCALE 0-3)   1
DPTR FM NORMAL     5    PTCLDY (SCALE 4-7)  21
TOTAL FM JUL 1  4393    CLOUDY (SCALE 8-10)  6
DPTR FM NORMAL   300

[CDD (BASE 65) ]
TOTAL THIS MO.   362
DPTR FM NORMAL    66    [PRESSURE DATA]
TOTAL FM JAN 1   613    HIGHEST SLP M ON M
DPTR FM NORMAL   143    LOWEST  SLP 29.68 ON 20

[REMARKS]
