000
CXUS53 KLMK 200800
CF6SDF
PRELIMINARY LOCAL CLIMATOLOGICAL DATA (WS FORM: F-6)

                                          STATION:   LOUISVILLE KY
                                          MONTH:     OCTOBER
                                          YEAR:      2014
                                          LATITUDE:   38 10 N
                                          LONGITUDE:  85 44 W

  TEMPERATURE IN F:       :PCPN:    SNOW:  WIND      :SUNSHINE: SKY     :PK WND
================================================================================
1   2   3   4   5  6A  6B    7    8   9   10  11  12  13   14  15   16   17  18
                                     12Z  AVG MX 2MIN
DY MAX MIN AVG DEP HDD CDD  WTR  SNW DPTH SPD SPD DIR MIN PSBL S-S WX    SPD DR
================================================================================

 1  86  58  72   7   0   7 0.00  0.0    0  3.9  9 150   M    M   2        15 140
 2  88  63  76  12   0  11 0.00  0.0    0 10.6 20 200   M    M   4        26 200
 3  79  50  65   1   0   0 0.25  0.0    0 15.7 30 280   M    M   9 1      36 300
 4  60  43  52 -12  13   0 0.00  0.0    0 12.4 25 270   M    M   5        33 270
 5  67  38  53 -10  12   0 0.02  0.0    0  8.9 23 250   M    M   5 3      31 260
 6  71  53  62  -1   3   0 0.28  0.0    0  6.9 26 320   M    M   6 13     37 320
 7  76  53  65   3   0   0 0.14  0.0    0 10.8 26 260   M    M   7 1      36 230
 8  75  53  64   2   1   0 0.00  0.0    0  6.8 21 240   M    M   1        25 230
 9  72  53  63   1   2   0 0.01  0.0    0  4.1 12 350   M    M   8 1      15  20
10  61  53  57  -4   8   0 0.51  0.0    0  7.8 17 290   M    M  10 13     21 260
11  59  52  56  -5   9   0    T  0.0    0  7.2 13  50   M    M   9 1      18  60
12  72  54  63   2   2   0    T  0.0    0  7.5 15 140   M    M   8        19 150
13  79  65  72  12   0   7 0.92  0.0    0 14.1 28 230   M    M   8 13     39 170
14  70  59  65   5   0   0 0.68  0.0    0 15.1 33 130   M    M   8 1      42 150
15  59  55  57  -3   8   0 0.22  0.0    0 10.4 17 180   M    M  10 1      27 210
16  61  54  58  -1   7   0    T  0.0    0 10.4 15 270   M    M   9 1      21 240
17  75  50  63   4   2   0 0.00  0.0    0 13.4 28 240   M    M   3        33 230
18  61  50  56  -3   9   0    T  0.0    0  9.5 20 360   M    M  10        23 360
19  62  48  55  -3  10   0 0.00  0.0    0  5.6 13 140   M    M   8        15 220
================================================================================
SM 1333 1004        86  25  3.03     0.0 181.1          M      130
================================================================================
AV 70.2 52.8                               9.5 FASTST   M    M   7    MAX(MPH)
                                 MISC ---->  # 33 130               # 42  150
================================================================================
NOTES:
# LAST OF SEVERAL OCCURRENCES

COLUMN 17 PEAK WIND IN M.P.H.

PRELIMINARY LOCAL CLIMATOLOGICAL DATA (WS FORM: F-6) , PAGE 2

                                          STATION:  LOUISVILLE KY
                                          MONTH:    OCTOBER
                                          YEAR:     2014
                                          LATITUDE:   38 10 N
                                          LONGITUDE:  85 44 W

[TEMPERATURE DATA]      [PRECIPITATION DATA]       SYMBOLS USED IN COLUMN 16

AVERAGE MONTHLY: 61.5   TOTAL FOR MONTH:   3.03    1 = FOG OR MIST
DPTR FM NORMAL:   0.1   DPTR FM NORMAL:    1.03    2 = FOG REDUCING VISIBILITY
HIGHEST:    88 ON  2    GRTST 24HR  1.17 ON 13-14      TO 1/4 MILE OR LESS
LOWEST:     38 ON  5                               3 = THUNDER
                        SNOW, ICE PELLETS, HAIL    4 = ICE PELLETS
                        TOTAL MONTH:   0.0 INCH    5 = HAIL
                        GRTST 24HR     0.0         6 = FREEZING RAIN OR DRIZZLE
                        GRTST DEPTH:   0           7 = DUSTSTORM OR SANDSTORM:
                                                       VSBY 1/2 MILE OR LESS
                                                   8 = SMOKE OR HAZE
[NO. OF DAYS WITH]      [WEATHER - DAYS WITH]      9 = BLOWING SNOW
                                                   X = TORNADO
MAX 32 OR BELOW:   0    0.01 INCH OR MORE:   9
MAX 90 OR ABOVE:   0    0.10 INCH OR MORE:   7
MIN 32 OR BELOW:   0    0.50 INCH OR MORE:   3
MIN  0 OR BELOW:   0    1.00 INCH OR MORE:   0

[HDD (BASE 65) ]
TOTAL THIS MO.    86    CLEAR  (SCALE 0-3)   2
DPTR FM NORMAL   -16    PTCLDY (SCALE 4-7)   9
TOTAL FM JUL 1    99    CLOUDY (SCALE 8-10)  8
DPTR FM NORMAL   -33

[CDD (BASE 65) ]
TOTAL THIS MO.    25
DPTR FM NORMAL    -9    [PRESSURE DATA]
TOTAL FM JAN 1  1620    HIGHEST SLP M ON M
DPTR FM NORMAL    19    LOWEST  SLP 29.60 ON 14

[REMARKS]
