000
CXUS55 KPSR 261005
CF6SDL
PRELIMINARY LOCAL CLIMATOLOGICAL DATA (WS FORM: F-6)

                                          STATION:   SCOTTSDALE AZ
                                          MONTH:     FEBRUARY
                                          YEAR:      2015
                                          LATITUDE:   33 37 N
                                          LONGITUDE: 111 55 W

  TEMPERATURE IN F:       :PCPN:    SNOW:  WIND      :SUNSHINE: SKY     :PK WND
================================================================================
1   2   3   4   5  6A  6B    7    8   9   10  11  12  13   14  15   16   17  18
                                     12Z  AVG MX 2MIN
DY MAX MIN AVG DEP HDD CDD  WTR  SNW DPTH SPD SPD DIR MIN PSBL S-S WX    SPD DR
================================================================================

 1  68  47  58   2   7   0 0.00  0.0    0  1.3  8 230   M    M   1 18     10 210
 2  72  46  59   3   6   0 0.00  0.0    0  0.8  7 200   M    M   0 1       9 270
 3  74  47  61   5   4   0 0.00  0.0    0  0.9  6 170   M    M   0         9 150
 4  76  50  63   7   2   0 0.00  0.0    0  0.6  7 210   M    M   0         8 290
 5  82  49  66  10   0   1 0.00  0.0    0  1.0  6 180   M    M   0        21  90
 6  81  52  67  11   0   2 0.00  0.0    0  0.8  7 230   M    M   0        10 190
 7  78  49  64   8   1   0 0.00  0.0    0  1.1  7 200   M    M   0        12 260
 8  80  50  65   9   0   0 0.00  0.0    0  1.2  7 200   M    M   0        10 220
 9  82  50  66  10   0   1 0.00  0.0    0  0.8  6 230   M    M   0         8 320
10  80  52  66  10   0   1 0.00  0.0    0  1.8  9 250   M    M   0        14 120
11  79  52  66  10   0   1 0.00  0.0    0  7.0 25  40   M    M   0        31  40
12  76  56  66   9   0   1 0.00  0.0    0  2.9 15  90   M    M   0        20 150
13  79  56  68  11   0   3 0.00  0.0    0  3.6 15 120   M    M   0        21 120
14  83  55  69  12   0   4 0.00  0.0    0  1.6  9 140   M    M   0        13 100
15  76  61  69  12   0   4 0.00  0.0    0  2.4  9 220   M    M   0        13 250
16  75  55  65   8   0   0 0.00  0.0    0  2.6 15 230   M    M   0        18 250
17  75  52  64   7   1   0 0.00  0.0    0  2.9 13  40   M    M   0        15  20
18  77  47  62   4   3   0 0.00  0.0    0  1.2  9 250   M    M   0 8      12 220
19  77  50  64   6   1   0 0.00  0.0    0  1.0  7 220   M    M   0         9 160
20  75  51  63   5   2   0 0.00  0.0    0  0.7  8 200   M    M   0        10 140
21  76  51  64   6   1   0 0.00  0.0    0  2.0 10 200   M    M   0        14 230
22  68  52  60   2   5   0 0.00  0.0    0  2.1 10 250   M    M   2        14 250
23  65  54  60   2   5   0 0.03  0.0    0  4.5 14 170   M    M   8        21 170
24  64  48  56  -2   9   0 0.00  0.0    0  3.3 15 270   M    M   4        21 260
25  69  44  57  -2   8   0 0.00  0.0    0  1.3  9 210   M    M   0        14 220
================================================================================
SM 1887 1276        55  18  0.03     0.0  49.4          M       15
================================================================================
AV 75.5 51.0                               2.0 FASTST   M    M   1    MAX(MPH)
                                 MISC ---->  # 25  40               # 31   40
================================================================================
NOTES:
# LAST OF SEVERAL OCCURRENCES

COLUMN 17 PEAK WIND IN M.P.H.

PRELIMINARY LOCAL CLIMATOLOGICAL DATA (WS FORM: F-6) , PAGE 2

                                          STATION:  SCOTTSDALE AZ
                                          MONTH:    FEBRUARY
                                          YEAR:     2015
                                          LATITUDE:   33 37 N
                                          LONGITUDE: 111 55 W

[TEMPERATURE DATA]      [PRECIPITATION DATA]       SYMBOLS USED IN COLUMN 16

AVERAGE MONTHLY: 63.3   TOTAL FOR MONTH:   0.03    1 = FOG OR MIST
DPTR FM NORMAL:   6.3   DPTR FM NORMAL:   -1.07    2 = FOG REDUCING VISIBILITY
HIGHEST:    83 ON 14    GRTST 24HR  0.03 ON 23-23      TO 1/4 MILE OR LESS
LOWEST:     44 ON 25                               3 = THUNDER
                        SNOW, ICE PELLETS, HAIL    4 = ICE PELLETS
                        TOTAL MONTH:   0.0 INCH    5 = HAIL
                        GRTST 24HR     0.0         6 = FREEZING RAIN OR DRIZZLE
                        GRTST DEPTH:   0           7 = DUSTSTORM OR SANDSTORM:
                                                       VSBY 1/2 MILE OR LESS
                                                   8 = SMOKE OR HAZE
[NO. OF DAYS WITH]      [WEATHER - DAYS WITH]      9 = BLOWING SNOW
                                                   X = TORNADO
MAX 32 OR BELOW:   0    0.01 INCH OR MORE:   1
MAX 90 OR ABOVE:   0    0.10 INCH OR MORE:   0
MIN 32 OR BELOW:   0    0.50 INCH OR MORE:   0
MIN  0 OR BELOW:   0    1.00 INCH OR MORE:   0

[HDD (BASE 65) ]
TOTAL THIS MO.    55    CLEAR  (SCALE 0-3)  23
DPTR FM NORMAL  -149    PTCLDY (SCALE 4-7)   2
TOTAL FM JUL 1   701    CLOUDY (SCALE 8-10)  0
DPTR FM NORMAL  -324

[CDD (BASE 65) ]
TOTAL THIS MO.    18
DPTR FM NORMAL    18    [PRESSURE DATA]
TOTAL FM JAN 1    18    HIGHEST SLP M ON M
DPTR FM NORMAL    16    LOWEST  SLP 29.70 ON 21

[REMARKS]
