000
CXUS55 KPSR 251005
CF6SDL
PRELIMINARY LOCAL CLIMATOLOGICAL DATA (WS FORM: F-6)

                                          STATION:   SCOTTSDALE AZ
                                          MONTH:     NOVEMBER
                                          YEAR:      2014
                                          LATITUDE:   33 37 N
                                          LONGITUDE: 111 55 W

  TEMPERATURE IN F:       :PCPN:    SNOW:  WIND      :SUNSHINE: SKY     :PK WND
================================================================================
1   2   3   4   5  6A  6B    7    8   9   10  11  12  13   14  15   16   17  18
                                     12Z  AVG MX 2MIN
DY MAX MIN AVG DEP HDD CDD  WTR  SNW DPTH SPD SPD DIR MIN PSBL S-S WX    SPD DR
================================================================================

 1  80  66  73   5   0   8 0.00  0.0    0  3.0 12 250   M    M   2        16 270
 2  71  56  64  -4   1   0 0.00  0.0    0  4.3 14 220   M    M   5        18 250
 3  72  49  61  -6   4   0 0.00  0.0    0  2.3 14 260   M    M   0        20 230
 4  79  52  66  -1   0   1 0.00  0.0    0  8.8 23  40   M    M   0        30  40
 5  84  61  73   7   0   8 0.00  0.0    0  7.7 23  40   M    M   0        30  50
 6  83  55  69   3   0   4 0.00  0.0    0  3.3 15  80   M    M   0        21 120
 7  81  53  67   2   0   2 0.00  0.0    0  1.4  7 240   M    M   0         9 230
 8  88  53  71   6   0   6 0.00  0.0    0  1.7 12  90   M    M   0        16  90
 9  84  60  72   8   0   7 0.00  0.0    0  2.0 12 100   M    M   0        17  90
10  81  57  69   5   0   4 0.00  0.0    0  1.4  9 170   M    M   0        13 170
11  79  56  68   4   0   3 0.00  0.0    0  1.9 10 140   M    M   0 8      14 140
12  76  58  67   4   0   2 0.00  0.0    0  2.2  8 240   M    M   0 8      18  90
13  76  58  67   4   0   2 0.00  0.0    0  2.5 10 210   M    M   2 8      13 210
14  71  58  65   3   0   0 0.00  0.0    0  1.2  8 250   M    M   1        10 240
15  74  55  65   3   0   0 0.00  0.0    0  1.9 10 220   M    M   2        21 150
16  68  55  62   1   3   0 0.00  0.0    0  9.3 23  40   M    M   0        29 360
17  70  41  56  -5   9   0 0.00  0.0    0  2.8 21  40   M    M   0        23  40
18  71  41  56  -5   9   0 0.00  0.0    0  1.7  7  30   M    M   0         9 250
19  72  43  58  -2   7   0 0.00  0.0    0  1.7  7 250   M    M   0         9 260
20  71  43  57  -3   8   0 0.00  0.0    0  0.8  6 210   M    M   0        12 160
21  70  48  59   0   6   0 0.00  0.0    0  2.1 14 250   M    M   1        20 210
22  68  43  56  -3   9   0 0.00  0.0    0  0.8  8 140   M    M   0 8      21 270
23  73  47  60   2   5   0 0.00  0.0    0  2.7 13 330   M    M   0        18 330
24  72  40  56  -2   9   0 0.00  0.0    0  3.7 26  50   M    M   0        32  50
================================================================================
SM 1814 1248        70  47  0.00     0.0  71.2          M       13
================================================================================
AV 75.6 52.0                               3.0 FASTST   M    M   1    MAX(MPH)
                                 MISC ---->  # 26  50               # 32   50
================================================================================
NOTES:
# LAST OF SEVERAL OCCURRENCES

COLUMN 17 PEAK WIND IN M.P.H.

PRELIMINARY LOCAL CLIMATOLOGICAL DATA (WS FORM: F-6) , PAGE 2

                                          STATION:  SCOTTSDALE AZ
                                          MONTH:    NOVEMBER
                                          YEAR:     2014
                                          LATITUDE:   33 37 N
                                          LONGITUDE: 111 55 W

[TEMPERATURE DATA]      [PRECIPITATION DATA]       SYMBOLS USED IN COLUMN 16

AVERAGE MONTHLY: 63.8   TOTAL FOR MONTH:   0.00    1 = FOG OR MIST
DPTR FM NORMAL:   0.8   DPTR FM NORMAL:   -0.60    2 = FOG REDUCING VISIBILITY
HIGHEST:    88 ON  8    GRTST 24HR  0.00 ON 24-24      TO 1/4 MILE OR LESS
LOWEST:     40 ON 24                               3 = THUNDER
                        SNOW, ICE PELLETS, HAIL    4 = ICE PELLETS
                        TOTAL MONTH:   0.0 INCH    5 = HAIL
                        GRTST 24HR     0.0         6 = FREEZING RAIN OR DRIZZLE
                        GRTST DEPTH:   0           7 = DUSTSTORM OR SANDSTORM:
                                                       VSBY 1/2 MILE OR LESS
                                                   8 = SMOKE OR HAZE
[NO. OF DAYS WITH]      [WEATHER - DAYS WITH]      9 = BLOWING SNOW
                                                   X = TORNADO
MAX 32 OR BELOW:   0    0.01 INCH OR MORE:   0
MAX 90 OR ABOVE:   0    0.10 INCH OR MORE:   0
MIN 32 OR BELOW:   0    0.50 INCH OR MORE:   0
MIN  0 OR BELOW:   0    1.00 INCH OR MORE:   0

[HDD (BASE 65) ]
TOTAL THIS MO.    70    CLEAR  (SCALE 0-3)  23
DPTR FM NORMAL   -18    PTCLDY (SCALE 4-7)   1
TOTAL FM JUL 1    70    CLOUDY (SCALE 8-10)  0
DPTR FM NORMAL   -28

[CDD (BASE 65) ]
TOTAL THIS MO.    47
DPTR FM NORMAL    10    [PRESSURE DATA]
TOTAL FM JAN 1  4239    HIGHEST SLP M ON M
DPTR FM NORMAL   288    LOWEST  SLP 29.69 ON 10

[REMARKS]
