000
CXUS55 KPSR 251005
CF6SDL
PRELIMINARY LOCAL CLIMATOLOGICAL DATA (WS FORM: F-6)

                                          STATION:   SCOTTSDALE AZ
                                          MONTH:     OCTOBER
                                          YEAR:      2014
                                          LATITUDE:   33 37 N
                                          LONGITUDE: 111 55 W

  TEMPERATURE IN F:       :PCPN:    SNOW:  WIND      :SUNSHINE: SKY     :PK WND
================================================================================
1   2   3   4   5  6A  6B    7    8   9   10  11  12  13   14  15   16   17  18
                                     12Z  AVG MX 2MIN
DY MAX MIN AVG DEP HDD CDD  WTR  SNW DPTH SPD SPD DIR MIN PSBL S-S WX    SPD DR
================================================================================

 1  88  63  76  -4   0  11 0.00  0.0    0  1.3  9 250   M    M   0        16 250
 2  91  64  78  -2   0  13 0.00  0.0    0  1.8 13 100   M    M   0        24  80
 3  98  62  80   1   0  15 0.00  0.0    0  1.2  8  20   M    M   0        12  20
 4  96  66  81   2   0  16 0.00  0.0    0  1.3  8 220   M    M   0        22 260
 5  93  67  80   2   0  15 0.00  0.0    0  1.6  8 230   M    M   0        10 240
 6  91  66  79   1   0  14 0.00  0.0    0  1.6  7 200   M    M   0        10 190
 7  88  70  79   1   0  14    T  0.0    0  1.3  9 240   M    M   1        10 240
 8  78  68  73  -4   0   8 0.06  0.0    0  4.3 12 150   M    M  10 1      17 140
 9  81  66  74  -3   0   9 0.02  0.0    0  1.7  8 210   M    M   6 1      14 230
10  86  66  76   0   0  11 0.00  0.0    0  1.1  9 240   M    M   0        14 120
11  90  67  79   3   0  14 0.00  0.0    0  1.1  8 170   M    M   0        12 230
12  91  66  79   3   0  14 0.00  0.0    0  4.0 16 230   M    M   0        20 240
13  87  66  77   2   0  12 0.00  0.0    0  2.6  9  20   M    M   0        14  20
14  91  61  76   1   0  11 0.00  0.0    0  1.4 10 110   M    M   0        17 120
15  89  64  77   2   0  12 0.00  0.0    0  1.5  9 140   M    M   0        12 150
16  89  64  77   3   0  12 0.00  0.0    0  1.2  8 250   M    M   0        13 230
17  86  65  76   2   0  11    T  0.0    0  1.9 12 260   M    M   1        14 230
18  89  64  77   4   0  12 0.00  0.0    0  1.0  8 260   M    M   0        13 350
19  91  66  79   6   0  14    T  0.0    0  2.6 18  70   M    M   2 3      25  70
20  88  64  76   3   0  11 0.00  0.0    0  2.4 12 110   M    M   0        15 110
21  87  67  77   5   0  12 0.00  0.0    0  2.3 12 180   M    M   0        16 230
22  89  63  76   4   0  11 0.00  0.0    0  1.4  8 200   M    M   0        13 180
23  91  65  78   6   0  13 0.00  0.0    0  1.2  8 200   M    M   0        10 200
24  93  63  78   7   0  13 0.00  0.0    0  1.0  6  30   M    M   0         8 240
================================================================================
SM 2141 1563         0 298  0.08     0.0  42.8          M       20
================================================================================
AV 89.2 65.1                               1.8 FASTST   M    M   1    MAX(MPH)
                                 MISC ---->  # 18  70               # 25   70
================================================================================
NOTES:
# LAST OF SEVERAL OCCURRENCES

COLUMN 17 PEAK WIND IN M.P.H.

PRELIMINARY LOCAL CLIMATOLOGICAL DATA (WS FORM: F-6) , PAGE 2

                                          STATION:  SCOTTSDALE AZ
                                          MONTH:    OCTOBER
                                          YEAR:     2014
                                          LATITUDE:   33 37 N
                                          LONGITUDE: 111 55 W

[TEMPERATURE DATA]      [PRECIPITATION DATA]       SYMBOLS USED IN COLUMN 16

AVERAGE MONTHLY: 77.2   TOTAL FOR MONTH:   0.08    1 = FOG OR MIST
DPTR FM NORMAL:   1.6   DPTR FM NORMAL:   -0.51    2 = FOG REDUCING VISIBILITY
HIGHEST:    98 ON  3    GRTST 24HR  0.08 ON  8- 9      TO 1/4 MILE OR LESS
LOWEST:     61 ON 14                               3 = THUNDER
                        SNOW, ICE PELLETS, HAIL    4 = ICE PELLETS
                        TOTAL MONTH:   0.0 INCH    5 = HAIL
                        GRTST 24HR     0.0         6 = FREEZING RAIN OR DRIZZLE
                        GRTST DEPTH:   0           7 = DUSTSTORM OR SANDSTORM:
                                                       VSBY 1/2 MILE OR LESS
                                                   8 = SMOKE OR HAZE
[NO. OF DAYS WITH]      [WEATHER - DAYS WITH]      9 = BLOWING SNOW
                                                   X = TORNADO
MAX 32 OR BELOW:   0    0.01 INCH OR MORE:   2
MAX 90 OR ABOVE:  11    0.10 INCH OR MORE:   0
MIN 32 OR BELOW:   0    0.50 INCH OR MORE:   0
MIN  0 OR BELOW:   0    1.00 INCH OR MORE:   0

[HDD (BASE 65) ]
TOTAL THIS MO.     0    CLEAR  (SCALE 0-3)  22
DPTR FM NORMAL    -1    PTCLDY (SCALE 4-7)   1
TOTAL FM JUL 1     0    CLOUDY (SCALE 8-10)  1
DPTR FM NORMAL    -1

[CDD (BASE 65) ]
TOTAL THIS MO.   298
DPTR FM NORMAL    40    [PRESSURE DATA]
TOTAL FM JAN 1  4110    HIGHEST SLP M ON M
DPTR FM NORMAL   233    LOWEST  SLP 29.67 ON 19

[REMARKS]
