000
CXUS56 KSGX 311445
CF6SDM
PRELIMINARY LOCAL CLIMATOLOGICAL DATA (WS FORM: F-6)

                                          STATION:   SAN DIEGO/BROWN
                                          MONTH:     AUGUST
                                          YEAR:      2015
                                          LATITUDE:   32 34 N
                                          LONGITUDE: 116 59 W

  TEMPERATURE IN F:       :PCPN:    SNOW:  WIND      :SUNSHINE: SKY     :PK WND
================================================================================
1   2   3   4   5  6A  6B    7    8   9   10  11  12  13   14  15   16   17  18
                                     12Z  AVG MX 2MIN
DY MAX MIN AVG DEP HDD CDD  WTR  SNW DPTH SPD SPD DIR MIN PSBL S-S WX    SPD DR
================================================================================

 1  79  66  73   3   0   8 0.00  0.0    0  4.1 14 270   M    M   6        19 280
 2  79  66  73   3   0   8 0.00  0.0    0  4.1 13 280   M    M   7 1      21 290
 3  81  63  72   2   0   7 0.00  0.0    0  4.1 14 270   M    M   4 18     20 270
 4  84  63  74   4   0   9 0.00  0.0    M  5.0 15 270   M    M   M 18     19 290
 5  89  63  76   6   0  11 0.00  0.0    0  4.3 14 270   M    M   0 1      21 290
 6  81  64  73   3   0   8 0.00  0.0    0  4.6 14 270   M    M   1 1      20 280
 7  78  64  71   0   0   6 0.00  0.0    0  5.4 14 270   M    M   5        22 260
 8  77  63  70  -1   0   5 0.00  0.0    0  4.9 14 270   M    M   4        20 280
 9  76  63  70  -1   0   5 0.00  0.0    0  4.3 15 260   M    M   5        22 270
10  77  63  70  -1   0   5 0.00  0.0    0  4.1 13 270   M    M   5        20 300
11  78  64  71   0   0   6 0.00  0.0    0  4.8 13 270   M    M   4        20 260
12  82  61  72   1   0   7 0.00  0.0    0  5.5 15 280   M    M   0 1      19 270
13  86  64  75   4   0  10 0.00  0.0    0  3.8 14 280   M    M   0 1      18 280
14  88  64  76   5   0  11 0.00  0.0    0  4.6 14 270   M    M   0 1      16 290
15  93  66  80   9   0  15 0.00  0.0    0  4.0 15 270   M    M   0 1      20 280
16  93  66  80   9   0  15 0.00  0.0    0  4.1 14 280   M    M   0 12     17 280
17  87  67  77   6   0  12 0.00  0.0    0  4.4 14 210   M    M   3 128    22 200
18  82  67  75   4   0  10 0.00  0.0    0  4.5 14 280   M    M   4 18     17 270
19  79  64  72   1   0   7 0.00  0.0    0  4.3 13 280   M    M   4 18     20 300
20  78  65  72   1   0   7 0.00  0.0    0  5.8 14 250   M    M   5        20 250
21  78  64  71   0   0   6 0.00  0.0    0  5.0 14 270   M    M   5        19 280
22  78  64  71   0   0   6 0.00  0.0    0  5.1 13 270   M    M   5        18 260
23  81  66  74   3   0   9 0.00  0.0    0  3.8 13 280   M    M   7        21 270
24  81  64  73   2   0   8 0.00  0.0    0  3.9 12 270   M    M   2 18     17 270
25  87  68  78   7   0  13    T  0.0    0  3.0 10 280   M    M   2 138    16 310
26  87  69  78   7   0  13 0.00  0.0    0  3.9 12 280   M    M   2 128    16 300
27  91  69  80   9   0  15 0.00  0.0    0  3.6 13 270   M    M   0 18     17 270
28  94  69  82  11   0  17 0.00  0.0    0  3.5 14 270   M    M   0 12     18 270
29  90  68  79   8   0  14 0.00  0.0    0  4.1 13 270   M    M   1 128    17 260
30  84  65  75   4   0  10 0.00  0.0    0  4.5 14 280   M    M   0 1      19 280
================================================================================
SM 2498 1952         0 283    T      0.0 131.1          M       81
================================================================================
AV 83.3 65.1                               4.4 FASTST   M    M   3    MAX(MPH)
                                 MISC ---->  # 15 270               # 22  260
================================================================================
NOTES:
# LAST OF SEVERAL OCCURRENCES

COLUMN 17 PEAK WIND IN M.P.H.

PRELIMINARY LOCAL CLIMATOLOGICAL DATA (WS FORM: F-6) , PAGE 2

                                          STATION:  SAN DIEGO/BROWN
                                          MONTH:    AUGUST
                                          YEAR:     2015
                                          LATITUDE:   32 34 N
                                          LONGITUDE: 116 59 W

[TEMPERATURE DATA]      [PRECIPITATION DATA]       SYMBOLS USED IN COLUMN 16

AVERAGE MONTHLY: 74.2   TOTAL FOR MONTH:      T    1 = FOG OR MIST
DPTR FM NORMAL:   3.4   DPTR FM NORMAL:   -0.09    2 = FOG REDUCING VISIBILITY
HIGHEST:    94 ON 28    GRTST 24HR    T  ON 25-25      TO 1/4 MILE OR LESS
LOWEST:     61 ON 12                               3 = THUNDER
                        SNOW, ICE PELLETS, HAIL    4 = ICE PELLETS
                        TOTAL MONTH:   0.0 INCH    5 = HAIL
                        GRTST 24HR     0.0         6 = FREEZING RAIN OR DRIZZLE
                        GRTST DEPTH:   0           7 = DUSTSTORM OR SANDSTORM:
                                                       VSBY 1/2 MILE OR LESS
                                                   8 = SMOKE OR HAZE
[NO. OF DAYS WITH]      [WEATHER - DAYS WITH]      9 = BLOWING SNOW
                                                   X = TORNADO
MAX 32 OR BELOW:   0    0.01 INCH OR MORE:   0
MAX 90 OR ABOVE:   5    0.10 INCH OR MORE:   0
MIN 32 OR BELOW:   0    0.50 INCH OR MORE:   0
MIN  0 OR BELOW:   0    1.00 INCH OR MORE:   0

[HDD (BASE 65) ]
TOTAL THIS MO.     0    CLEAR  (SCALE 0-3)  15
DPTR FM NORMAL     0    PTCLDY (SCALE 4-7)  14
TOTAL FM JUL 1     0    CLOUDY (SCALE 8-10)  0
DPTR FM NORMAL    -3

[CDD (BASE 65) ]
TOTAL THIS MO.   283
DPTR FM NORMAL   108    [PRESSURE DATA]
TOTAL FM JAN 1   720    HIGHEST SLP M ON M
DPTR FM NORMAL   332    LOWEST  SLP 29.79 ON 16

[REMARKS]
