381
CXUS54 KFWD 220730
CF6SEP
PRELIMINARY LOCAL CLIMATOLOGICAL DATA (WS FORM: F-6)

                                          STATION:   STEPHENVILLE
                                          MONTH:     SEPTEMBER
                                          YEAR:      2017
                                          LATITUDE:   32 13 N
                                          LONGITUDE:  98 11 W

  TEMPERATURE IN F:       :PCPN:    SNOW:  WIND      :SUNSHINE: SKY     :PK WND
================================================================================
1   2   3   4   5  6A  6B    7    8   9   10  11  12  13   14  15   16   17  18
                                     12Z  AVG MX 2MIN
DY MAX MIN AVG DEP HDD CDD  WTR  SNW DPTH SPD SPD DIR MIN PSBL S-S WX    SPD DR
================================================================================

 1  88  62  75  -5   0  10 0.00  0.0    0  0.3  4  80   M    M   0         M  M
 2  93  64  79  -1   0  14 0.00  0.0    0  2.7  9 250   M    M   1         M  M
 3  91  67  79  -1   0  14 0.00  0.0    0  1.4  8 160   M    M   0         M  M
 4  92  66  79   0   0  14 0.00  0.0    0  2.4  8 150   M    M   0         M  M
 5  92  67  80   1   0  15 0.00  0.0    0  6.2 14 270   M    M   1        18  20
 6  84  60  72  -6   0   7 0.00  0.0    0  5.0 13  30   M    M   2        17  40
 7  84  53  69  -9   0   4 0.00  0.0    0  3.1  8 120   M    M   0         M  M
 8  83  55  69  -9   0   4 0.00  0.0    0  3.7 13 120   M    M   0        20 120
 9  85  56  71  -7   0   6 0.00  0.0    0  2.9  8 100   M    M   0        16  80
10  84  59  72  -5   0   7 0.00  0.0    0  3.0 10  90   M    M   0         M  M
11  85  56  71  -6   0   6 0.00  0.0    0  2.2  9 360   M    M   1         9  40
12  88  55  72  -4   0   7 0.00  0.0    0  2.9 10 340   M    M   0        24  10
13  92  56  74  -2   0   9 0.00  0.0    0  1.5  6 110   M    M   0         M  M
14  98  64  81   5   0  16 0.00  0.0    0  5.8 12 150   M    M   0        18 150
15  94  69  82   7   0  17 0.00  0.0    0  8.2 12 130   M    M   0        17 200
16  96  69  83   8   0  18 0.00  0.0    0  7.1 13 190   M    M   0        18 190
17  93  69  81   6   0  16 0.00  0.0    0  4.5  8 200   M    M   0         M  M
18  94  65  80   6   0  15 0.00  0.0    0  3.2  7 140   M    M   1         M  M
19  97  72  85  11   0  20 0.00  0.0    0  7.1 15 170   M    M   1        25 170
20  98  73  86  12   0  21 0.00  0.0    0  9.8 15 180   M    M   1        23 170
21  95  74  85  12   0  20 0.00  0.0    0  9.0 13 160   M    M   1        20 180
================================================================================
SM 1906 1331         0 260  0.00     0.0  92.0          M        9
================================================================================
AV 90.8 63.4                               4.4 FASTST   M    M   0    MAX(MPH)
                                 MISC ---->  # 15 170                 25    M
================================================================================
NOTES:
# LAST OF SEVERAL OCCURRENCES

COLUMN 17 PEAK WIND IN M.P.H.

PRELIMINARY LOCAL CLIMATOLOGICAL DATA (WS FORM: F-6) , PAGE 2

                                          STATION:  STEPHENVILLE
                                          MONTH:    SEPTEMBER
                                          YEAR:     2017
                                          LATITUDE:   32 13 N
                                          LONGITUDE:  98 11 W

[TEMPERATURE DATA]      [PRECIPITATION DATA]       SYMBOLS USED IN COLUMN 16

AVERAGE MONTHLY: 77.1   TOTAL FOR MONTH:   0.00    1 = FOG OR MIST
DPTR FM NORMAL:   0.3   DPTR FM NORMAL:   -2.23    2 = FOG REDUCING VISIBILITY
HIGHEST:    98 ON 20,14 GRTST 24HR  0.00 ON 21-21      TO 1/4 MILE OR LESS
LOWEST:     53 ON  7                               3 = THUNDER
                        SNOW, ICE PELLETS, HAIL    4 = ICE PELLETS
                        TOTAL MONTH:   0.0 INCH    5 = HAIL
                        GRTST 24HR     0.0         6 = FREEZING RAIN OR DRIZZLE
                        GRTST DEPTH:   0           7 = DUSTSTORM OR SANDSTORM:
                                                       VSBY 1/2 MILE OR LESS
                                                   8 = SMOKE OR HAZE
[NO. OF DAYS WITH]      [WEATHER - DAYS WITH]      9 = BLOWING SNOW
                                                   X = TORNADO
MAX 32 OR BELOW:   0    0.01 INCH OR MORE:   0
MAX 90 OR ABOVE:  13    0.10 INCH OR MORE:   0
MIN 32 OR BELOW:   0    0.50 INCH OR MORE:   0
MIN  0 OR BELOW:   0    1.00 INCH OR MORE:   0

[HDD (BASE 65) ]
TOTAL THIS MO.     0    CLEAR  (SCALE 0-3)  21
DPTR FM NORMAL    -2    PTCLDY (SCALE 4-7)   0
TOTAL FM JUL 1     0    CLOUDY (SCALE 8-10)  0
DPTR FM NORMAL    -2

[CDD (BASE 65) ]
TOTAL THIS MO.   260
DPTR FM NORMAL     9    [PRESSURE DATA]
TOTAL FM JAN 1  2203    HIGHEST SLP M ON M
DPTR FM NORMAL   142    LOWEST  SLP M ON M

[REMARKS]
