000
CXUS56 KMTR 301000
CF6SFO
PRELIMINARY LOCAL CLIMATOLOGICAL DATA (WS FORM: F-6)

                                          STATION:   SAN FRANCISCO AIRPORT
                                          MONTH:     MARCH
                                          YEAR:      2017
                                          LATITUDE:   37 37 N
                                          LONGITUDE: 122 23 W

  TEMPERATURE IN F:       :PCPN:    SNOW:  WIND      :SUNSHINE: SKY     :PK WND
================================================================================
1   2   3   4   5  6A  6B    7    8   9   10  11  12  13   14  15   16   17  18
                                     12Z  AVG MX 2MIN
DY MAX MIN AVG DEP HDD CDD  WTR  SNW DPTH SPD SPD DIR MIN PSBL S-S WX    SPD DR
================================================================================

 1  62  43  53  -1  12   0 0.00  0.0    0  6.6 20 280   M    M   1        22 280
 2  66  43  55   1  10   0 0.00  0.0    0  6.7 22 280   M    M   1        25 290
 3  62  44  53  -1  12   0 0.00  0.0    0 10.2 25 270   M    M   4        30 280
 4  61  51  56   2   9   0 0.54  0.0    0 11.5 26 180   M    M   9 18     33 180
 5  53  42  48  -6  17   0 0.29    M    0 16.1 32 290   M    M   7 13     39 280
 6  56  43  50  -4  15   0 0.28    M    0  6.8 15 140   M    M   6 13     18 240
 7  59  42  51  -3  14   0 0.00  0.0    0  4.8 16 290   M    M   4        20 290
 8  64  46  55   1  10   0 0.00  0.0    0  8.1 24 280   M    M   2        27 280
 9  67  50  59   4   6   0 0.00  0.0    0  9.3 23 280   M    M   4 128    27 260
10  67  52  60   5   5   0 0.00  0.0    0  8.7 22 290   M    M   6        25 270
11  65  50  58   3   7   0 0.00  0.0    0 12.5 28 280   M    M   4        31 270
12  70  48  59   4   6   0 0.00  0.0    0  8.5 26 270   M    M   1        29 270
13  77  48  63   8   2   0 0.00  0.0    0  4.0 15 280   M    M   1        16 280
14  76  54  65  10   0   0 0.00  0.0    0  7.2 22 290   M    M   2        24 300
15  62  52  57   2   8   0 0.00  0.0    0 10.2 26 290   M    M   6        30 290
16  65  51  58   3   7   0 0.00  0.0    0  8.5 26 270   M    M   7 1      30 270
17  71  48  60   5   5   0 0.00  0.0    0  6.9 20 280   M    M   3        23 280
18  69  53  61   6   4   0 0.00  0.0    0  6.3 18 320   M    M   5        20 320
19  63  54  59   4   6   0 0.00  0.0    0  6.4 17 290   M    M   8        21 290
20  62  55  59   4   6   0 0.52  0.0    0 11.2 22 170   M    M   8 18     28 160
21  65  57  61   6   4   0 0.28  0.0    0 11.5 22 220   M    M   7 18     27 220
22  59  52  56   1   9   0 0.27  0.0    0 15.7 26 270   M    M   7 1      31 280
23  61  50  56   1   9   0 0.00  0.0    0 10.9 20 250   M    M   5        24 280
24  58  53  56   1   9   0 0.75  0.0    0  7.6 21 140   M    M  10 1      29 140
25  61  52  57   2   8   0 0.00  0.0    0 10.5 23 270   M    M   5        27 270
26  63  52  58   3   7   0 0.02  0.0    0  9.7 21 190   M    M   7 1      26 180
27  61  51  56   1   9   0 0.00  0.0    0 16.3 30 290   M    M   3        36 290
28  68  48  58   2   7   0 0.00  0.0    0 13.6 29 280   M    M   2        34 270
29  65  53  59   3   6   0 0.00  0.0    0 14.8 35 270   M    M   3 1      40 270
================================================================================
SM 1858 1437       229   0  2.95     0.0 281.1          M      138
================================================================================
AV 64.1 49.6                               9.7 FASTST   M    M   5    MAX(MPH)
                                 MISC ---->  # 35 270               # 40  270
================================================================================
NOTES:
# LAST OF SEVERAL OCCURRENCES

COLUMN 17 PEAK WIND IN M.P.H.

PRELIMINARY LOCAL CLIMATOLOGICAL DATA (WS FORM: F-6) , PAGE 2

                                          STATION:  SAN FRANCISCO AIRPORT
                                          MONTH:    MARCH
                                          YEAR:     2017
                                          LATITUDE:   37 37 N
                                          LONGITUDE: 122 23 W

[TEMPERATURE DATA]      [PRECIPITATION DATA]       SYMBOLS USED IN COLUMN 16

AVERAGE MONTHLY: 56.8   TOTAL FOR MONTH:   2.95    1 = FOG OR MIST
DPTR FM NORMAL:   2.0   DPTR FM NORMAL:    0.13    2 = FOG REDUCING VISIBILITY
HIGHEST:    77 ON 13    GRTST 24HR  0.75 ON 24-24      TO 1/4 MILE OR LESS
LOWEST:     42 ON  7, 5                            3 = THUNDER
                        SNOW, ICE PELLETS, HAIL    4 = ICE PELLETS
                        TOTAL MONTH:   0.0 INCH    5 = HAIL
                        GRTST 24HR     0.0         6 = FREEZING RAIN OR DRIZZLE
                        GRTST DEPTH:   0           7 = DUSTSTORM OR SANDSTORM:
                                                       VSBY 1/2 MILE OR LESS
                                                   8 = SMOKE OR HAZE
[NO. OF DAYS WITH]      [WEATHER - DAYS WITH]      9 = BLOWING SNOW
                                                   X = TORNADO
MAX 32 OR BELOW:   0    0.01 INCH OR MORE:   8
MAX 90 OR ABOVE:   0    0.10 INCH OR MORE:   7
MIN 32 OR BELOW:   0    0.50 INCH OR MORE:   3
MIN  0 OR BELOW:   0    1.00 INCH OR MORE:   0

[HDD (BASE 65) ]
TOTAL THIS MO.   229    CLEAR  (SCALE 0-3)   8
DPTR FM NORMAL   -68    PTCLDY (SCALE 4-7)  18
TOTAL FM JUL 1  1806    CLOUDY (SCALE 8-10)  3
DPTR FM NORMAL  -297

[CDD (BASE 65) ]
TOTAL THIS MO.     0
DPTR FM NORMAL     0    [PRESSURE DATA]
TOTAL FM JAN 1     0    HIGHEST SLP M ON M
DPTR FM NORMAL     0    LOWEST  SLP 29.82 ON  5

[REMARKS]
