000
CXUS53 KSGF 160800
CF6SGF
PRELIMINARY LOCAL CLIMATOLOGICAL DATA (WS FORM: F-6)

                                          STATION:   SPRINGFIELD MO
                                          MONTH:     APRIL
                                          YEAR:      2014
                                          LATITUDE:   37 13 N
                                          LONGITUDE:  93 23 W

  TEMPERATURE IN F:       :PCPN:    SNOW:  WIND      :SUNSHINE: SKY     :PK WND
================================================================================
1   2   3   4   5  6A  6B    7    8   9   10  11  12  13   14  15   16   17  18
                                     12Z  AVG MX 2MIN
DY MAX MIN AVG DEP HDD CDD  WTR  SNW DPTH SPD SPD DIR MIN PSBL S-S WX    SPD DR
================================================================================

 1  59  37  48  -3  17   0    T    M    0  8.6 15  80   M    M   6 3      17  80
 2  74  52  63  11   2   0 0.02  0.0    0 13.3 23 150   M    M   9 1      29 160
 3  81  48  65  13   0   0 0.15  0.0    0 18.3 36 190   M    M   6 3      48 200
 4  49  31  40 -12  25   0 0.00  0.0    0 12.8 29 290   M    M   8        39 290
 5  59  26  43  -9  22   0 0.00  0.0    0  5.1 15 160   M    M   0        19 160
 6  59  44  52  -1  13   0 0.04  0.0    0  8.4 17 140   M    M   4        21 120
 7  64  44  54   1  11   0 0.24    M    0  8.0 21 340   M    M   7 1      25 310
 8  60  39  50  -3  15   0    T    M    0 12.0 37 340   M    M   3        43 340
 9  71  33  52  -2  13   0 0.00  0.0    0  9.6 20 190   M    M   0        24 200
10  81  53  67  13   0   2 0.00  0.0    0 13.7 33 220   M    M   1        43 220
11  77  50  64  10   1   0 0.00  0.0    0  7.2 15 160   M    M   1        19 150
12  80  59  70  15   0   5 0.00  0.0    0 16.5 26 170   M    M   2        34 190
13  71  46  59   4   6   0 0.39  0.0    0 15.6 33 160   M    M   5 13     43 170
14  46  29  38 -17  27   0    T    T    0 15.6 26 330   M    M   8 18     33 330
15  54  25  40 -16  25   0 0.00  0.0    0  4.3 14 360   M    M   1        20 360
================================================================================
SM  985  616       177   7  0.84    T    169.0          M       61
================================================================================
AV 65.7 41.1                              11.3 FASTST   M    M   4    MAX(MPH)
                                 MISC ---->  # 37 340               # 48  200
================================================================================
NOTES:
# LAST OF SEVERAL OCCURRENCES

COLUMN 17 PEAK WIND IN M.P.H.

PRELIMINARY LOCAL CLIMATOLOGICAL DATA (WS FORM: F-6) , PAGE 2

                                          STATION:  SPRINGFIELD MO
                                          MONTH:    APRIL
                                          YEAR:     2014
                                          LATITUDE:   37 13 N
                                          LONGITUDE:  93 23 W

[TEMPERATURE DATA]      [PRECIPITATION DATA]       SYMBOLS USED IN COLUMN 16

AVERAGE MONTHLY: 53.4   TOTAL FOR MONTH:   0.84    1 = FOG OR MIST
DPTR FM NORMAL:  -0.0   DPTR FM NORMAL:   -1.10    2 = FOG REDUCING VISIBILITY
HIGHEST:    81 ON 10, 3 GRTST 24HR  0.39 ON 12-13      TO 1/4 MILE OR LESS
LOWEST:     25 ON 15                               3 = THUNDER
                        SNOW, ICE PELLETS, HAIL    4 = ICE PELLETS
                        TOTAL MONTH:    T          5 = HAIL
                        GRTST 24HR    T  ON 14-14  6 = FREEZING RAIN OR DRIZZLE
                        GRTST DEPTH:   0           7 = DUSTSTORM OR SANDSTORM:
                                                       VSBY 1/2 MILE OR LESS
                                                   8 = SMOKE OR HAZE
[NO. OF DAYS WITH]      [WEATHER - DAYS WITH]      9 = BLOWING SNOW
                                                   X = TORNADO
MAX 32 OR BELOW:   0    0.01 INCH OR MORE:   5
MAX 90 OR ABOVE:   0    0.10 INCH OR MORE:   3
MIN 32 OR BELOW:   4    0.50 INCH OR MORE:   0
MIN  0 OR BELOW:   0    1.00 INCH OR MORE:   0

[HDD (BASE 65) ]
TOTAL THIS MO.   177    CLEAR  (SCALE 0-3)   6
DPTR FM NORMAL    -5    PTCLDY (SCALE 4-7)   8
TOTAL FM JUL 1  4813    CLOUDY (SCALE 8-10)  1
DPTR FM NORMAL   457

[CDD (BASE 65) ]
TOTAL THIS MO.     7
DPTR FM NORMAL    -1    [PRESSURE DATA]
TOTAL FM JAN 1     7    HIGHEST SLP M ON M
DPTR FM NORMAL    -4    LOWEST  SLP 29.49 ON 13

[REMARKS]
