000
CXUS54 KHGX 181415
CF6SGR
PRELIMINARY LOCAL CLIMATOLOGICAL DATA (WS FORM: F-6)

                                          STATION:   SUGARLAND/HULL FLD
                                          MONTH:     APRIL
                                          YEAR:      2014
                                          LATITUDE:   29 37 N
                                          LONGITUDE:  95 39 W

  TEMPERATURE IN F:       :PCPN:    SNOW:  WIND      :SUNSHINE: SKY     :PK WND
================================================================================
1   2   3   4   5  6A  6B    7    8   9   10  11  12  13   14  15   16   17  18
                                     12Z  AVG MX 2MIN
DY MAX MIN AVG DEP HDD CDD  WTR  SNW DPTH SPD SPD DIR MIN PSBL S-S WX    SPD DR
================================================================================

 1  84  67  76  11   0  11    T  0.0    0 11.7 23 170   M    M   8 1      28 170
 2  84  71  78  13   0  13    T  0.0    0 15.4 26 160   M    M   9 18     33 180
 3  78  73  76  10   0  11    T  0.0    0 13.6 23 170   M    M  10 1      29 190
 4  76  59  68   2   0   3 0.01  0.0    0 13.5 24  30   M    M   3 1      30  20
 5  73  60  67   1   0   2    T  0.0    0 11.3 20 110   M    M   7        26 110
 6  69  55  62  -4   3   0 0.04  0.0    0 10.3 21 340   M    M  10 1      25 340
 7  73  51  62  -4   3   0    T  0.0    0  8.6 16 350   M    M   4        21 360
 8  74  47  61  -6   4   0    T  0.0    0 11.0 28 310   M    M   0        42 320
 9  82  44  63  -4   2   0 0.00  0.0    0  5.3 18 190   M    M   0        21 190
10  82  55  69   2   0   4 0.00  0.0    0 13.5 26 170   M    M   0        30 170
11  82  61  72   4   0   7 0.00  0.0    0 11.3 22 160   M    M   5        27 170
12  84  66  75   7   0  10 0.00  0.0    0 13.3 24 150   M    M   7        29 150
13  80  69  75   7   0  10    T  0.0    0 14.6 22 170   M    M  10        27 160
14  77  48  63  -5   2   0 1.29    M    0 14.5 32 340   M    M   8 3      38 330
15  65  39  52 -17  13   0 0.00  0.0    0  9.4 28  30   M    M   0        33  20
16  69  40  55 -14  10   0 0.00    M    0  9.0 20 150   M    M   2        25 140
17  70  59  65  -4   0   0 0.03  0.0    0  8.2 17  70   M    M   8 3      22  70
================================================================================
SM 1302  964        37  71  1.37     0.0 194.5          M       91
================================================================================
AV 76.6 56.7                              11.4 FASTST   M    M   5    MAX(MPH)
                                 MISC ---->  # 32 340               # 42  320
================================================================================
NOTES:
# LAST OF SEVERAL OCCURRENCES

COLUMN 17 PEAK WIND IN M.P.H.

PRELIMINARY LOCAL CLIMATOLOGICAL DATA (WS FORM: F-6) , PAGE 2

                                          STATION:  SUGARLAND/HULL FLD
                                          MONTH:    APRIL
                                          YEAR:     2014
                                          LATITUDE:   29 37 N
                                          LONGITUDE:  95 39 W

[TEMPERATURE DATA]      [PRECIPITATION DATA]       SYMBOLS USED IN COLUMN 16

AVERAGE MONTHLY: 66.6   TOTAL FOR MONTH:   1.37    1 = FOG OR MIST
DPTR FM NORMAL:  -0.4   DPTR FM NORMAL:   -0.63    2 = FOG REDUCING VISIBILITY
HIGHEST:    84 ON 12, 2 GRTST 24HR  1.29 ON 14-14      TO 1/4 MILE OR LESS
LOWEST:     39 ON 15                               3 = THUNDER
                        SNOW, ICE PELLETS, HAIL    4 = ICE PELLETS
                        TOTAL MONTH:   0.0 INCH    5 = HAIL
                        GRTST 24HR     0.0         6 = FREEZING RAIN OR DRIZZLE
                        GRTST DEPTH:   0           7 = DUSTSTORM OR SANDSTORM:
                                                       VSBY 1/2 MILE OR LESS
                                                   8 = SMOKE OR HAZE
[NO. OF DAYS WITH]      [WEATHER - DAYS WITH]      9 = BLOWING SNOW
                                                   X = TORNADO
MAX 32 OR BELOW:   0    0.01 INCH OR MORE:   4
MAX 90 OR ABOVE:   0    0.10 INCH OR MORE:   1
MIN 32 OR BELOW:   0    0.50 INCH OR MORE:   1
MIN  0 OR BELOW:   0    1.00 INCH OR MORE:   1

[HDD (BASE 65) ]
TOTAL THIS MO.    37    CLEAR  (SCALE 0-3)   6
DPTR FM NORMAL     3    PTCLDY (SCALE 4-7)   5
TOTAL FM JUL 1  1637    CLOUDY (SCALE 8-10)  6
DPTR FM NORMAL   224

[CDD (BASE 65) ]
TOTAL THIS MO.    71
DPTR FM NORMAL     2    [PRESSURE DATA]
TOTAL FM JAN 1   154    HIGHEST SLP M ON M
DPTR FM NORMAL    -4    LOWEST  SLP 29.65 ON 13

[REMARKS]
