000
CXUS55 KBYZ 271055
CF6SHR
PRELIMINARY LOCAL CLIMATOLOGICAL DATA (WS FORM: F-6)

                                          STATION:   SHERIDAN WY
                                          MONTH:     DECEMBER
                                          YEAR:      2014
                                          LATITUDE:   44 46 N
                                          LONGITUDE: 106 58 W

  TEMPERATURE IN F:       :PCPN:    SNOW:  WIND      :SUNSHINE: SKY     :PK WND
================================================================================
1   2   3   4   5  6A  6B    7    8   9   10  11  12  13   14  15   16   17  18
                                     12Z  AVG MX 2MIN
DY MAX MIN AVG DEP HDD CDD  WTR  SNW DPTH SPD SPD DIR MIN PSBL S-S WX    SPD DR
================================================================================

 1  22 -14   4 -22  61   0 0.00    M    M  2.8 16 280   M    M   0 18     18 290
 2  35   9  22  -3  43   0 0.00    M    M  5.6 18 320   M    M   3        24 330
 3  24   4  14 -11  51   0 0.00    M    M  2.9  9 330   M    M   0        10 330
 4  40  11  26   2  39   0 0.00    M    M  2.8 22 240   M    M   3        30 220
 5  48  24  36  12  29   0 0.00    M    M  2.4  7 330   M    M   4         8 320
 6  44  21  33   9  32   0 0.00    M    M  3.3 28 200   M    M   1 1      29 200
 7  49  23  36  12  29   0 0.00    M    M  8.0 31 320   M    M   2        38 330
 8  45  20  33  10  32   0 0.00    M    M  2.0  8 320   M    M   0         9 320
 9  60  23  42  19  23   0 0.00    M    M  3.7 12 200   M    M   0        12 200
10  54  26  40  17  25   0 0.00    M    M  2.9 10 200   M    M   0        11 190
11  48  23  36  13  29   0 0.00    M    M  3.5 10 190   M    M   0        31 210
12  45  33  39  16  26   0 0.00    M    M  4.4 14 310   M    M   0        15 220
13  50  33  42  20  23   0    T    M    M  5.3 21 310   M    M   1        26 300
14  40  29  35  13  30   0 0.14    M    M 18.8 26 310   M    M  10 18     32 320
15  29  21  25   3  40   0 0.15    M    M  9.1 26 320   M    M  10 1      30 320
16  21  16  19  -3  46   0 0.00    M    M  3.9 12 190   M    M  10 1      13 190
17  26  13  20  -2  45   0 0.00    M    M  1.9  8 190   M    M   5 128     9 190
18  41  10  26   4  39   0 0.00    M    M  2.4  9 190   M    M   0        10 190
19  45  16  31   9  34   0 0.00    M    M  1.8  7 200   M    M   2         9 330
20  45  20  33  11  32   0 0.00    M    M  2.7  9 250   M    M   3        11  10
21  48  20  34  12  31   0 0.01    M    M 12.4 41 330   M    M   6        53 320
22  39  32  36  14  29   0    T    M    M 23.9 36 310   M    M   8        42 320
23  38  20  29   7  36   0    T    M    M 13.9 31 310   M    M   4        37 310
24  40  17  29   7  36   0    T    M    M  3.3 13 280   M    M   5 1      16 290
25  34  19  27   5  38   0 0.37    M    M  9.7 20 310   M    M  10 128    22 320
26  21   4  13  -9  52   0 0.00    M    M  2.6 16 300   M    M   5        18 290
================================================================================
SM 1031  473       930   0  0.67    M    156.0          M       92
================================================================================
AV 39.7 18.2                               6.0 FASTST   M    M   4    MAX(MPH)
                                 MISC ---->  # 41 330               # 53  320
================================================================================
NOTES:
# LAST OF SEVERAL OCCURRENCES

COLUMN 17 PEAK WIND IN M.P.H.

PRELIMINARY LOCAL CLIMATOLOGICAL DATA (WS FORM: F-6) , PAGE 2

                                          STATION:  SHERIDAN WY
                                          MONTH:    DECEMBER
                                          YEAR:     2014
                                          LATITUDE:   44 46 N
                                          LONGITUDE: 106 58 W

[TEMPERATURE DATA]      [PRECIPITATION DATA]       SYMBOLS USED IN COLUMN 16

AVERAGE MONTHLY: 28.9   TOTAL FOR MONTH:   0.67    1 = FOG OR MIST
DPTR FM NORMAL:   6.0   DPTR FM NORMAL:    0.19    2 = FOG REDUCING VISIBILITY
HIGHEST:    60 ON  9    GRTST 24HR  0.37 ON 25-25      TO 1/4 MILE OR LESS
LOWEST:    -14 ON  1                               3 = THUNDER
                        SNOW, ICE PELLETS, HAIL    4 = ICE PELLETS
                        TOTAL MONTH:    M          5 = HAIL
                        GRTST 24HR    M  ON   M    6 = FREEZING RAIN OR DRIZZLE
                        GRTST DEPTH:  M  ON   M    7 = DUSTSTORM OR SANDSTORM:
                                                       VSBY 1/2 MILE OR LESS
                                                   8 = SMOKE OR HAZE
[NO. OF DAYS WITH]      [WEATHER - DAYS WITH]      9 = BLOWING SNOW
                                                   X = TORNADO
MAX 32 OR BELOW:   6    0.01 INCH OR MORE:   4
MAX 90 OR ABOVE:   0    0.10 INCH OR MORE:   3
MIN 32 OR BELOW:  24    0.50 INCH OR MORE:   0
MIN  0 OR BELOW:   1    1.00 INCH OR MORE:   0

[HDD (BASE 65) ]
TOTAL THIS MO.   930    CLEAR  (SCALE 0-3)  14
DPTR FM NORMAL  -165    PTCLDY (SCALE 4-7)   8
TOTAL FM JUL 1  2756    CLOUDY (SCALE 8-10)  4
DPTR FM NORMAL  -217

[CDD (BASE 65) ]
TOTAL THIS MO.     0
DPTR FM NORMAL     0    [PRESSURE DATA]
TOTAL FM JAN 1   346    HIGHEST SLP M ON M
DPTR FM NORMAL   -73    LOWEST  SLP 29.43 ON 21

[REMARKS]
