940
CXUS54 KSHV 251300
CF6SHV
PRELIMINARY LOCAL CLIMATOLOGICAL DATA (WS FORM: F-6)

                                          STATION:   SHREVEPORT
                                          MONTH:     MARCH
                                          YEAR:      2017
                                          LATITUDE:   32 28 N
                                          LONGITUDE:  93 49 W

  TEMPERATURE IN F:       :PCPN:    SNOW:  WIND      :SUNSHINE: SKY     :PK WND
================================================================================
1   2   3   4   5  6A  6B    7    8   9   10  11  12  13   14  15   16   17  18
                                     12Z  AVG MX 2MIN
DY MAX MIN AVG DEP HDD CDD  WTR  SNW DPTH SPD SPD DIR MIN PSBL S-S WX    SPD DR
================================================================================

 1  76  51  64  10   1   0 0.00  0.0    0 13.3 25 330   M    M   6        30 330
 2  68  43  56   2   9   0 0.00  0.0    0  6.6 17  60   M    M   6        23  70
 3  71  37  54  -1  11   0 0.00  0.0    0  3.8 15 130   M    M   5        20 120
 4  66  41  54  -1  11   0    T  0.0    0  5.4 15 170   M    M   8        20 170
 5  64  52  58   3   7   0 0.16  0.0    0  9.6 22 150   M    M   9 1      28 150
 6  74  61  68  13   0   3 0.52  0.0    0 14.0 24 190   M    M  10 1      35 180
 7  73  47  60   4   5   0 0.34    M    0  9.5 29 350   M    M   8 13     35 360
 8  77  41  59   3   6   0 0.00  0.0    0  5.6 20 140   M    M   3        25 130
 9  77  59  68  12   0   3    T  0.0    0  7.3 17 210   M    M   9 1      24 220
10  78  58  68  12   0   3    T  0.0    0  7.7 23  30   M    M   9 1      26  20
11  61  43  52  -5  13   0 0.01  0.0    0 11.0 22  60   M    M  10        29  30
12  61  40  51  -6  14   0 0.14  0.0    0  8.9 20  40   M    M   7 1      25  30
13  57  43  50  -7  15   0 0.05  0.0    0  7.6 21 350   M    M   7 1      26 340
14  62  34  48 -10  17   0 0.00  0.0    0  4.7 15 350   M    M   3        19 360
15  60  41  51  -7  14   0 0.00  0.0    0  7.7 17  60   M    M   7        21  60
16  67  41  54  -4  11   0 0.00  0.0    0  9.9 21 170   M    M   9        24 150
17  80  62  71  13   0   6 0.00  0.0    0 10.6 21 190   M    M   8        27 180
18  82  61  72  14   0   7 0.00  0.0    0  5.4 15 240   M    M   6        19 200
19  85  56  71  12   0   6 0.00  0.0    0  5.7 16 210   M    M   2 1      22 190
20  88  63  76  17   0  11 0.00  0.0    0  8.9 18 240   M    M   3        23 240
21  87  56  72  13   0   7 0.00  0.0    0  7.6 18 180   M    M   1 18     22 220
22  81  56  69  10   0   4 0.00  0.0    0  5.4 15  90   M    M   3 18     22  90
23  86  60  73  13   0   8 0.00  0.0    0 10.4 24 160   M    M   3        33 160
24  82  64  73  13   0   8 0.01  0.0    0 18.0 35 160   M    M   9 3      44 160
================================================================================
SM 1763 1210       134  66  1.23     0.0 204.6          M      151
================================================================================
AV 73.5 50.4                               8.5 FASTST   M    M   6    MAX(MPH)
                                 MISC ---->  # 35 160               # 44  160
================================================================================
NOTES:
# LAST OF SEVERAL OCCURRENCES

COLUMN 17 PEAK WIND IN M.P.H.

PRELIMINARY LOCAL CLIMATOLOGICAL DATA (WS FORM: F-6) , PAGE 2

                                          STATION:  SHREVEPORT
                                          MONTH:    MARCH
                                          YEAR:     2017
                                          LATITUDE:   32 28 N
                                          LONGITUDE:  93 49 W

[TEMPERATURE DATA]      [PRECIPITATION DATA]       SYMBOLS USED IN COLUMN 16

AVERAGE MONTHLY: 61.9   TOTAL FOR MONTH:   1.23    1 = FOG OR MIST
DPTR FM NORMAL:   4.9   DPTR FM NORMAL:   -1.95    2 = FOG REDUCING VISIBILITY
HIGHEST:    88 ON 20    GRTST 24HR  0.52 ON  6- 6      TO 1/4 MILE OR LESS
LOWEST:     34 ON 14                               3 = THUNDER
                        SNOW, ICE PELLETS, HAIL    4 = ICE PELLETS
                        TOTAL MONTH:   0.0 INCH    5 = HAIL
                        GRTST 24HR     0.0         6 = FREEZING RAIN OR DRIZZLE
                        GRTST DEPTH:   0           7 = DUSTSTORM OR SANDSTORM:
                                                       VSBY 1/2 MILE OR LESS
                                                   8 = SMOKE OR HAZE
[NO. OF DAYS WITH]      [WEATHER - DAYS WITH]      9 = BLOWING SNOW
                                                   X = TORNADO
MAX 32 OR BELOW:   0    0.01 INCH OR MORE:   7
MAX 90 OR ABOVE:   0    0.10 INCH OR MORE:   4
MIN 32 OR BELOW:   0    0.50 INCH OR MORE:   1
MIN  0 OR BELOW:   0    1.00 INCH OR MORE:   0

[HDD (BASE 65) ]
TOTAL THIS MO.   134    CLEAR  (SCALE 0-3)   5
DPTR FM NORMAL   -77    PTCLDY (SCALE 4-7)  12
TOTAL FM JUL 1  1165    CLOUDY (SCALE 8-10)  7
DPTR FM NORMAL  -928

[CDD (BASE 65) ]
TOTAL THIS MO.    66
DPTR FM NORMAL    44    [PRESSURE DATA]
TOTAL FM JAN 1   136    HIGHEST SLP M ON M
DPTR FM NORMAL   104    LOWEST  SLP 29.82 ON  1

[REMARKS]
