000
CXUS54 KSJT 281210
CF6SJT
PRELIMINARY LOCAL CLIMATOLOGICAL DATA (WS FORM: F-6)

                                          STATION:   SAN ANGELO
                                          MONTH:     JUNE
                                          YEAR:      2017
                                          LATITUDE:   31 21 N
                                          LONGITUDE: 100 30 W

  TEMPERATURE IN F:       :PCPN:    SNOW:  WIND      :SUNSHINE: SKY     :PK WND
================================================================================
1   2   3   4   5  6A  6B    7    8   9   10  11  12  13   14  15   16   17  18
                                     12Z  AVG MX 2MIN
DY MAX MIN AVG DEP HDD CDD  WTR  SNW DPTH SPD SPD DIR MIN PSBL S-S WX    SPD DR
================================================================================

 1  90  62  76  -2   0  11 0.08  0.0    0  6.5 21  60   M    M   7 3      28  70
 2  91  66  79   1   0  14 0.00  0.0    0  8.8 22  20   M    M   3 3      30  80
 3  86  63  75  -4   0  10 0.09  0.0    0  5.0 16 220   M    M   4 13     20 220
 4  90  63  77  -2   0  12 0.04  0.0    0  5.0 28  10   M    M   2 3      35  20
 5  93  61  77  -2   0  12 0.00  0.0    0  9.3 21 340   M    M   2        27 330
 6  94  62  78  -1   0  13 0.00  0.0    0  6.8 15  10   M    M   1        24  10
 7  96  59  78  -1   0  13 0.00  0.0    0  5.4 15 100   M    M   0        20 100
 8  97  69  83   3   0  18 0.00  0.0    0  5.0 18 210   M    M   2 3      21 220
 9  98  67  83   3   0  18 0.00  0.0    0  9.7 18 190   M    M   0        30 190
10  98  72  85   5   0  20 0.00  0.0    0 15.0 23 190   M    M   0        31 190
11  98  73  86   6   0  21 0.00  0.0    0 12.2 21 170   M    M   1        33 200
12  99  72  86   6   0  21 0.00  0.0    0 11.4 20 140   M    M   0        27 140
13  98  71  85   5   0  20 0.00  0.0    0 13.0 22 140   M    M   0        29 140
14  98  77  88   8   0  23 0.00  0.0    0 12.9 23 180   M    M   3        34 160
15 101  76  89   9   0  24    T  0.0    0 12.7 20 180   M    M   1        26 150
16 104  74  89   8   0  24 0.00  0.0    0 11.2 23 200   M    M   0        29 200
17 109  77  93  12   0  28 0.00  0.0    0 13.9 21 190   M    M   0        29 190
18 106  79  93  12   0  28 0.00  0.0    0  9.4 17  10   M    M   0        24 180
19 101  71  86   5   0  21 0.00  0.0    0  7.0 21  90   M    M   3        27 100
20  99  71  85   4   0  20 0.00  0.0    0  7.9 16 100   M    M   1        22 110
21 101  70  86   5   0  21 0.00  0.0    0  5.1 16  40   M    M   0        23  40
22 105  73  89   8   0  24 0.00  0.0    0  4.5  9 120   M    M   0         M  M
23 109  66  88   6   0  23 1.30  0.0    0  8.2 66 340   M    M   1 138    78 350
24  91  71  81  -1   0  16    T  0.0    0  8.8  M   M   M    M   1         M  M
25  89  70  80  -2   0  15 0.00  0.0    0  8.6 17 100   M    M   5        22 100
26  91  68  80  -2   0  15 0.01  0.0    0  6.5 22 340   M    M   2        25 340
27  92  64  78  -4   0  13 0.00  0.0    0  5.8 16 110   M    M   3 12     21 100
================================================================================
SM 2624 1867         0 498  1.52     0.0 235.6          M       42
================================================================================
AV 97.2 69.2                               8.7 FASTST   M    M   2    MAX(MPH)
                                 MISC ---->  # 66 340               # 78  350
================================================================================
NOTES:
# LAST OF SEVERAL OCCURRENCES

COLUMN 17 PEAK WIND IN M.P.H.

PRELIMINARY LOCAL CLIMATOLOGICAL DATA (WS FORM: F-6) , PAGE 2

                                          STATION:  SAN ANGELO
                                          MONTH:    JUNE
                                          YEAR:     2017
                                          LATITUDE:   31 21 N
                                          LONGITUDE: 100 30 W

[TEMPERATURE DATA]      [PRECIPITATION DATA]       SYMBOLS USED IN COLUMN 16

AVERAGE MONTHLY: 83.2   TOTAL FOR MONTH:   1.52    1 = FOG OR MIST
DPTR FM NORMAL:   2.9   DPTR FM NORMAL:   -0.90    2 = FOG REDUCING VISIBILITY
HIGHEST:   109 ON 23,17 GRTST 24HR  1.30 ON 23-23      TO 1/4 MILE OR LESS
LOWEST:     59 ON  7                               3 = THUNDER
                        SNOW, ICE PELLETS, HAIL    4 = ICE PELLETS
                        TOTAL MONTH:   0.0 INCH    5 = HAIL
                        GRTST 24HR     0.0         6 = FREEZING RAIN OR DRIZZLE
                        GRTST DEPTH:   0           7 = DUSTSTORM OR SANDSTORM:
                                                       VSBY 1/2 MILE OR LESS
                                                   8 = SMOKE OR HAZE
[NO. OF DAYS WITH]      [WEATHER - DAYS WITH]      9 = BLOWING SNOW
                                                   X = TORNADO
MAX 32 OR BELOW:   0    0.01 INCH OR MORE:   5
MAX 90 OR ABOVE:  25    0.10 INCH OR MORE:   1
MIN 32 OR BELOW:   0    0.50 INCH OR MORE:   1
MIN  0 OR BELOW:   0    1.00 INCH OR MORE:   1

[HDD (BASE 65) ]
TOTAL THIS MO.     0    CLEAR  (SCALE 0-3)  24
DPTR FM NORMAL     0    PTCLDY (SCALE 4-7)   3
TOTAL FM JUL 1  1507    CLOUDY (SCALE 8-10)  0
DPTR FM NORMAL  -809

[CDD (BASE 65) ]
TOTAL THIS MO.   498
DPTR FM NORMAL    86    [PRESSURE DATA]
TOTAL FM JAN 1  1074    HIGHEST SLP M ON M
DPTR FM NORMAL   202    LOWEST  SLP 29.53 ON 17

[REMARKS]
