000
CXUS56 KSLC 271321
CF6SLC
PRELIMINARY LOCAL CLIMATOLOGICAL DATA (WS FORM: F-6)

                                          STATION:   SALT LAKE CITY UT
                                          MONTH:     JUNE
                                          YEAR:      2017
                                          LATITUDE:   40 46 N
                                          LONGITUDE: 111 58 W

  TEMPERATURE IN F:       :PCPN:    SNOW:  WIND      :SUNSHINE: SKY     :PK WND
================================================================================
1   2   3   4   5  6A  6B    7    8   9   10  11  12  13   14  15   16   17  18
                                     12Z  AVG MX 2MIN
DY MAX MIN AVG DEP HDD CDD  WTR  SNW DPTH SPD SPD DIR MIN PSBL S-S WX    SPD DR
================================================================================

 1  85  67  76  11   0  11 0.13  0.0    0 10.3 29 250   M    M   5 3      39 250
 2  81  57  69   4   0   4 0.00  0.0    0  4.8 15 330   M    M   1        19 330
 3  91  58  75  10   0  10 0.00  0.0    0  6.2 14 340   M    M   1        17  10
 4  97  66  82  16   0  17 0.00  0.0    0 11.2 21 170   M    M   1        26 170
 5  87  66  77  11   0  12 0.00  0.0    0  6.8 22 280   M    M   0        35 290
 6  94  63  79  13   0  14 0.00  0.0    0  7.1 18 330   M    M   0        22 330
 7  98  73  86  19   0  21 0.00  0.0    0 13.2 24 170   M    M   1 8      30 170
 8  96  71  84  17   0  19 0.00  0.0    0 19.3 33 180   M    M   0        41 190
 9  88  59  74   7   0   9 0.00  0.0    0 10.7 35 330   M    M   1 8      41 330
10  80  54  67  -1   0   2 0.00  0.0    0  8.5 22 320   M    M   0        26 330
11  92  57  75   7   0  10 0.00  0.0    0 15.1 32 190   M    M   0        40 190
12  77  55  66  -2   0   1    T  0.0    0 17.1 39 190   M    M   3 8      53 190
13  71  50  61  -8   4   0 0.12  0.0    0  6.3 16 240   M    M   6 1      21 250
14  80  52  66  -3   0   1 0.00  0.0    0  4.9 15 360   M    M   1        19 320
15  89  58  74   5   0   9 0.00  0.0    0  7.1 17 360   M    M   1        20 350
16  93  63  78   8   0  13 0.00  0.0    0  5.4 15 310   M    M   1        22 340
17  82  66  74   4   0   9 0.00  0.0    0  9.3 22 320   M    M   2        26 320
18  86  60  73   3   0   8 0.00  0.0    0  5.5 17 320   M    M   0        21 310
19  94  65  80   9   0  15 0.00  0.0    0  6.0 13 360   M    M   1        16 340
20 101  74  88  17   0  23    T  0.0    0  8.1 26 230   M    M   1 3      33 220
21  99  71  85  13   0  20 0.00  0.0    0  9.0 16 340   M    M   1        20 340
22  88  67  78   6   0  13 0.00  0.0    0  9.5 18 320   M    M   1        24 330
23  86  59  73   0   0   8 0.00  0.0    0  5.9 15 320   M    M   0        19 350
24  89  61  75   3   0  10 0.00  0.0    0  5.4 14 350   M    M   0        18 350
25  94  63  79   6   0  14 0.00  0.0    0   M   M   M   M    M   M         M  M
26 100  69  85  11   0  20 0.00  0.0    0  9.3 28 230   M    M   0 8      32 230
================================================================================
SM 2318 1624         4 293  0.25     0.0 222.0          M       28
================================================================================
AV 89.2 62.5                               8.9 FASTST   M    M   1    MAX(MPH)
                                 MISC ---->  # 39 190               # 53  190
================================================================================
NOTES:
# LAST OF SEVERAL OCCURRENCES

COLUMN 17 PEAK WIND IN M.P.H.

PRELIMINARY LOCAL CLIMATOLOGICAL DATA (WS FORM: F-6) , PAGE 2

                                          STATION:  SALT LAKE CITY UT
                                          MONTH:    JUNE
                                          YEAR:     2017
                                          LATITUDE:   40 46 N
                                          LONGITUDE: 111 58 W

[TEMPERATURE DATA]      [PRECIPITATION DATA]       SYMBOLS USED IN COLUMN 16

AVERAGE MONTHLY: 75.8   TOTAL FOR MONTH:   0.25    1 = FOG OR MIST
DPTR FM NORMAL:   6.9   DPTR FM NORMAL:   -0.67    2 = FOG REDUCING VISIBILITY
HIGHEST:   101 ON 20    GRTST 24HR  0.13 ON  1- 1      TO 1/4 MILE OR LESS
LOWEST:     50 ON 13                               3 = THUNDER
                        SNOW, ICE PELLETS, HAIL    4 = ICE PELLETS
                        TOTAL MONTH:   0.0 INCH    5 = HAIL
                        GRTST 24HR     0.0         6 = FREEZING RAIN OR DRIZZLE
                        GRTST DEPTH:   0           7 = DUSTSTORM OR SANDSTORM:
                                                       VSBY 1/2 MILE OR LESS
                                                   8 = SMOKE OR HAZE
[NO. OF DAYS WITH]      [WEATHER - DAYS WITH]      9 = BLOWING SNOW
                                                   X = TORNADO
MAX 32 OR BELOW:   0    0.01 INCH OR MORE:   2
MAX 90 OR ABOVE:  12    0.10 INCH OR MORE:   2
MIN 32 OR BELOW:   0    0.50 INCH OR MORE:   0
MIN  0 OR BELOW:   0    1.00 INCH OR MORE:   0

[HDD (BASE 65) ]
TOTAL THIS MO.     4    CLEAR  (SCALE 0-3)  23
DPTR FM NORMAL   -40    PTCLDY (SCALE 4-7)   2
TOTAL FM JUL 1  4785    CLOUDY (SCALE 8-10)  0
DPTR FM NORMAL  -820

[CDD (BASE 65) ]
TOTAL THIS MO.   293
DPTR FM NORMAL   145    [PRESSURE DATA]
TOTAL FM JAN 1   368    HIGHEST SLP M ON M
DPTR FM NORMAL   170    LOWEST  SLP 29.35 ON 11

[REMARKS]
