000
CXUS51 KBTV 250700
CF6SLK
PRELIMINARY LOCAL CLIMATOLOGICAL DATA (WS FORM: F-6)

                                          STATION:   SARANAC LAKE NY
                                          MONTH:     DECEMBER
                                          YEAR:      2014
                                          LATITUDE:   44 23 N
                                          LONGITUDE:  74 12 W

  TEMPERATURE IN F:       :PCPN:    SNOW:  WIND      :SUNSHINE: SKY     :PK WND
================================================================================
1   2   3   4   5  6A  6B    7    8   9   10  11  12  13   14  15   16   17  18
                                     12Z  AVG MX 2MIN
DY MAX MIN AVG DEP HDD CDD  WTR  SNW DPTH SPD SPD DIR MIN PSBL S-S WX    SPD DR
================================================================================

 1  48  17  33   8  32   0 0.03    M    0  6.5 15 260   M    M  10 18     25 240
 2  32   0  16  -9  49   0 0.02    M    0  6.5 17 150   M    M   2 18     27 150
 3  38  28  33   9  32   0 0.05    M    0 11.5 21 240   M    M  10 18     33 260
 4  28   0  14 -10  51   0    T    M    0  5.4 15 240   M    M   7        29 240
 5  34  -1  17  -6  48   0    T    M    0  1.8 10 230   M    M   6        14 220
 6  35  25  30   7  35   0 0.07    M    0  3.4 14 360   M    M  10 18     23 330
 7  25   2  14  -8  51   0 0.00  0.0    0  5.0 10 360   M    M   2 8      18  10
 8  28   2  15  -7  50   0 0.00  0.0    0  5.0 14 170   M    M   0        20 140
 9  32  20  26   5  39   0 0.25    M    0  4.0 15  30   M    M   9 18     20  30
10  30  26  28   7  37   0 0.28    M    0 10.3 18  30   M    M  10 18     25  30
11  26  22  24   4  41   0 0.01    M    0  3.6  9 250   M    M  10 168    13 280
12  23  20  22   2  43   0 0.01    M    0  6.1 10 240   M    M   9 18     15 260
13  26  20  23   3  42   0    T    M    0  5.6  9 240   M    M  10 18     16 240
14  31  26  29  10  36   0 0.01    M    0  4.4  9 290   M    M  10 18     14 280
15  28  26  27   8  38   0    T    M    0  3.7 10 200   M    M   8 18     11 210
16  32  24  28  10  37   0 0.02    M    0  2.6  9  60   M    M   9 1268   11  50
17  36  32  34  16  31   0 0.08    M    0  3.8 12 240   M    M  10 18     18 240
18  32  21  27   9  38   0 0.02    M    0  6.6 13 290   M    M  10 18     23 270
19  21  13  17  -1  48   0    T    M    0  3.5  9 240   M    M  10 18     14 240
20  27   3  15  -2  50   0 0.00  0.0    0  0.3  8 210   M    M   3 18      9 210
21  24   8  16  -1  49   0 0.00  0.0    0  0.8 12 230   M    M  10 128    16 240
22  31   0  16  -1  49   0 0.00  0.0    0  3.7  8  40   M    M   5        10  50
23  37  23  30  14  35   0 0.25    M    0  4.6 12  60   M    M  10 16     14  60
24  50  33  42  26  23   0 0.56    M    0  3.9 18 220   M    M  10 1      24 230
================================================================================
SM  754  390       984   0  1.66     0.0 112.6          M      190
================================================================================
AV 31.4 16.2                               4.7 FASTST   M    M   8    MAX(MPH)
                                 MISC ---->  # 21 240               # 33  260
================================================================================
NOTES:
# LAST OF SEVERAL OCCURRENCES

COLUMN 17 PEAK WIND IN M.P.H.

PRELIMINARY LOCAL CLIMATOLOGICAL DATA (WS FORM: F-6) , PAGE 2

                                          STATION:  SARANAC LAKE NY
                                          MONTH:    DECEMBER
                                          YEAR:     2014
                                          LATITUDE:   44 23 N
                                          LONGITUDE:  74 12 W

[TEMPERATURE DATA]      [PRECIPITATION DATA]       SYMBOLS USED IN COLUMN 16

AVERAGE MONTHLY: 23.8   TOTAL FOR MONTH:   1.66    1 = FOG OR MIST
DPTR FM NORMAL:   3.7   DPTR FM NORMAL:   -0.21    2 = FOG REDUCING VISIBILITY
HIGHEST:    50 ON 24    GRTST 24HR  0.57 ON 23-24      TO 1/4 MILE OR LESS
LOWEST:     -1 ON  5                               3 = THUNDER
                        SNOW, ICE PELLETS, HAIL    4 = ICE PELLETS
                        TOTAL MONTH:   0.0 INCH    5 = HAIL
                        GRTST 24HR     0.0         6 = FREEZING RAIN OR DRIZZLE
                        GRTST DEPTH:   0           7 = DUSTSTORM OR SANDSTORM:
                                                       VSBY 1/2 MILE OR LESS
                                                   8 = SMOKE OR HAZE
[NO. OF DAYS WITH]      [WEATHER - DAYS WITH]      9 = BLOWING SNOW
                                                   X = TORNADO
MAX 32 OR BELOW:  17    0.01 INCH OR MORE:  14
MAX 90 OR ABOVE:   0    0.10 INCH OR MORE:   4
MIN 32 OR BELOW:  23    0.50 INCH OR MORE:   1
MIN  0 OR BELOW:   4    1.00 INCH OR MORE:   0

[HDD (BASE 65) ]
TOTAL THIS MO.   984    CLEAR  (SCALE 0-3)   3
DPTR FM NORMAL   -91    PTCLDY (SCALE 4-7)   5
TOTAL FM JUL 1  3148    CLOUDY (SCALE 8-10) 16
DPTR FM NORMAL  -202

[CDD (BASE 65) ]
TOTAL THIS MO.     0
DPTR FM NORMAL     0    [PRESSURE DATA]
TOTAL FM JAN 1    83    HIGHEST SLP M ON M
DPTR FM NORMAL   -31    LOWEST  SLP 29.48 ON M

[REMARKS]
