000
CXUS53 KICT 250800
CF6SLN
PRELIMINARY LOCAL CLIMATOLOGICAL DATA (WS FORM: F-6)

                                          STATION:   SALINA KS
                                          MONTH:     FEBRUARY
                                          YEAR:      2017
                                          LATITUDE:   38 47 N
                                          LONGITUDE:  97 39 W

  TEMPERATURE IN F:       :PCPN:    SNOW:  WIND      :SUNSHINE: SKY     :PK WND
================================================================================
1   2   3   4   5  6A  6B    7    8   9   10  11  12  13   14  15   16   17  18
                                     12Z  AVG MX 2MIN
DY MAX MIN AVG DEP HDD CDD  WTR  SNW DPTH SPD SPD DIR MIN PSBL S-S WX    SPD DR
================================================================================

 1  43  25  34   2  31   0 0.00    M    M 16.0 23  10   M    M   0        29  40
 2  34  15  25  -7  40   0 0.00    M    M  7.4 16  20   M    M   2        19  20
 3  35  24  30  -2  35   0 0.00    M    M  6.4 14  30   M    M   5        16  40
 4  61  24  43  10  22   0 0.00    M    M 14.4 30 200   M    M   0        36 200
 5  53  25  39   6  26   0 0.00    M    M  6.1 13  50   M    M   0        17  30
 6  54  30  42   9  23   0 0.00    M    M  5.8 17 210   M    M   7 128    20 200
 7  45  28  37   4  28   0 0.00    M    M 10.4 20 360   M    M   4 12     23 360
 8  34  21  28  -6  37   0    T    M    M 12.8 28 350   M    M   3        31 350
 9  45  18  32  -2  33   0 0.00    M    M 10.0 22 170   M    M   0        28 190
10  76  41  59  25   6   0 0.00    M    M 13.4 26 190   M    M   0        33 200
11  70  41  56  22   9   0 0.00    M    M  8.8 29 360   M    M   0        32 360
12  54  29  42   8  23   0 0.00    M    M 12.1 26 360   M    M   0        33 360
13  54  27  41   6  24   0 0.02    M    M  4.9 16 200   M    M   7        19 200
14  58  31  45  10  20   0 0.00    M    M 10.9 22  10   M    M   1        27 360
15  62  25  44   9  21   0 0.00    M    M  8.1 14 200   M    M   0        18 260
16  79  29  54  18  11   0 0.00    M    M 11.8 18 190   M    M   0        25 190
17  76  39  58  22   7   0 0.00    M    M 12.1 21 200   M    M   0        25 200
18  76  35  56  20   9   0 0.00    M    M  6.9 15 170   M    M   0        20 170
19  68  42  55  18  10   0 0.01    M    M 11.5 22 170   M    M   4 18     28 170
20  72  44  58  21   7   0 0.01    M    M 11.7 21 330   M    M   3 1      25 170
21  78  33  56  19   9   0 0.00    M    M  5.8 14 190   M    M   0 8      18 190
22  81  49  65  27   0   0 0.00    M    M  8.9 17 210   M    M   0        21 220
23  68  39  54  16  11   0 0.00  0.0    0 17.1 33 340   M    M   4        40 340
24  39  24  32  -6  33   0    T    M    0 20.8 32 330   M    M   9 18     38 320
================================================================================
SM 1415  738       475   0  0.04     0.0 254.1          M       49
================================================================================
AV 59.0 30.8                              10.6 FASTST   M    M   2    MAX(MPH)
                                 MISC ---->  # 33 340               # 40  340
================================================================================
NOTES:
# LAST OF SEVERAL OCCURRENCES

COLUMN 17 PEAK WIND IN M.P.H.

PRELIMINARY LOCAL CLIMATOLOGICAL DATA (WS FORM: F-6) , PAGE 2

                                          STATION:  SALINA KS
                                          MONTH:    FEBRUARY
                                          YEAR:     2017
                                          LATITUDE:   38 47 N
                                          LONGITUDE:  97 39 W

[TEMPERATURE DATA]      [PRECIPITATION DATA]       SYMBOLS USED IN COLUMN 16

AVERAGE MONTHLY: 44.9   TOTAL FOR MONTH:   0.04    1 = FOG OR MIST
DPTR FM NORMAL:  10.0   DPTR FM NORMAL:   -0.94    2 = FOG REDUCING VISIBILITY
HIGHEST:    81 ON 22    GRTST 24HR  0.02 ON 13-13      TO 1/4 MILE OR LESS
LOWEST:     15 ON  2                               3 = THUNDER
                        SNOW, ICE PELLETS, HAIL    4 = ICE PELLETS
                        TOTAL MONTH:   0.0 INCH    5 = HAIL
                        GRTST 24HR     0.0         6 = FREEZING RAIN OR DRIZZLE
                        GRTST DEPTH:   0           7 = DUSTSTORM OR SANDSTORM:
                                                       VSBY 1/2 MILE OR LESS
                                                   8 = SMOKE OR HAZE
[NO. OF DAYS WITH]      [WEATHER - DAYS WITH]      9 = BLOWING SNOW
                                                   X = TORNADO
MAX 32 OR BELOW:   0    0.01 INCH OR MORE:   3
MAX 90 OR ABOVE:   0    0.10 INCH OR MORE:   0
MIN 32 OR BELOW:  15    0.50 INCH OR MORE:   0
MIN  0 OR BELOW:   0    1.00 INCH OR MORE:   0

[HDD (BASE 65) ]
TOTAL THIS MO.   475    CLEAR  (SCALE 0-3)  16
DPTR FM NORMAL  -247    PTCLDY (SCALE 4-7)   7
TOTAL FM JUL 1  2581    CLOUDY (SCALE 8-10)  1
DPTR FM NORMAL -1157

[CDD (BASE 65) ]
TOTAL THIS MO.     0
DPTR FM NORMAL     0    [PRESSURE DATA]
TOTAL FM JAN 1     0    HIGHEST SLP M ON M
DPTR FM NORMAL     0    LOWEST  SLP 29.26 ON 23

[REMARKS]
