000
CXUS55 KLOX 291655
CF6SMO
PRELIMINARY LOCAL CLIMATOLOGICAL DATA (WS FORM: F-6)

                                          STATION:   SANTA MONICA AIRPORT CA
                                          MONTH:     APRIL
                                          YEAR:      2016
                                          LATITUDE:   34  0 N
                                          LONGITUDE: 118 27 W

  TEMPERATURE IN F:       :PCPN:    SNOW:  WIND      :SUNSHINE: SKY     :PK WND
================================================================================
1   2   3   4   5  6A  6B    7    8   9   10  11  12  13   14  15   16   17  18
                                     12Z  AVG MX 2MIN
DY MAX MIN AVG DEP HDD CDD  WTR  SNW DPTH SPD SPD DIR MIN PSBL S-S WX    SPD DR
================================================================================

 1  67  54  61   3   4   0 0.00  0.0    0  4.7 13 210   M    M   1        17 260
 2  69  53  61   3   4   0 0.00  0.0    0  4.7 13 240   M    M   0        17 240
 3  65  53  59   1   6   0 0.00  0.0    0  4.4 14 230   M    M   1 128    18 230
 4  70  54  62   4   3   0 0.00  0.0    0  4.6 12 240   M    M   0        16 220
 5  75  54  65   7   0   0 0.00  0.0    0  3.8 10 240   M    M   0 1      14 250
 6  77  57  67   9   0   2 0.00  0.0    0  4.5 16 240   M    M   2 18     21 230
 7  67  58  63   5   2   0 0.06  0.0    0  2.8 10 220   M    M   6        18 230
 8  62  59  61   3   4   0 0.05  0.0    0  3.5  9 210   M    M   9 1      13 170
 9  64  59  62   4   3   0 0.12  0.0    0  3.5 14 160   M    M   9 1      17 150
10  68  56  62   4   3   0 0.00  0.0    0  4.8 15 220   M    M   6        20 240
11  68  58  63   5   2   0 0.00  0.0    0  4.1 15 230   M    M   4        19 230
12  69  55  62   4   3   0 0.00  0.0    0  5.0 15 240   M    M   0        21 250
13  67  58  63   5   2   0 0.00  0.0    0  5.6 15 220   M    M   6        20 230
14  68  55  62   3   3   0 0.00  0.0    0  6.4 21 360   M    M   0        35  10
15  81  59  70  11   0   5 0.00  0.0    0 10.6 21 360   M    M   0        36 340
16  81  61  71  12   0   6 0.00  0.0    0  7.6 21  30   M    M   0        30  20
17  84  57  71  12   0   6 0.00  0.0    0  5.6 16 260   M    M   0        22 270
18  82  58  70  11   0   5 0.00  0.0    0  4.9 13 240   M    M   0        16 230
19  83  60  72  13   0   7 0.00  0.0    0  4.0 13 210   M    M   0        15 220
20  80  58  69  10   0   4 0.00  0.0    0  4.3 13 210   M    M   0        17 240
21  74  58  66   7   0   1 0.00  0.0    0  5.4 17 240   M    M   0        23 240
22  68  57  63   4   2   0 0.00  0.0    0  6.6 21 240   M    M   2        28 260
23  74  55  65   6   0   0 0.00  0.0    0  6.6 21 240   M    M   0        30 240
24  70  56  63   4   2   0 0.00  0.0    0  6.3 15 240   M    M   0        20 260
25  66  54  60   0   5   0 0.00  0.0    0  8.4 24 250   M    M   2        38 360
26  67  52  60   0   5   0 0.00  0.0    0  6.0 14 240   M    M   0        18 210
27  66  54  60   0   5   0 0.00  0.0    0  6.2 22 240   M    M   0        31 240
28  66  53  60   0   5   0 0.00  0.0    0  5.2 18 240   M    M   2        26 220
================================================================================
SM 1998 1575        63  36  0.23     0.0 150.1          M       50
================================================================================
AV 71.4 56.2                               5.4 FASTST   M    M   2    MAX(MPH)
                                 MISC ---->  # 24 250               # 38  360
================================================================================
NOTES:
# LAST OF SEVERAL OCCURRENCES

COLUMN 17 PEAK WIND IN M.P.H.

PRELIMINARY LOCAL CLIMATOLOGICAL DATA (WS FORM: F-6) , PAGE 2

                                          STATION:  SANTA MONICA AIRPORT CA
                                          MONTH:    APRIL
                                          YEAR:     2016
                                          LATITUDE:   34  0 N
                                          LONGITUDE: 118 27 W

[TEMPERATURE DATA]      [PRECIPITATION DATA]       SYMBOLS USED IN COLUMN 16

AVERAGE MONTHLY: 63.8   TOTAL FOR MONTH:   0.23    1 = FOG OR MIST
DPTR FM NORMAL:   5.1   DPTR FM NORMAL:   -0.47    2 = FOG REDUCING VISIBILITY
HIGHEST:    84 ON 17    GRTST 24HR  0.13 ON  8- 9      TO 1/4 MILE OR LESS
LOWEST:     52 ON 26                               3 = THUNDER
                        SNOW, ICE PELLETS, HAIL    4 = ICE PELLETS
                        TOTAL MONTH:   0.0 INCH    5 = HAIL
                        GRTST 24HR     0.0         6 = FREEZING RAIN OR DRIZZLE
                        GRTST DEPTH:   0           7 = DUSTSTORM OR SANDSTORM:
                                                       VSBY 1/2 MILE OR LESS
                                                   8 = SMOKE OR HAZE
[NO. OF DAYS WITH]      [WEATHER - DAYS WITH]      9 = BLOWING SNOW
                                                   X = TORNADO
MAX 32 OR BELOW:   0    0.01 INCH OR MORE:   3
MAX 90 OR ABOVE:   0    0.10 INCH OR MORE:   1
MIN 32 OR BELOW:   0    0.50 INCH OR MORE:   0
MIN  0 OR BELOW:   0    1.00 INCH OR MORE:   0

[HDD (BASE 65) ]
TOTAL THIS MO.    63    CLEAR  (SCALE 0-3)  22
DPTR FM NORMAL  -115    PTCLDY (SCALE 4-7)   4
TOTAL FM JUL 1   913    CLOUDY (SCALE 8-10)  2
DPTR FM NORMAL  -487

[CDD (BASE 65) ]
TOTAL THIS MO.    36
DPTR FM NORMAL    36    [PRESSURE DATA]
TOTAL FM JAN 1    99    HIGHEST SLP M ON M
DPTR FM NORMAL    79    LOWEST  SLP 29.69 ON 27

[REMARKS]
