000
CXUS55 KLOX 271655
CF6SMX
PRELIMINARY LOCAL CLIMATOLOGICAL DATA (WS FORM: F-6)

                                          STATION:   SANTA MARIA AIRPORT CA
                                          MONTH:     FEBRUARY
                                          YEAR:      2017
                                          LATITUDE:   34 54 N
                                          LONGITUDE: 120 27 W

  TEMPERATURE IN F:       :PCPN:    SNOW:  WIND      :SUNSHINE: SKY     :PK WND
================================================================================
1   2   3   4   5  6A  6B    7    8   9   10  11  12  13   14  15   16   17  18
                                     12Z  AVG MX 2MIN
DY MAX MIN AVG DEP HDD CDD  WTR  SNW DPTH SPD SPD DIR MIN PSBL S-S WX    SPD DR
================================================================================

 1  64  35  50  -2  15   0 0.00  0.0    0  5.5 14 170   M    M   3 12     17 170
 2  65  50  58   6   7   0 0.16  0.0    0 10.4 22 160   M    M   9 1       M  M
 3  64  54  59   7   6   0 0.14  0.0    0  6.8 17 240   M    M   9 1      22 240
 4  63  49  56   4   9   0 0.00  0.0    0  5.5 15 300   M    M   8 1      20 310
 5  62  50  56   4   9   0 0.25  0.0    0  7.4 24 160   M    M  10 1      30 160
 6  64  53  59   7   6   0 0.62  0.0    0  9.1 22 160   M    M  10 1      27 160
 7  62  58  60   8   5   0 0.39  0.0    0  9.8 18 180   M    M  10 1      28 210
 8  62  57  60   8   5   0 0.02  0.0    0  2.6 15 310   M    M   9 1      21 160
 9  62  56  59   6   6   0    T  0.0    0  4.3 12 260   M    M  10 12     15 220
10  60  54  57   4   8   0 0.59  0.0    0  5.4 14 300   M    M   9 1      26 230
11  58  46  52  -1  13   0 0.07    M    0  9.2 24 300   M    M   5 1      29 290
12  64  44  54   1  11   0 0.00  0.0    0  8.8 20 300   M    M   0        28 310
13  64  49  57   4   8   0 0.00  0.0    0  4.4 14 320   M    M   2         M  M
14  69  45  57   4   8   0 0.00  0.0    0  3.0 13 320   M    M   1 1      17 250
15  70  42  56   3   9   0 0.00  0.0    0  3.4 14 300   M    M   3 1      16 270
16  59  48  54   1  11   0 0.43    M    0  4.9 20 120   M    M  10 1      24 120
17  58  49  54   1  11   0 1.98    M    0 16.6 41 130   M    M  10 1      57 130
18  54  48  51  -2  14   0 0.09    M    0 14.3 30 300   M    M   9 1      37 300
19  58  41  50  -3  15   0 0.16    M    0  5.2 18 140   M    M   8 1      25 150
20  64  54  59   6   6   0 0.11  0.0    0 14.0 24 150   M    M   9 1      31 180
21  62  51  57   4   8   0 0.30  0.0    0  6.3 18 160   M    M   8 1      22 170
22  58  41  50  -3  15   0 0.00  0.0    0  8.4 28 290   M    M   4 12     31 300
23  56  34  45  -8  20   0 0.00  0.0    0  8.8 25 310   M    M   0        32 300
24  57  33  45  -8  20   0 0.00  0.0    0  9.2 23 300   M    M   1        27 300
25  51  31  41 -12  24   0 0.00  0.0    0  3.5 13 290   M    M   5        14 290
26  57  41  49  -4  16   0 0.12    M    0  4.2 16 240   M    M   8 1      22 270
================================================================================
SM 1587 1213       285   0  5.43     0.0 191.1          M      170
================================================================================
AV 61.0 46.7                               7.3 FASTST   M    M   7    MAX(MPH)
                                 MISC ---->  # 41 130               # 57  130
================================================================================
NOTES:
# LAST OF SEVERAL OCCURRENCES

COLUMN 17 PEAK WIND IN M.P.H.

PRELIMINARY LOCAL CLIMATOLOGICAL DATA (WS FORM: F-6) , PAGE 2

                                          STATION:  SANTA MARIA AIRPORT CA
                                          MONTH:    FEBRUARY
                                          YEAR:     2017
                                          LATITUDE:   34 54 N
                                          LONGITUDE: 120 27 W

[TEMPERATURE DATA]      [PRECIPITATION DATA]       SYMBOLS USED IN COLUMN 16

AVERAGE MONTHLY: 53.9   TOTAL FOR MONTH:   5.43    1 = FOG OR MIST
DPTR FM NORMAL:   1.2   DPTR FM NORMAL:    2.64    2 = FOG REDUCING VISIBILITY
HIGHEST:    70 ON 15    GRTST 24HR  2.17 ON 16-17      TO 1/4 MILE OR LESS
LOWEST:     31 ON 25                               3 = THUNDER
                        SNOW, ICE PELLETS, HAIL    4 = ICE PELLETS
                        TOTAL MONTH:   0.0 INCH    5 = HAIL
                        GRTST 24HR     0.0         6 = FREEZING RAIN OR DRIZZLE
                        GRTST DEPTH:   0           7 = DUSTSTORM OR SANDSTORM:
                                                       VSBY 1/2 MILE OR LESS
                                                   8 = SMOKE OR HAZE
[NO. OF DAYS WITH]      [WEATHER - DAYS WITH]      9 = BLOWING SNOW
                                                   X = TORNADO
MAX 32 OR BELOW:   0    0.01 INCH OR MORE:  15
MAX 90 OR ABOVE:   0    0.10 INCH OR MORE:  12
MIN 32 OR BELOW:   1    0.50 INCH OR MORE:   3
MIN  0 OR BELOW:   0    1.00 INCH OR MORE:   1

[HDD (BASE 65) ]
TOTAL THIS MO.   285    CLEAR  (SCALE 0-3)   6
DPTR FM NORMAL   -35    PTCLDY (SCALE 4-7)   5
TOTAL FM JUL 1  1692    CLOUDY (SCALE 8-10) 15
DPTR FM NORMAL  -120

[CDD (BASE 65) ]
TOTAL THIS MO.     0
DPTR FM NORMAL     0    [PRESSURE DATA]
TOTAL FM JAN 1     0    HIGHEST SLP M ON M
DPTR FM NORMAL     0    LOWEST  SLP 29.72 ON 19

[REMARKS]
