000
CXUS56 KSGX 161445
CF6SNA
PRELIMINARY LOCAL CLIMATOLOGICAL DATA (WS FORM: F-6)

                                          STATION:   JOHN WAYNE AIRPORT CA
                                          MONTH:     APRIL
                                          YEAR:      2014
                                          LATITUDE:   33 40 N
                                          LONGITUDE: 117 53 W

  TEMPERATURE IN F:       :PCPN:    SNOW:  WIND      :SUNSHINE: SKY     :PK WND
================================================================================
1   2   3   4   5  6A  6B    7    8   9   10  11  12  13   14  15   16   17  18
                                     12Z  AVG MX 2MIN
DY MAX MIN AVG DEP HDD CDD  WTR  SNW DPTH SPD SPD DIR MIN PSBL S-S WX    SPD DR
================================================================================

 1  63  54  59  -1   6   0 0.07  0.0    0  6.8 16 220   M    M   5 18     22 260
 2  63  52  58  -2   7   0 0.12  0.0    0  6.7 16 260   M    M   4 8      24 260
 3  67  49  58  -2   7   0 0.00  0.0    0  3.2 12 230   M    M   3        16 220
 4  66  55  61   1   4   0 0.00  0.0    0  5.3 13 230   M    M   6 8      17 220
 5  67  54  61   1   4   0 0.00  0.0    0  5.4 14 220   M    M   4        21 200
 6  82  53  68   8   0   3 0.00  0.0    0  4.0 14 260   M    M   0        20 270
 7  81  56  69   9   0   4 0.00  0.0    0  2.9 12 210   M    M   0        18 280
 8  89  59  74  13   0   9 0.00  0.0    0  2.6 10 280   M    M   3 8      13 280
 9  84  59  72  11   0   7 0.00  0.0    0  2.8 14 210   M    M   4 8      16 200
10  72  52  62   1   3   0 0.00  0.0    0  3.7 13 210   M    M   8 128    15 210
11  78  58  68   7   0   3 0.00  0.0    0  5.5 16 220   M    M   4 8      20 210
12  67  59  63   2   2   0 0.00  0.0    0  6.8 16 210   M    M   8        22 220
13  67  59  63   2   2   0 0.00  0.0    0  4.8 14 210   M    M   6        18 210
14  81  56  69   8   0   4 0.00  0.0    0  3.3 10 220   M    M   0 8      15 220
15  72  57  65   4   0   0 0.00  0.0    0  5.1 12 210   M    M   5 18     15 220
================================================================================
SM 1099  832        35  30  0.19     0.0  68.9          M       60
================================================================================
AV 73.3 55.5                               4.6 FASTST   M    M   4    MAX(MPH)
                                 MISC ---->    16   M                 24    M
================================================================================
NOTES:
# LAST OF SEVERAL OCCURRENCES

COLUMN 17 PEAK WIND IN M.P.H.

PRELIMINARY LOCAL CLIMATOLOGICAL DATA (WS FORM: F-6) , PAGE 2

                                          STATION:  JOHN WAYNE AIRPORT CA
                                          MONTH:    APRIL
                                          YEAR:     2014
                                          LATITUDE:   33 40 N
                                          LONGITUDE: 117 53 W

[TEMPERATURE DATA]      [PRECIPITATION DATA]       SYMBOLS USED IN COLUMN 16

AVERAGE MONTHLY: 64.4   TOTAL FOR MONTH:   0.19    1 = FOG OR MIST
DPTR FM NORMAL:   3.8   DPTR FM NORMAL:   -0.22    2 = FOG REDUCING VISIBILITY
HIGHEST:    89 ON  8    GRTST 24HR  0.17 ON  1- 2      TO 1/4 MILE OR LESS
LOWEST:     49 ON  3                               3 = THUNDER
                        SNOW, ICE PELLETS, HAIL    4 = ICE PELLETS
                        TOTAL MONTH:   0.0 INCH    5 = HAIL
                        GRTST 24HR     0.0         6 = FREEZING RAIN OR DRIZZLE
                        GRTST DEPTH:   0           7 = DUSTSTORM OR SANDSTORM:
                                                       VSBY 1/2 MILE OR LESS
                                                   8 = SMOKE OR HAZE
[NO. OF DAYS WITH]      [WEATHER - DAYS WITH]      9 = BLOWING SNOW
                                                   X = TORNADO
MAX 32 OR BELOW:   0    0.01 INCH OR MORE:   2
MAX 90 OR ABOVE:   0    0.10 INCH OR MORE:   1
MIN 32 OR BELOW:   0    0.50 INCH OR MORE:   0
MIN  0 OR BELOW:   0    1.00 INCH OR MORE:   0

[HDD (BASE 65) ]
TOTAL THIS MO.    35    CLEAR  (SCALE 0-3)   4
DPTR FM NORMAL   -34    PTCLDY (SCALE 4-7)  10
TOTAL FM JUL 1   594    CLOUDY (SCALE 8-10)  1
DPTR FM NORMAL  -562

[CDD (BASE 65) ]
TOTAL THIS MO.    30
DPTR FM NORMAL    30    [PRESSURE DATA]
TOTAL FM JAN 1    77    HIGHEST SLP M ON M
DPTR FM NORMAL    62    LOWEST  SLP 29.82 ON 15

[REMARKS]
