000
CXUS56 KSGX 301445
CF6SNA
PRELIMINARY LOCAL CLIMATOLOGICAL DATA (WS FORM: F-6)

                                          STATION:   JOHN WAYNE AIRPORT CA
                                          MONTH:     OCTOBER
                                          YEAR:      2014
                                          LATITUDE:   33 40 N
                                          LONGITUDE: 117 53 W

  TEMPERATURE IN F:       :PCPN:    SNOW:  WIND      :SUNSHINE: SKY     :PK WND
================================================================================
1   2   3   4   5  6A  6B    7    8   9   10  11  12  13   14  15   16   17  18
                                     12Z  AVG MX 2MIN
DY MAX MIN AVG DEP HDD CDD  WTR  SNW DPTH SPD SPD DIR MIN PSBL S-S WX    SPD DR
================================================================================

 1  81  67  74   5   0   9 0.00  0.0    0  4.1 12 210   M    M   2        15 220
 2  98  65  82  13   0  17 0.00  0.0    0  3.1 13 220   M    M   0        16 200
 3 102  66  84  15   0  19 0.00  0.0    0  2.3 13 220   M    M   4        15 210
 4  96  66  81  12   0  16 0.00  0.0    0  3.0 10 200   M    M   2        13 210
 5  90  62  76   7   0  11 0.00  0.0    0  3.4 12 200   M    M   1 128    14 210
 6  92  65  79  11   0  14 0.00  0.0    0  3.3 14 200   M    M   2 8      16 220
 7  94  66  80  12   0  15 0.00  0.0    0  3.6 16 200   M    M   4 128    20 200
 8  85  67  76   8   0  11 0.00  0.0    0  4.8 14 210   M    M   3        20 200
 9  78  68  73   5   0   8 0.00  0.0    0  6.0 14 200   M    M   4        17 200
10  80  65  73   5   0   8 0.00  0.0    0  2.6 10 220   M    M   4 8      16 230
11  81  69  75   7   0  10 0.00  0.0    0  3.3 10 220   M    M   6 18     15 240
12  78  69  74   6   0   9 0.00  0.0    0  4.8 13 200   M    M   6 8      16 210
13  79  69  74   7   0   9 0.00  0.0    0  4.4 13 200   M    M   6 8      16 200
14  78  70  74   7   0   9 0.00  0.0    0  3.7 12 210   M    M   8 8      16 280
15  80  68  74   7   0   9 0.00  0.0    0  3.8 13 220   M    M   5        21 270
16  78  65  72   5   0   7 0.00  0.0    0  2.4 13 220   M    M   3        17 220
17  79  64  72   5   0   7 0.00  0.0    0  3.1 12 270   M    M   6        15 270
18  78  66  72   5   0   7 0.00  0.0    0  2.7 12 220   M    M   4        16 230
19  78  63  71   5   0   6 0.00  0.0    0  2.7 13 210   M    M   1        15 230
20  78  67  73   7   0   8 0.00  0.0    0  2.3 10 200   M    M   7        14 260
21  79  65  72   6   0   7 0.00  0.0    0  2.3  9 220   M    M   4 1      13 220
22  83  62  73   7   0   8 0.00  0.0    0  2.3  9 200   M    M   3        13 220
23  85  62  74   8   0   9 0.00  0.0    0  2.1  8 210   M    M   1 8      10 270
24  86  62  74   8   0   9 0.00  0.0    0  2.7 12 200   M    M   0        16 210
25  81  65  73   7   0   8 0.00  0.0    0  2.7 12 220   M    M   3 8      15 230
26  77  65  71   5   0   6 0.00  0.0    0  4.2 13 220   M    M   5        16 210
27  76  60  68   3   0   3 0.00  0.0    0  3.3 13 190   M    M   1 8      17 200
28  80  62  71   6   0   6 0.00  0.0    0  1.8  9 220   M    M   1        13 230
29  85  62  74   9   0   9 0.00  0.0    0  2.4  9 220   M    M   0        12 230
================================================================================
SM 2415 1892         0 274  0.00     0.0  93.2          M       96
================================================================================
AV 83.3 65.2                               3.2 FASTST   M    M   3    MAX(MPH)
                                 MISC ---->  # 16 200               # 21  270
================================================================================
NOTES:
# LAST OF SEVERAL OCCURRENCES

COLUMN 17 PEAK WIND IN M.P.H.

PRELIMINARY LOCAL CLIMATOLOGICAL DATA (WS FORM: F-6) , PAGE 2

                                          STATION:  JOHN WAYNE AIRPORT CA
                                          MONTH:    OCTOBER
                                          YEAR:     2014
                                          LATITUDE:   33 40 N
                                          LONGITUDE: 117 53 W

[TEMPERATURE DATA]      [PRECIPITATION DATA]       SYMBOLS USED IN COLUMN 16

AVERAGE MONTHLY: 74.3   TOTAL FOR MONTH:   0.00    1 = FOG OR MIST
DPTR FM NORMAL:   7.2   DPTR FM NORMAL:   -0.68    2 = FOG REDUCING VISIBILITY
HIGHEST:   102 ON  3    GRTST 24HR  0.01 ON 22-23      TO 1/4 MILE OR LESS
LOWEST:     60 ON 27                               3 = THUNDER
                        SNOW, ICE PELLETS, HAIL    4 = ICE PELLETS
                        TOTAL MONTH:   0.0 INCH    5 = HAIL
                        GRTST 24HR     0.0         6 = FREEZING RAIN OR DRIZZLE
                        GRTST DEPTH:   0           7 = DUSTSTORM OR SANDSTORM:
                                                       VSBY 1/2 MILE OR LESS
                                                   8 = SMOKE OR HAZE
[NO. OF DAYS WITH]      [WEATHER - DAYS WITH]      9 = BLOWING SNOW
                                                   X = TORNADO
MAX 32 OR BELOW:   0    0.01 INCH OR MORE:   0
MAX 90 OR ABOVE:   6    0.10 INCH OR MORE:   0
MIN 32 OR BELOW:   0    0.50 INCH OR MORE:   0
MIN  0 OR BELOW:   0    1.00 INCH OR MORE:   0

[HDD (BASE 65) ]
TOTAL THIS MO.     0    CLEAR  (SCALE 0-3)  12
DPTR FM NORMAL   -20    PTCLDY (SCALE 4-7)  17
TOTAL FM JUL 1     0    CLOUDY (SCALE 8-10)  0
DPTR FM NORMAL   -21

[CDD (BASE 65) ]
TOTAL THIS MO.   274
DPTR FM NORMAL   192    [PRESSURE DATA]
TOTAL FM JAN 1  1934    HIGHEST SLP M ON M
DPTR FM NORMAL  1084    LOWEST  SLP 29.75 ON  1

[REMARKS]
