000
CXUS54 KMAF 221100
CF6SNK
PRELIMINARY LOCAL CLIMATOLOGICAL DATA (WS FORM: F-6)

                                          STATION:   Snyder Winston Field
                                          MONTH:     JANUARY
                                          YEAR:      2018
                                          LATITUDE:   32 41 N
                                          LONGITUDE: 100 57 W

  TEMPERATURE IN F:       :PCPN:    SNOW:  WIND      :SUNSHINE: SKY     :PK WND
================================================================================
1   2   3   4   5  6A  6B    7    8   9   10  11  12  13   14  15   16   17  18
                                     12Z  AVG MX 2MIN
DY MAX MIN AVG DEP HDD CDD  WTR  SNW DPTH SPD SPD DIR MIN PSBL S-S WX    SPD DR
================================================================================

 1  21   6  14   M  51   0 0.00  0.0    0  7.2 13  50   M    M   0         M  M
 2  28  13  21   M  44   0 0.00  0.0    0  5.6  8 210   M    M   5         M  M
 3  54  14  34   M  31   0 0.00  0.0    0  6.5 13 360   M    M   0        16  10
 4  56  27  42   M  23   0 0.00  0.0    0  6.4 16 180   M    M   0        17 170
 5  58  28  43   M  22   0 0.00  0.0    0  5.6 10 210   M    M   0         M  M
 6  63  32  48   M  17   0 0.00  0.0    0  8.4 17 160   M    M   0        20 170
 7  64  44  54   M  11   0 0.00  0.0    0 13.4 29 350   M    M   2        37 350
 8  62  34  48   M  17   0 0.00  0.0    0  5.8 10 360   M    M   0         M  M
 9  76  38  57   M   8   0 0.00  0.0    0  8.9 17 230   M    M   0        21 220
10  76  44  60   M   5   0 0.01    M    0 14.0 30 250   M    M   1 8      41 250
11  51  32  42   M  23   0 0.00  0.0    0 18.0 29 350   M    M   2        41 360
12  51  23  37   M  28   0 0.00  0.0    0  6.2 14  50   M    M   0        16 170
13  47  20  34   M  31   0 0.00  0.0    0  7.3 14  40   M    M   0         M  M
14  55  25  40   M  25   0 0.00  0.0    0  4.3  9 230   M    M   0         M  M
15  56  25  41   M  24   0 0.00  0.0    0 13.6 28  30   M    M   3        36  30
16  30  15  23   M  42   0 0.00  0.0    0 11.8 23  30   M    M   4        29  30
17  39  11  25   M  40   0 0.00  0.0    0  6.7 10 200   M    M   3         M  M
18  50  26  38   M  27   0 0.00  0.0    0  7.7 16 190   M    M   5        21 190
19  67  21  44   M  21   0 0.00  0.0    0 11.2 20 210   M    M   0        23 210
20  74  30  52   M  13   0 0.00  0.0    0 11.1 20 210   M    M   0 12     24 210
21  66  37  52   M  13   0 0.00  0.0    0 15.8 35 250   M    M   4 18     44 240
================================================================================
SM 1144  545       516   0  0.01     0.0 195.5          M       29
================================================================================
AV 54.5 26.0                               9.3 FASTST   M    M   1    MAX(MPH)
                                 MISC ---->  # 35 250               # 44  240
================================================================================
NOTES:
# LAST OF SEVERAL OCCURRENCES

COLUMN 17 PEAK WIND IN M.P.H.

PRELIMINARY LOCAL CLIMATOLOGICAL DATA (WS FORM: F-6) , PAGE 2

                                          STATION:  Snyder Winston Field
                                          MONTH:    JANUARY
                                          YEAR:     2018
                                          LATITUDE:   32 41 N
                                          LONGITUDE: 100 57 W

[TEMPERATURE DATA]      [PRECIPITATION DATA]       SYMBOLS USED IN COLUMN 16

AVERAGE MONTHLY: 40.2   TOTAL FOR MONTH:   0.01    1 = FOG OR MIST
DPTR FM NORMAL:     M   DPTR FM NORMAL:       M    2 = FOG REDUCING VISIBILITY
HIGHEST:    76 ON 10, 9 GRTST 24HR  0.01 ON 10-10      TO 1/4 MILE OR LESS
LOWEST:      6 ON  1                               3 = THUNDER
                        SNOW, ICE PELLETS, HAIL    4 = ICE PELLETS
                        TOTAL MONTH:   0.0 INCH    5 = HAIL
                        GRTST 24HR     0.0         6 = FREEZING RAIN OR DRIZZLE
                        GRTST DEPTH:   0           7 = DUSTSTORM OR SANDSTORM:
                                                       VSBY 1/2 MILE OR LESS
                                                   8 = SMOKE OR HAZE
[NO. OF DAYS WITH]      [WEATHER - DAYS WITH]      9 = BLOWING SNOW
                                                   X = TORNADO
MAX 32 OR BELOW:   3    0.01 INCH OR MORE:   1
MAX 90 OR ABOVE:   0    0.10 INCH OR MORE:   0
MIN 32 OR BELOW:  16    0.50 INCH OR MORE:   0
MIN  0 OR BELOW:   0    1.00 INCH OR MORE:   0

[HDD (BASE 65) ]
TOTAL THIS MO.   516    CLEAR  (SCALE 0-3)  16
DPTR FM NORMAL     M    PTCLDY (SCALE 4-7)   5
TOTAL FM JUL 1  1603    CLOUDY (SCALE 8-10)  0
DPTR FM NORMAL     M

[CDD (BASE 65) ]
TOTAL THIS MO.     0
DPTR FM NORMAL     M    [PRESSURE DATA]
TOTAL FM JAN 1     0    HIGHEST SLP M ON M
DPTR FM NORMAL     M    LOWEST  SLP M ON M

[REMARKS]
