000
CXAK56 PASN 211142
CF6SNP

PRELIMINARY LOCAL CLIMATOLOGICAL DATA (WS FORM: F-6)

                                          STATION:   ST PAUL
                                          MONTH:     10
                                          YEAR:      2014
                                          LATITUDE:   57 10 N
                                          LONGITUDE: 170 13 W

  TEMPERATURE IN F:       :PCPN:    SNOW:  WIND      :SUNSHINE: SKY     :PK WND
================================================================================
1   2   3   4   5  6A  6B    7     8   9   10  11  12  13   14  15   16  17  18
                                      12Z  AVG MX 2MIN
DY MAX MIN AVG DEP HDD CDD  WTR   SNW DPTH SPD SPD DIR MIN PSBL S-S WX   SPD DR
================================================================================

 1  52  45  49   7  16   0  0.00  0.0   0 19.4 26   70   M    M   M       32  60
 2  52  46  49   7  16   0     T  0.0   0 18.4 26   40   M    M   M       33  50
 3  50  40  45   4  20   0     T  0.0   0 18.8 28   10   M    M   M       36  10
 4  47  36  42   1  23   0     T  0.0   0 10.1 22   10   M    M   M       26  10
 5  46  28  37  -4  28   0  0.07  0.0   0  8.2 22  140   M    M   M 1     29 140
 6  48  42  45   4  20   0  0.02  0.0   0 23.8 36   80   M    M   M       42  90
 7  45  42  44   4  21   0     T  0.0   0 33.2 41   80   M    M   M       51  80
 8  46  38  42   2  23   0     T  0.0   0 32.9 44   60   M    M   M       54  40
 9  40  36  38  -2  27   0  0.00  0.0   0 35.9 46   40   M    M   M       61  40
10  42  33  38  -2  27   0  0.10    T   T 28.7 40  350   M    M   M 12458 52  10
11  41  33  37  -3  28   0  0.04    T   0 26.2 37  340   M    M   M 158   44 340
12  45  31  38  -1  27   0  0.03    T   0 14.3 30  340   M    M   M       38 350
13  45  28  37  -2  28   0     T  0.0   0  6.9 18  340   M    M   M       25 350
14  40  27  34  -5  31   0  0.00  0.0   0  8.9 16   90   M    M   M       21  70
15  42  31  37  -2  28   0  0.04    T   0  6.0 16   90   M    M   M 1     19  80
16  40  33  37  -2  28   0  0.05    T   0 15.1 26   20   M    M   M 1     34  10
17  42  34  38   0  27   0  0.08    T   0 23.1 36  340   M    M   M 1     43 340
18  43  34  39   1  26   0  0.02    T   0 16.8 31  350   M    M   M 1248  40 330
19  41  27  34  -4  31   0     T    T   T 11.8 25  340   M    M   M 15    31 340
20  39  32  36  -2  29   0  0.11    T   0 20.3 32  330   M    M   M 15    39 330
================================================================================
SM  886  696       504   0  0.56     T    378.8           M        M
================================================================================
AV 44.3 34.8                             18.9 FASTST  PSBL  %   M    MAX(MPH)
                                 MISC ---->     46   40                 61  40
================================================================================
NOTES:
# LAST OF SEVERAL OCCURRENCES

COLUMN 17 PEAK WIND IN M.P.H.

PRELIMINARY LOCAL CLIMATOLOGICAL DATA (WS FORM: F-6) , PAGE 2

                                          STATION:   ST PAUL
                                          MONTH:     10
                                          YEAR:      2014
                                          LATITUDE:  57 10 N
                                          LONGITUDE: 170 13 W

[TEMPERATURE DATA]      [PRECIPITATION DATA]       SYMBOLS USED IN COLUMN 16

AVERAGE MONTHLY:39.5   TOTAL FOR MONTH: 0.56       1 = FOG
DPTR FM NORMAL: -0.3   DPTR FM NORMAL: -1.44       2 = FOG REDUCING VISIBILITY
HIGHEST:    52 ON  2    GRTST 24HR   0.11 ON 20        TO 1/4 MILE OR LESS
LOWEST:     27 ON 19                               3 = THUNDER
                        SNOW, ICE PELLETS, HAIL    4 = ICE PELLETS
                        TOTAL MONTH:     T         5 = HAIL
                        GRTST 24HR     T ON 20     6 = GLAZE OR RIME
                        GRTST DEPTH:   T ON 19    7 = BLOWING DUST OR SAND:
                                                       VSBY 1/2 MILE OR LESS
                                                   8 = SMOKE OR HAZE
[NO. OF DAYS WITH]      [WEATHER - DAYS WITH]      9 = BLOWING SNOW
                                                   X = TORNADO
MAX 32 OR BELOW:   0    0.01 INCH OR MORE:  10
MAX 70 OR ABOVE:   0    0.10 INCH OR MORE:   2
MIN 32 OR BELOW:   7    0.50 INCH OR MORE:   0
MIN  0 OR BELOW:   0    1.00 INCH OR MORE:   0

[HDD (BASE 65) ]
TOTAL THIS MO.   504    CLEAR  (SCALE 0-3)   M
DPTR FM NORMAL    -1    PTCLDY (SCALE 4-7)   M
SEASONAL TOTAL  1780    CLOUDY (SCALE 8-10)  M
DPTR FM NORMAL  -368

[CDD (BASE 65) ]
TOTAL THIS MO.     0
DPTR FM NORMAL     0    [PRESSURE DATA]
SEASONAL TOTAL     0    HIGHEST SLP     M
DPTR FM NORMAL     0    LOWEST  SLP     M

[REMARKS]
