000
CXUS55 KCYS 261000
CF6SNY
PRELIMINARY LOCAL CLIMATOLOGICAL DATA (WS FORM: F-6)

                                          STATION:   SIDNEY NEBRASKA AIRPORT
                                          MONTH:     APRIL
                                          YEAR:      2017
                                          LATITUDE:   41  5 N
                                          LONGITUDE: 102 59 W

  TEMPERATURE IN F:       :PCPN:    SNOW:  WIND      :SUNSHINE: SKY     :PK WND
================================================================================
1   2   3   4   5  6A  6B    7    8   9   10  11  12  13   14  15   16   17  18
                                     12Z  AVG MX 2MIN
DY MAX MIN AVG DEP HDD CDD  WTR  SNW DPTH SPD SPD DIR MIN PSBL S-S WX    SPD DR
================================================================================

 1  45  36  41  -2  24   0    T    M    M  5.7 14  70   M    M  10 1      16  60
 2  62  30  46   3  19   0    T    M    M  9.2 18 330   M    M   2 12     23 330
 3  51  32  42  -1  23   0 0.25    M    M 13.6 30 320   M    M   6 13     38 290
 4  46  29  38  -6  27   0    T    M    M 12.1 23 360   M    M   7 1      27 360
 5  57  27  42  -2  23   0 0.00    M    M 11.8 24 320   M    M   1        30 330
 6  64  25  45   1  20   0 0.00    M    M  8.7 18 170   M    M   1        24 180
 7  79  35  57  13   8   0 0.00    M    M 10.6 21 270   M    M   0        30 210
 8  76  40  58  13   7   0 0.00    M    M 10.2 28 330   M    M   1        37 320
 9  61  35  48   3  17   0 0.05    M    M 16.1 35 300   M    M   5 8      45 310
10  55  30  43  -2  22   0 0.00    M    M 17.6 35 320   M    M   1        43 320
11  67  22  45  -1  20   0 0.00    M    M  8.3 16 150   M    M   0        21 150
12  71  35  53   7  12   0 0.00    M    M 13.5 30 330   M    M   0        34 330
13  75  30  53   7  12   0 0.00    M    M 15.6 33 150   M    M   2        43 150
14  77  51  64  17   1   0    T    M    M  9.9 36 360   M    M   1        44 360
15  66  32  49   2  16   0 0.00    M    M 14.4 31 320   M    M   0        39 310
16  69  27  48   0  17   0 0.02    M    M  9.9 22 180   M    M   1        29 190
17  67  45  56   8   9   0 0.00    M    M 15.5 32 160   M    M   4        39 160
18  69  40  55   7  10   0 0.00    M    M 10.9 23 360   M    M   0        29 340
19  70  38  54   5  11   0 0.00    M    M 15.2 36 310   M    M   3        45 310
20  65  30  48  -1  17   0 0.00    M    M  8.2 16 120   M    M   3        23 330
21  49  34  42  -7  23   0 0.22    M    M 11.9 21 150   M    M   9 1      27 150
22  57  32  45  -5  20   0 0.00    M    M  5.5 13 210   M    M   4 1      15 190
23  70  32  51   1  14   0 0.00    M    M 14.2 25 170   M    M   0        31 190
24  68  41  55   5  10   0 0.03    M    M 12.9 31 330   M    M   2        37 320
25  60  28  44  -7  21   0 0.11    M    M 12.3 28 310   M    M   7 1      38 320
================================================================================
SM 1596  836       403   0  0.68    M    293.8          M       70
================================================================================
AV 63.8 33.4                              11.8 FASTST   M    M   3    MAX(MPH)
                                 MISC ---->  # 36 360               # 45  310
================================================================================
NOTES:
# LAST OF SEVERAL OCCURRENCES

COLUMN 17 PEAK WIND IN M.P.H.

PRELIMINARY LOCAL CLIMATOLOGICAL DATA (WS FORM: F-6) , PAGE 2

                                          STATION:  SIDNEY NEBRASKA AIRPORT
                                          MONTH:    APRIL
                                          YEAR:     2017
                                          LATITUDE:   41  5 N
                                          LONGITUDE: 102 59 W

[TEMPERATURE DATA]      [PRECIPITATION DATA]       SYMBOLS USED IN COLUMN 16

AVERAGE MONTHLY: 48.6   TOTAL FOR MONTH:   0.68    1 = FOG OR MIST
DPTR FM NORMAL:   2.1   DPTR FM NORMAL:   -0.94    2 = FOG REDUCING VISIBILITY
HIGHEST:    79 ON  7    GRTST 24HR  0.25 ON  3- 3      TO 1/4 MILE OR LESS
LOWEST:     22 ON 11                               3 = THUNDER
                        SNOW, ICE PELLETS, HAIL    4 = ICE PELLETS
                        TOTAL MONTH:    M          5 = HAIL
                        GRTST 24HR    M  ON   M    6 = FREEZING RAIN OR DRIZZLE
                        GRTST DEPTH:  M  ON   M    7 = DUSTSTORM OR SANDSTORM:
                                                       VSBY 1/2 MILE OR LESS
                                                   8 = SMOKE OR HAZE
[NO. OF DAYS WITH]      [WEATHER - DAYS WITH]      9 = BLOWING SNOW
                                                   X = TORNADO
MAX 32 OR BELOW:   0    0.01 INCH OR MORE:   6
MAX 90 OR ABOVE:   0    0.10 INCH OR MORE:   3
MIN 32 OR BELOW:  14    0.50 INCH OR MORE:   0
MIN  0 OR BELOW:   0    1.00 INCH OR MORE:   0

[HDD (BASE 65) ]
TOTAL THIS MO.   403    CLEAR  (SCALE 0-3)  17
DPTR FM NORMAL   -59    PTCLDY (SCALE 4-7)   6
TOTAL FM JUL 1  5297    CLOUDY (SCALE 8-10)  2
DPTR FM NORMAL  -550

[CDD (BASE 65) ]
TOTAL THIS MO.     0
DPTR FM NORMAL     0    [PRESSURE DATA]
TOTAL FM JAN 1     0    HIGHEST SLP M ON M
DPTR FM NORMAL     0    LOWEST  SLP 29.41 ON 25

[REMARKS]
