388
CXUS56 KPQR 221200
CF6SPB
PRELIMINARY LOCAL CLIMATOLOGICAL DATA (WS FORM: F-6)

                                          STATION:   SCAPPOOSE OR
                                          MONTH:     JANUARY
                                          YEAR:      2018
                                          LATITUDE:   45 46 N
                                          LONGITUDE: 122 50 W

  TEMPERATURE IN F:       :PCPN:    SNOW:  WIND      :SUNSHINE: SKY     :PK WND
================================================================================
1   2   3   4   5  6A  6B    7    8   9   10  11  12  13   14  15   16   17  18
                                     12Z  AVG MX 2MIN
DY MAX MIN AVG DEP HDD CDD  WTR  SNW DPTH SPD SPD DIR MIN PSBL S-S WX    SPD DR
================================================================================

 1  43  28  36  -2  29   0 0.00  0.0    0  1.2  6 240   M    M   4 12      7 250
 2  45  27  36  -2  29   0 0.00  0.0    0  3.6  8 190   M    M   0        11 180
 3  47  31  39   0  26   0 0.00  0.0    0  3.8 10 210   M    M   0        13 220
 4  47  36  42   3  23   0 0.11    M    0  4.5 10 170   M    M   7 1      15 170
 5  46  39  43   4  22   0 0.41    M    0  4.6 13 140   M    M  10 1      18 220
 6  49  36  43   4  22   0 0.06    M    0  1.2  7 250   M    M   7 1       9 230
 7  44  37  41   2  24   0 0.33    M    0  1.4  7 150   M    M  10 1       9 150
 8  44  35  40   1  25   0 0.16    M    0  1.1  6 200   M    M   9 12      7 130
 9  49  38  44   5  21   0 0.35    M    0  1.6 12 280   M    M   9 1      15 280
10  46  37  42   3  23   0 0.08    M    0  1.6 10 150   M    M  10 1      11 150
11  58  45  52  12  13   0 1.06    M    0  6.0 15 210   M    M  10 1      22 210
12  52  47  50  10  15   0 0.01    M    M  3.7 12 160   M    M  10 1      20 160
13  61  39  50  10  15   0 0.00    M    M  1.3  6 270   M    M   4 1       7 280
14  60  34  47   7  18   0 0.00    M    M  2.3  7 240   M    M   3 12     11 170
15  57  37  47   7  18   0 0.10    M    M  4.8 12 210   M    M   3 1      15 190
16  56  38  47   7  18   0 0.16    M    0  1.7 10 150   M    M   5 1      14 260
17  53  40  47   7  18   0 0.35    M    0  3.2 16 140   M    M   7 1      19 170
18  51  42  47   7  18   0 0.18    M    0  6.6 15 140   M    M   7 1      22 190
19  47  41  44   4  21   0 0.04    M    0  7.0 13 200   M    M   9        20 160
20  47  41  44   4  21   0    T    M    0  7.1 14 140   M    M   9        19 140
21  50  41  46   5  19   0 0.23    M    0  6.7 15 150   M    M   9 1      23 170
================================================================================
SM 1052  789       438   0  3.63     0.0  75.0          M      142
================================================================================
AV 50.1 37.6                               3.6 FASTST   M    M   7    MAX(MPH)
                                 MISC ---->  # 16 140               # 23  170
================================================================================
NOTES:
# LAST OF SEVERAL OCCURRENCES

COLUMN 17 PEAK WIND IN M.P.H.

PRELIMINARY LOCAL CLIMATOLOGICAL DATA (WS FORM: F-6) , PAGE 2

                                          STATION:  SCAPPOOSE OR
                                          MONTH:    JANUARY
                                          YEAR:     2018
                                          LATITUDE:   45 46 N
                                          LONGITUDE: 122 50 W

[TEMPERATURE DATA]      [PRECIPITATION DATA]       SYMBOLS USED IN COLUMN 16

AVERAGE MONTHLY: 43.8   TOTAL FOR MONTH:   3.63    1 = FOG OR MIST
DPTR FM NORMAL:   4.4   DPTR FM NORMAL:   -1.18    2 = FOG REDUCING VISIBILITY
HIGHEST:    61 ON 13    GRTST 24HR  1.06 ON 11-11      TO 1/4 MILE OR LESS
LOWEST:     27 ON  2                               3 = THUNDER
                        SNOW, ICE PELLETS, HAIL    4 = ICE PELLETS
                        TOTAL MONTH:   0.0 INCH    5 = HAIL
                        GRTST 24HR     0.0         6 = FREEZING RAIN OR DRIZZLE
                        GRTST DEPTH:   0           7 = DUSTSTORM OR SANDSTORM:
                                                       VSBY 1/2 MILE OR LESS
                                                   8 = SMOKE OR HAZE
[NO. OF DAYS WITH]      [WEATHER - DAYS WITH]      9 = BLOWING SNOW
                                                   X = TORNADO
MAX 32 OR BELOW:   0    0.01 INCH OR MORE:  15
MAX 90 OR ABOVE:   0    0.10 INCH OR MORE:  11
MIN 32 OR BELOW:   3    0.50 INCH OR MORE:   1
MIN  0 OR BELOW:   0    1.00 INCH OR MORE:   1

[HDD (BASE 65) ]
TOTAL THIS MO.   438    CLEAR  (SCALE 0-3)   3
DPTR FM NORMAL   -97    PTCLDY (SCALE 4-7)   8
TOTAL FM JUL 1  2406    CLOUDY (SCALE 8-10) 10
DPTR FM NORMAL  -180

[CDD (BASE 65) ]
TOTAL THIS MO.     0
DPTR FM NORMAL     0    [PRESSURE DATA]
TOTAL FM JAN 1     0    HIGHEST SLP M ON M
DPTR FM NORMAL     0    LOWEST  SLP 29.61 ON  9

[REMARKS]
