000
CXUS54 KEPZ 251202
CF6SRR
PRELIMINARY LOCAL CLIMATOLOGICAL DATA (WS FORM: F-6)

                                          STATION:   RUIDOSO        AWOS
                                          MONTH:     OCTOBER
                                          YEAR:      2014
                                          LATITUDE:   33 28 N
                                          LONGITUDE: 105 32 W

  TEMPERATURE IN F:       :PCPN:    SNOW:  WIND      :SUNSHINE: SKY     :PK WND
================================================================================
1   2   3   4   5  6A  6B    7    8   9   10  11  12  13   14  15   16   17  18
                                     12Z  AVG MX 2MIN
DY MAX MIN AVG DEP HDD CDD  WTR  SNW DPTH SPD SPD DIR MIN PSBL S-S WX    SPD DR
================================================================================

 1  73  46  60   M   5   0 0.00  0.0    0  8.3 20 220   M    M   0        25 220
 2  64  46  55   M  10   0 0.00  0.0    0 10.7 16 300   M    M   0        23 290
 3  66  43  55   M  10   0 0.00  0.0    0  8.0 16 150   M    M   0        21 150
 4  73  41  57   M   8   0 0.00  0.0    0  7.4 16 310   M    M   0        24 310
 5  70  50  60   M   5   0 0.00  0.0    0 11.3 18 290   M    M   0        29 300
 6  75  50  63   M   2   0 0.00  0.0    0 10.1 16 320   M    M   0        24 320
 7  77  50  64   M   1   0 0.00  0.0    0  8.3 16 330   M    M   0        24 330
 8  75  54  65   M   0   0 0.00  0.0    0  5.9 12 250   M    M   2        29 250
 9  72  54  63   M   2   0 0.00  0.0    0  9.2 22 240   M    M   2        35 210
10  57  45  51   M  14   0 0.23    M    0  6.0 13 130   M    M   9 12      M  M
11  64  43  54   M  11   0 0.00  0.0    0  6.9 16 320   M    M   4 12     22 330
12  68  46  57   M   8   0    T  0.0    0 16.4 31 250   M    M   1        43 250
13  57  37  47   M  18   0 0.00  0.0    0  7.7 16 330   M    M   0        23 330
14  66  39  53   M  12   0 0.00  0.0    0  5.3 12 350   M    M   0        17 350
15  73  43  58   M   7   0 0.00  0.0    0  6.0 12 310   M    M   0         M  M
16  73  48  61   M   4   0 0.00  0.0    0  6.4 16 320   M    M   0        25 320
17  72  50  61   M   4   0 0.00  0.0    0  7.5 15 140   M    M   0        20 140
18  55  45  50   M  15   0 0.00  0.0    0  8.0 13 140   M    M   8        16 140
19  64  46  55   M  10   0 0.09    M    0  4.6 12 290   M    M   4 13      M  M
20  59  46  53   M  12   0 0.05    M    0  7.4 22 130   M    M   7 18     27 130
21  48  41  45   M  20   0 0.00  0.0    0  2.2  6  90   M    M   7         M  M
22   M   M   M   M   M   M    M    M    M   M   M   M   M    M   M         M  M
23   M   M   M   M   M   M    M    M    M   M   M   M   M    M   M         M  M
24  72  50  61   M   4   0 0.00  0.0    M  8.1 13 340   M    M   0        18 340
================================================================================
SM 1473 1013       182   0  0.37     0.0 171.7          M       44
================================================================================
AV 67.0 46.0                               7.8 FASTST   M    M   2    MAX(MPH)
                                 MISC ---->    31   M                 43    M
================================================================================
NOTES:
# LAST OF SEVERAL OCCURRENCES

COLUMN 17 PEAK WIND IN M.P.H.

PRELIMINARY LOCAL CLIMATOLOGICAL DATA (WS FORM: F-6) , PAGE 2

                                          STATION:  RUIDOSO        AWOS
                                          MONTH:    OCTOBER
                                          YEAR:     2014
                                          LATITUDE:   33 28 N
                                          LONGITUDE: 105 32 W

[TEMPERATURE DATA]      [PRECIPITATION DATA]       SYMBOLS USED IN COLUMN 16

AVERAGE MONTHLY: 56.5   TOTAL FOR MONTH:   0.37    1 = FOG OR MIST
DPTR FM NORMAL:     M   DPTR FM NORMAL:       M    2 = FOG REDUCING VISIBILITY
HIGHEST:    77 ON  7    GRTST 24HR  0.23 ON 10-10      TO 1/4 MILE OR LESS
LOWEST:     37 ON 13                               3 = THUNDER
                        SNOW, ICE PELLETS, HAIL    4 = ICE PELLETS
                        TOTAL MONTH:   0.0 INCH    5 = HAIL
                        GRTST 24HR     0.0         6 = FREEZING RAIN OR DRIZZLE
                        GRTST DEPTH:   0           7 = DUSTSTORM OR SANDSTORM:
                                                       VSBY 1/2 MILE OR LESS
                                                   8 = SMOKE OR HAZE
[NO. OF DAYS WITH]      [WEATHER - DAYS WITH]      9 = BLOWING SNOW
                                                   X = TORNADO
MAX 32 OR BELOW:   0    0.01 INCH OR MORE:   3
MAX 90 OR ABOVE:   0    0.10 INCH OR MORE:   1
MIN 32 OR BELOW:   0    0.50 INCH OR MORE:   0
MIN  0 OR BELOW:   0    1.00 INCH OR MORE:   0

[HDD (BASE 65) ]
TOTAL THIS MO.   182    CLEAR  (SCALE 0-3)  16
DPTR FM NORMAL     M    PTCLDY (SCALE 4-7)   5
TOTAL FM JUL 1   334    CLOUDY (SCALE 8-10)  1
DPTR FM NORMAL     M

[CDD (BASE 65) ]
TOTAL THIS MO.     0
DPTR FM NORMAL     M    [PRESSURE DATA]
TOTAL FM JAN 1   421    HIGHEST SLP M ON M
DPTR FM NORMAL     M    LOWEST  SLP M ON M

[REMARKS]
