000
CXUS55 KEAX 250736
CF6STJ
PRELIMINARY LOCAL CLIMATOLOGICAL DATA (WS FORM: F-6)

                                          STATION:   ST. JOSEPH MO
                                          MONTH:     MAY
                                          YEAR:      2016
                                          LATITUDE:   39 46 N
                                          LONGITUDE:  94 55 W

  TEMPERATURE IN F:       :PCPN:    SNOW:  WIND      :SUNSHINE: SKY     :PK WND
================================================================================
1   2   3   4   5  6A  6B    7    8   9   10  11  12  13   14  15   16   17  18
                                     12Z  AVG MX 2MIN
DY MAX MIN AVG DEP HDD CDD  WTR  SNW DPTH SPD SPD DIR MIN PSBL S-S WX    SPD DR
================================================================================

 1  56  49  53  -6  12   0 0.04    M    M  8.8 18 340   M    M  10 1      22 350
 2  61  46  54  -5  11   0 0.00    M    M  4.6 13  10   M    M   7 1      15 360
 3  71  40  56  -4   9   0 0.00    M    M  5.5 16 280   M    M   4 12     23 280
 4  71  47  59  -1   6   0 0.00    M    M 11.7 23 360   M    M   1        29 360
 5  74  41  58  -2   7   0 0.00    M    M  2.5 10  90   M    M   0        14  90
 6  84  47  66   5   0   1 0.00    M    M  8.0 17 200   M    M   0        23 240
 7  87  58  73  12   0   8 0.00    M    M  7.6 16  20   M    M   2 8      21  20
 8  70  58  64   3   1   0 0.19    M    M 10.7 30 160   M    M   2 138    37 170
 9  75  56  66   4   0   1 0.30    M    M 13.2 23 140   M    M   7 13     29 130
10  81  53  67   5   0   2 0.01    M    M  3.5 12 120   M    M   2 1      16 190
11  72  54  63   1   2   0 0.58    M    M  8.2 21 220   M    M   6 13     25 210
12  72  49  61  -2   4   0 0.00    M    M 10.7 26 310   M    M   0        32 300
13  81  45  63   0   2   0 0.09    M    M 13.7 39 240   M    M   3 38     50 240
14  62  41  52 -12  13   0 0.00    M    M 11.6 25 340   M    M   2        32 350
15  67  37  52 -12  13   0 0.03    M    M  5.0 24 210   M    M   2        30 210
16  53  50  52 -12  13   0 0.60    M    M  7.9 15  90   M    M  10 1      21  80
17  64  50  57  -8   8   0    T    M    M  7.1 14  30   M    M   6 1      20  30
18  69  46  58  -7   7   0 0.00    M    M  2.6 10 110   M    M   4 1      16 130
19  70  45  58  -8   7   0 0.05    M    M  4.5 17 180   M    M   4        22 170
20  67  51  59  -7   6   0    T    M    M  4.5 15 140   M    M   8 1      20 140
21  75  45  60  -6   5   0    T    M    M  5.7 16 160   M    M   1 1      22 160
22  82  51  67   0   0   2 0.00    M    M 11.2 21 150   M    M   1        24 160
23  71  62  67   0   0   2 0.39    M    M  9.0 21 150   M    M   4 13     27 160
24  80  63  72   5   0   7 0.09    M    M  7.7 25  40   M    M   3 13     27  40
================================================================================
SM 1715 1184       126  23  2.37    M    185.5          M       89
================================================================================
AV 71.5 49.3                               7.7 FASTST   M    M   4    MAX(MPH)
                                 MISC ---->  # 39 240               # 50  240
================================================================================
NOTES:
# LAST OF SEVERAL OCCURRENCES

COLUMN 17 PEAK WIND IN M.P.H.

PRELIMINARY LOCAL CLIMATOLOGICAL DATA (WS FORM: F-6) , PAGE 2

                                          STATION:  ST. JOSEPH MO
                                          MONTH:    MAY
                                          YEAR:     2016
                                          LATITUDE:   39 46 N
                                          LONGITUDE:  94 55 W

[TEMPERATURE DATA]      [PRECIPITATION DATA]       SYMBOLS USED IN COLUMN 16

AVERAGE MONTHLY: 60.4   TOTAL FOR MONTH:   2.37    1 = FOG OR MIST
DPTR FM NORMAL:  -2.7   DPTR FM NORMAL:   -1.90    2 = FOG REDUCING VISIBILITY
HIGHEST:    87 ON  7    GRTST 24HR  0.63 ON 15-16      TO 1/4 MILE OR LESS
LOWEST:     37 ON 15                               3 = THUNDER
                        SNOW, ICE PELLETS, HAIL    4 = ICE PELLETS
                        TOTAL MONTH:    M          5 = HAIL
                        GRTST 24HR    M  ON   M    6 = FREEZING RAIN OR DRIZZLE
                        GRTST DEPTH:  M  ON   M    7 = DUSTSTORM OR SANDSTORM:
                                                       VSBY 1/2 MILE OR LESS
                                                   8 = SMOKE OR HAZE
[NO. OF DAYS WITH]      [WEATHER - DAYS WITH]      9 = BLOWING SNOW
                                                   X = TORNADO
MAX 32 OR BELOW:   0    0.01 INCH OR MORE:  11
MAX 90 OR ABOVE:   0    0.10 INCH OR MORE:   5
MIN 32 OR BELOW:   0    0.50 INCH OR MORE:   2
MIN  0 OR BELOW:   0    1.00 INCH OR MORE:   0

[HDD (BASE 65) ]
TOTAL THIS MO.   126    CLEAR  (SCALE 0-3)  13
DPTR FM NORMAL    23    PTCLDY (SCALE 4-7)   8
TOTAL FM JUL 1  4519    CLOUDY (SCALE 8-10)  3
DPTR FM NORMAL  -922

[CDD (BASE 65) ]
TOTAL THIS MO.    23
DPTR FM NORMAL   -33    [PRESSURE DATA]
TOTAL FM JAN 1    42    HIGHEST SLP  0.00 ON M
DPTR FM NORMAL   -35    LOWEST  SLP  0.00 ON M

[REMARKS]
