000
CXUS53 KLSX 161600
CF6STL
PRELIMINARY LOCAL CLIMATOLOGICAL DATA (WS FORM: F-6)

                                          STATION:   ST. LOUIS
                                          MONTH:     AUGUST
                                          YEAR:      2017
                                          LATITUDE:   38 45 N
                                          LONGITUDE:  90 23 W

  TEMPERATURE IN F:       :PCPN:    SNOW:  WIND      :SUNSHINE: SKY     :PK WND
================================================================================
1   2   3   4   5  6A  6B    7    8   9   10  11  12  13   14  15   16   17  18
                                     12Z  AVG MX 2MIN
DY MAX MIN AVG DEP HDD CDD  WTR  SNW DPTH SPD SPD DIR MIN PSBL S-S WX    SPD DR
================================================================================

 1  91  74  83   3   0  18 0.00  0.0    0  5.2 16 200   M    M   8        20 180
 2  90  71  81   1   0  16 0.00  0.0    0  5.7 13 160   M    M   5 3      15 150
 3  94  72  83   3   0  18    T  0.0    0  7.3 21 250   M    M   5        26 240
 4  79  62  71  -9   0   6 0.00  0.0    0 10.3 21 310   M    M   3        27 340
 5  79  59  69 -11   0   4 0.01  0.0    0  7.5 20 160   M    M   6        25 160
 6  73  65  69 -11   0   4 0.09  0.0    0  7.6 15  90   M    M  10        19  90
 7  81  65  73  -7   0   8    T  0.0    0  6.7 17 350   M    M   7 1      21 360
 8  82  64  73  -7   0   8 0.00  0.0    0  6.6 13  40   M    M   1        17  60
 9  85  60  73  -7   0   8 0.00  0.0    0  5.2 16  50   M    M   4        21  30
10  91  70  81   2   0  16 0.00  0.0    0  6.9 16 230   M    M   7        23 220
11  84  69  77  -2   0  12 0.04  0.0    0  8.0 21 360   M    M   5 1      27 360
12  81  61  71  -8   0   6 0.00  0.0    0  6.6 15 340   M    M   4        22  20
13  83  59  71  -8   0   6 0.00  0.0    0  6.2 16  70   M    M   5        19  70
14  84  70  77  -2   0  12 0.04  0.0    0  5.3 14 190   M    M   8        19 160
15  91  71  81   2   0  16 0.00  0.0    0  6.1 15 160   M    M   5        17 150
================================================================================
SM 1268  992         0 158  0.18     0.0 101.2          M       83
================================================================================
AV 84.5 66.1                               6.7 FASTST   M    M   6    MAX(MPH)
                                 MISC ---->  # 21 250               # 27  340
================================================================================
NOTES:
# LAST OF SEVERAL OCCURRENCES

COLUMN 17 PEAK WIND IN M.P.H.

PRELIMINARY LOCAL CLIMATOLOGICAL DATA (WS FORM: F-6) , PAGE 2

                                          STATION:  ST. LOUIS
                                          MONTH:    AUGUST
                                          YEAR:     2017
                                          LATITUDE:   38 45 N
                                          LONGITUDE:  90 23 W

[TEMPERATURE DATA]      [PRECIPITATION DATA]       SYMBOLS USED IN COLUMN 16

AVERAGE MONTHLY: 75.3   TOTAL FOR MONTH:   0.18    1 = FOG OR MIST
DPTR FM NORMAL:  -4.3   DPTR FM NORMAL:   -1.34    2 = FOG REDUCING VISIBILITY
HIGHEST:    94 ON  3    GRTST 24HR  0.09 ON  6- 6      TO 1/4 MILE OR LESS
LOWEST:     59 ON 13, 5                            3 = THUNDER
                        SNOW, ICE PELLETS, HAIL    4 = ICE PELLETS
                        TOTAL MONTH:   0.0 INCH    5 = HAIL
                        GRTST 24HR     0.0         6 = FREEZING RAIN OR DRIZZLE
                        GRTST DEPTH:   0           7 = DUSTSTORM OR SANDSTORM:
                                                       VSBY 1/2 MILE OR LESS
                                                   8 = SMOKE OR HAZE
[NO. OF DAYS WITH]      [WEATHER - DAYS WITH]      9 = BLOWING SNOW
                                                   X = TORNADO
MAX 32 OR BELOW:   0    0.01 INCH OR MORE:   4
MAX 90 OR ABOVE:   5    0.10 INCH OR MORE:   0
MIN 32 OR BELOW:   0    0.50 INCH OR MORE:   0
MIN  0 OR BELOW:   0    1.00 INCH OR MORE:   0

[HDD (BASE 65) ]
TOTAL THIS MO.     0    CLEAR  (SCALE 0-3)   1
DPTR FM NORMAL     0    PTCLDY (SCALE 4-7)  13
TOTAL FM JUL 1     0    CLOUDY (SCALE 8-10)  1
DPTR FM NORMAL     0

[CDD (BASE 65) ]
TOTAL THIS MO.   158
DPTR FM NORMAL   -60    [PRESSURE DATA]
TOTAL FM JAN 1  1422    HIGHEST SLP M ON M
DPTR FM NORMAL   229    LOWEST  SLP 29.80 ON 14

[REMARKS]
