000
CXUS55 KSTO 231425
CF6STO
PRELIMINARY LOCAL CLIMATOLOGICAL DATA (WS FORM: F-6)

                                          STATION:   SACRAMENTO CITY
                                          MONTH:     SEPTEMBER
                                          YEAR:      2017
                                          LATITUDE:   38 36 N
                                          LONGITUDE: 121 23 W

  TEMPERATURE IN F:       :PCPN:    SNOW:  WIND      :SUNSHINE: SKY     :PK WND
================================================================================
1   2   3   4   5  6A  6B    7    8   9   10  11  12  13   14  15   16   17  18
                                     12Z  AVG MX 2MIN
DY MAX MIN AVG DEP HDD CDD  WTR  SNW DPTH SPD SPD DIR MIN PSBL S-S WX    SPD DR
================================================================================

 1 107  70  89  14   0  24 0.00    M    M   M   M   M   M    M   M         M  M
 2 106  71  89  14   0  24 0.00    M    M   M   M   M   M    M   M         M  M
 3 105  74  90  15   0  25 0.00  0.0    M   M   M   M   M    M   M         M  M
 4  95  74  85  10   0  20 0.00  0.0    M   M   M   M   M    M   M         M  M
 5  93  70  82   7   0  17 0.00  0.0    M   M   M   M   M    M   M         M  M
 6  94  68  81   6   0  16 0.00  0.0    0   M   M   M   M    M   M         M  M
 7  80  66  73  -2   0   8 0.00    M    M   M   M   M   M    M   M         M  M
 8  90  62  76   2   0  11 0.00  0.0    M   M   M   M   M    M   M         M  M
 9  94  62  78   4   0  13 0.00  0.0    M   M   M   M   M    M   M         M  M
10  98  66  82   8   0  17 0.00  0.0    M   M   M   M   M    M   M         M  M
11 100  71  86  12   0  21 0.00  0.0    M   M   M   M   M    M   M         M  M
12  95  69  82   8   0  17 0.00    M    M   M   M   M   M    M   M         M  M
13  81  64  73  -1   0   8 0.00  0.0    M   M   M   M   M    M   M         M  M
14  79  63  71  -3   0   6 0.00  0.0    M   M   M   M   M    M   M         M  M
15  85  57  71  -3   0   6 0.00  0.0    M   M   M   M   M    M   M         M  M
16  85  60  73   0   0   8 0.00  0.0    M   M   M   M   M    M   M         M  M
17  87  59  73   0   0   8 0.00  0.0    M   M   M   M   M    M   M         M  M
18  84  60  72  -1   0   7 0.00  0.0    M   M   M   M   M    M   M         M  M
19  79  55  67  -6   0   2 0.00  0.0    M   M   M   M   M    M   M         M  M
20  80  55  68  -5   0   3 0.00  0.0    M   M   M   M   M    M   M         M  M
21  75  52  64  -8   1   0 0.00  0.0    M   M   M   M   M    M   M         M  M
22  76  53  65  -7   0   0 0.00  0.0    M   M   M   M   M    M   M         M  M
================================================================================
SM 1968 1401         1 261  0.00     0.0     M          M        M
================================================================================
AV 89.5 63.7                                 M FASTST   M    M   1    MAX(MPH)
                                 MISC ---->     M   M                  M    M
================================================================================
NOTES:
# LAST OF SEVERAL OCCURRENCES

COLUMN 17 PEAK WIND IN M.P.H.

PRELIMINARY LOCAL CLIMATOLOGICAL DATA (WS FORM: F-6) , PAGE 2

                                          STATION:  SACRAMENTO CITY
                                          MONTH:    SEPTEMBER
                                          YEAR:     2017
                                          LATITUDE:   38 36 N
                                          LONGITUDE: 121 23 W

[TEMPERATURE DATA]      [PRECIPITATION DATA]       SYMBOLS USED IN COLUMN 16

AVERAGE MONTHLY: 76.6   TOTAL FOR MONTH:   0.00    1 = FOG OR MIST
DPTR FM NORMAL:   2.7   DPTR FM NORMAL:   -0.21    2 = FOG REDUCING VISIBILITY
HIGHEST:   107 ON  1    GRTST 24HR  0.00 ON 22-22      TO 1/4 MILE OR LESS
LOWEST:     52 ON 21                               3 = THUNDER
                        SNOW, ICE PELLETS, HAIL    4 = ICE PELLETS
                        TOTAL MONTH:   0.0 INCH    5 = HAIL
                        GRTST 24HR     0.0         6 = FREEZING RAIN OR DRIZZLE
                        GRTST DEPTH:   0           7 = DUSTSTORM OR SANDSTORM:
                                                       VSBY 1/2 MILE OR LESS
                                                   8 = SMOKE OR HAZE
[NO. OF DAYS WITH]      [WEATHER - DAYS WITH]      9 = BLOWING SNOW
                                                   X = TORNADO
MAX 32 OR BELOW:   0    0.01 INCH OR MORE:   0
MAX 90 OR ABOVE:  11    0.10 INCH OR MORE:   0
MIN 32 OR BELOW:   0    0.50 INCH OR MORE:   0
MIN  0 OR BELOW:   0    1.00 INCH OR MORE:   0

[HDD (BASE 65) ]
TOTAL THIS MO.     1    CLEAR  (SCALE 0-3)   0
DPTR FM NORMAL     1    PTCLDY (SCALE 4-7)   0
TOTAL FM JUL 1     1    CLOUDY (SCALE 8-10)  0
DPTR FM NORMAL     0

[CDD (BASE 65) ]
TOTAL THIS MO.   261
DPTR FM NORMAL    63    [PRESSURE DATA]
TOTAL FM JAN 1  1768    HIGHEST SLP M ON M
DPTR FM NORMAL   432    LOWEST  SLP M ON M

[REMARKS]
