000
CXUS54 KEPZ 241200
CF6SVC
PRELIMINARY LOCAL CLIMATOLOGICAL DATA (WS FORM: F-6)

                                          STATION:   SILVER CITY
                                          MONTH:     MAY
                                          YEAR:      2017
                                          LATITUDE:   32 37 N
                                          LONGITUDE: 108 10 W

  TEMPERATURE IN F:       :PCPN:    SNOW:  WIND      :SUNSHINE: SKY     :PK WND
================================================================================
1   2   3   4   5  6A  6B    7    8   9   10  11  12  13   14  15   16   17  18
                                     12Z  AVG MX 2MIN
DY MAX MIN AVG DEP HDD CDD  WTR  SNW DPTH SPD SPD DIR MIN PSBL S-S WX    SPD DR
================================================================================

 1  77  40  59   M   6   0 0.00  0.0    0 10.3 17 270   M    M   0        22 310
 2  80  41  61   M   4   0 0.00  0.0    0 12.5 20 280   M    M   0        28 280
 3  84  50  67   M   0   2 0.00  0.0    0 10.5 16 270   M    M   0        24 270
 4  77  40  59   M   6   0 0.00  0.0    0  6.5 15 160   M    M   0        22 160
 5  84  41  63   M   2   0 0.00  0.0    0  5.4 13 170   M    M   0        18 170
 6  85  49  67   M   0   2 0.03  0.0    0  8.2 21 170   M    M   2        59 260
 7  79  40  60   M   5   0 0.00  0.0    0 11.6 23 200   M    M   0        31 200
 8  74  46  60   M   5   0    T  0.0    0  8.3 18 130   M    M   4        37  80
 9  65  43  54   M  11   0    T  0.0    0 11.8 21 290   M    M   5        29 170
10  63  35  49   M  16   0 0.00  0.0    0 10.9 23 270   M    M   4        31 270
11  75  38  57   M   8   0 0.00  0.0    0  8.2 20 340   M    M   1        16 170
12  80  40  60   M   5   0 0.00  0.0    0  6.4 10 180   M    M   0        20 150
13  85  43  64   M   1   0 0.00  0.0    0  6.5 18 240   M    M   0        25 240
14  81  45  63   M   2   0 0.00  0.0    0 10.5 21 200   M    M   0        30 210
15  78  42  60   M   5   0 0.00  0.0    0 12.2 24 210   M    M   0        33 230
16  66  40  53   M  12   0 0.00  0.0    0 14.5 27 290   M    M   4 3      38 260
17  73  31  52   M  13   0 0.00  0.0    0 13.6 20 270   M    M   0        30 270
18  72  46  59   M   6   0 0.00  0.0    0 13.5 23 270   M    M   3 8      33 260
19  71  39  55   M  10   0 0.00  0.0    0 12.0 20 280   M    M   0        28 310
20  76  41  59   M   6   0 0.00  0.0    0  4.1 10 360   M    M   0        21 220
21  85  40  63   M   2   0 0.00  0.0    0  8.6 18 270   M    M   0        24 270
22  86  44  65   M   0   0 0.00  0.0    0 10.6 23 300   M    M   0        36 300
23  88  47  68   M   0   3 0.00  0.0    0 12.5 24 270   M    M   0        31 270
================================================================================
SM 1784  961       125   7  0.03     0.0 229.2          M       23
================================================================================
AV 77.6 41.8                              10.0 FASTST   M    M   1    MAX(MPH)
                                 MISC ---->  # 27 290               # 59  260
================================================================================
NOTES:
# LAST OF SEVERAL OCCURRENCES

COLUMN 17 PEAK WIND IN M.P.H.

PRELIMINARY LOCAL CLIMATOLOGICAL DATA (WS FORM: F-6) , PAGE 2

                                          STATION:  SILVER CITY
                                          MONTH:    MAY
                                          YEAR:     2017
                                          LATITUDE:   32 37 N
                                          LONGITUDE: 108 10 W

[TEMPERATURE DATA]      [PRECIPITATION DATA]       SYMBOLS USED IN COLUMN 16

AVERAGE MONTHLY: 59.7   TOTAL FOR MONTH:   0.03    1 = FOG OR MIST
DPTR FM NORMAL:     M   DPTR FM NORMAL:       M    2 = FOG REDUCING VISIBILITY
HIGHEST:    88 ON 23    GRTST 24HR  0.03 ON  6- 6      TO 1/4 MILE OR LESS
LOWEST:     31 ON 17                               3 = THUNDER
                        SNOW, ICE PELLETS, HAIL    4 = ICE PELLETS
                        TOTAL MONTH:   0.0 INCH    5 = HAIL
                        GRTST 24HR     0.0         6 = FREEZING RAIN OR DRIZZLE
                        GRTST DEPTH:   0           7 = DUSTSTORM OR SANDSTORM:
                                                       VSBY 1/2 MILE OR LESS
                                                   8 = SMOKE OR HAZE
[NO. OF DAYS WITH]      [WEATHER - DAYS WITH]      9 = BLOWING SNOW
                                                   X = TORNADO
MAX 32 OR BELOW:   0    0.01 INCH OR MORE:   1
MAX 90 OR ABOVE:   0    0.10 INCH OR MORE:   0
MIN 32 OR BELOW:   1    0.50 INCH OR MORE:   0
MIN  0 OR BELOW:   0    1.00 INCH OR MORE:   0

[HDD (BASE 65) ]
TOTAL THIS MO.   125    CLEAR  (SCALE 0-3)  19
DPTR FM NORMAL     M    PTCLDY (SCALE 4-7)   4
TOTAL FM JUL 1  3016    CLOUDY (SCALE 8-10)  0
DPTR FM NORMAL     M

[CDD (BASE 65) ]
TOTAL THIS MO.     7
DPTR FM NORMAL     M    [PRESSURE DATA]
TOTAL FM JAN 1     7    HIGHEST SLP M ON M
DPTR FM NORMAL     M    LOWEST  SLP M ON M

[REMARKS]
