000
CXUS54 KOUN 010800
CF6SWO
PRELIMINARY LOCAL CLIMATOLOGICAL DATA (WS FORM: F-6)

                                          STATION:   STILLWATER
                                          MONTH:     AUGUST
                                          YEAR:      2014
                                          LATITUDE:   36 10 N
                                          LONGITUDE:  97  5 W

  TEMPERATURE IN F:       :PCPN:    SNOW:  WIND      :SUNSHINE: SKY     :PK WND
================================================================================
1   2   3   4   5  6A  6B    7    8   9   10  11  12  13   14  15   16   17  18
                                     12Z  AVG MX 2MIN
DY MAX MIN AVG DEP HDD CDD  WTR  SNW DPTH SPD SPD DIR MIN PSBL S-S WX    SPD DR
================================================================================

 1  86  61  74  -9   0   9 0.00  0.0    0  3.2 12 150   M    M   4 12     15 160
 2  89  64  77  -6   0  12 0.00  0.0    0  3.8 13 160   M    M   1 1      16 170
 3  91  62  77  -6   0  12 0.00  0.0    0  2.1  8 140   M    M   1 1      14 100
 4  92  65  79  -4   0  14 0.00  0.0    0  5.3 12 190   M    M   0 18     15 200
 5  93  65  79  -4   0  14 0.00  0.0    0  6.5 15 150   M    M   0        20 180
 6  94  73  84   1   0  19 0.00  0.0    0 11.2 20 180   M    M   0 18     25 200
 7  96  74  85   2   0  20 0.00  0.0    0  8.5 20 190   M    M   1        24 190
 8  89  70  80  -3   0  15 0.72  0.0    0  4.4 25 260   M    M   2 1      36 270
 9  92  73  83   0   0  18 0.01  0.0    0  6.4 25 360   M    M   1 13     32 350
10  91  69  80  -3   0  15 0.00  0.0    0  5.3 22 340   M    M   1        31 340
11  92  64  78  -5   0  13 0.00  0.0    0  6.7 18 340   M    M   1        30  20
12  87  58  73 -10   0   8 0.00  0.0    0  5.4 14  20   M    M   0        20  20
13  90  60  75  -8   0  10 0.00  0.0    0  4.7 12 100   M    M   0        17 160
14  93  66  80  -2   0  15 0.00  0.0    0  9.2 17 160   M    M   1        22 170
15  96  69  83   1   0  18 0.00  0.0    0 11.4 21 180   M    M   1        25 160
16  98  74  86   4   0  21 0.00  0.0    0  6.9 16 210   M    M   0        22 220
17  99  69  84   2   0  19 0.00  0.0    0  4.1 15  50   M    M   1        82 330
18 101  70  86   4   0  21 0.02  0.0    0 11.2 37 150   M    M   0 38     45 150
19  97  69  83   1   0  18 0.00  0.0    0  8.2 18 200   M    M   0        22 170
20  97  73  85   3   0  20 0.00  0.0    0 13.8 23 170   M    M   1        30 170
21  99  76  88   7   0  23 0.00  0.0    0 13.5 23 170   M    M   0        30 190
22 103  78  91  10   0  26 0.00  0.0    0 14.0 20 160   M    M   0        25 160
23 102  72  87   6   0  22 0.00  0.0    0 12.7 23 180   M    M   0        30 170
24 103  73  88   7   0  23 0.00  0.0    0 11.1 20 160   M    M   0        25 160
25 103  74  89   9   0  24 0.00  0.0    0 10.0 15 140   M    M   0        21 160
26 101  70  86   6   0  21 0.00  0.0    0  7.1 16 110   M    M   0        20 120
27  99  67  83   3   0  18 0.00  0.0    0  7.4 16 140   M    M   0        24 120
28  98  70  84   4   0  19 0.07  0.0    0  9.6 18 140   M    M   2 1      24 170
29  90  68  79   0   0  14 0.08  0.0    0  8.3 21 190   M    M   4 1      27 180
30  99  67  83   4   0  18 0.00  0.0    0  5.5 14 120   M    M   0        17 130
31 100  70  85   6   0  20 0.00  0.0    0 15.9 28 170   M    M   0        35 180
================================================================================
SM 2960 2133         0 539  0.90     0.0 253.4          M       22
================================================================================
AV 95.5 68.8                               8.2 FASTST   M    M   1    MAX(MPH)
                                 MISC ---->  # 37 150               # 82  330
================================================================================
NOTES:
# LAST OF SEVERAL OCCURRENCES

COLUMN 17 PEAK WIND IN M.P.H.

PRELIMINARY LOCAL CLIMATOLOGICAL DATA (WS FORM: F-6) , PAGE 2

                                          STATION:  STILLWATER
                                          MONTH:    AUGUST
                                          YEAR:     2014
                                          LATITUDE:   36 10 N
                                          LONGITUDE:  97  5 W

[TEMPERATURE DATA]      [PRECIPITATION DATA]       SYMBOLS USED IN COLUMN 16

AVERAGE MONTHLY: 82.1   TOTAL FOR MONTH:   0.90    1 = FOG OR MIST
DPTR FM NORMAL:   0.4   DPTR FM NORMAL:   -2.03    2 = FOG REDUCING VISIBILITY
HIGHEST:   103 ON 25,24 GRTST 24HR  0.72 ON  8- 8      TO 1/4 MILE OR LESS
LOWEST:     58 ON 12                               3 = THUNDER
                        SNOW, ICE PELLETS, HAIL    4 = ICE PELLETS
                        TOTAL MONTH:   0.0 INCH    5 = HAIL
                        GRTST 24HR     0.0         6 = FREEZING RAIN OR DRIZZLE
                        GRTST DEPTH:   0           7 = DUSTSTORM OR SANDSTORM:
                                                       VSBY 1/2 MILE OR LESS
                                                   8 = SMOKE OR HAZE
[NO. OF DAYS WITH]      [WEATHER - DAYS WITH]      9 = BLOWING SNOW
                                                   X = TORNADO
MAX 32 OR BELOW:   0    0.01 INCH OR MORE:   5
MAX 90 OR ABOVE:  27    0.10 INCH OR MORE:   1
MIN 32 OR BELOW:   0    0.50 INCH OR MORE:   1
MIN  0 OR BELOW:   0    1.00 INCH OR MORE:   0

[HDD (BASE 65) ]
TOTAL THIS MO.     0    CLEAR  (SCALE 0-3)  29
DPTR FM NORMAL     0    PTCLDY (SCALE 4-7)   2
TOTAL FM JUL 1     2    CLOUDY (SCALE 8-10)  0
DPTR FM NORMAL     2

[CDD (BASE 65) ]
TOTAL THIS MO.   539
DPTR FM NORMAL    20    [PRESSURE DATA]
TOTAL FM JAN 1  1657    HIGHEST SLP M ON M
DPTR FM NORMAL    60    LOWEST  SLP 28.62 ON 14

[REMARKS]
#FINAL-08-14#
