000
CXUS54 KEWX 200910
CF6T82
PRELIMINARY LOCAL CLIMATOLOGICAL DATA (WS FORM: F-6)

                                          STATION:   FREDERICKSBURG
                                          MONTH:     OCTOBER
                                          YEAR:      2014
                                          LATITUDE:   30 15 N
                                          LONGITUDE:  98 55 W

  TEMPERATURE IN F:       :PCPN:    SNOW:  WIND      :SUNSHINE: SKY     :PK WND
================================================================================
1   2   3   4   5  6A  6B    7    8   9   10  11  12  13   14  15   16   17  18
                                     12Z  AVG MX 2MIN
DY MAX MIN AVG DEP HDD CDD  WTR  SNW DPTH SPD SPD DIR MIN PSBL S-S WX    SPD DR
================================================================================

 1  88  70  79   M   0  14 0.00    M    M  6.4 14 210   M    M   4        17 190
 2  89  73  81   M   0  16 0.00    M    M  8.3 14 220   M    M   5        21 200
 3  85  53  69   M   0   4 0.00    M    M  6.4 15 360   M    M   0        20 360
 4  79  48  64   M   1   0 0.00    M    M  3.9 12 200   M    M   0        17 180
 5  83  62  73   M   0   8 0.00    M    M 10.1 15 220   M    M   4        22 200
 6  87  70  79   M   0  14 0.00    M    M  5.7  9 180   M    M   6         M  M
 7  90  70  80   M   0  15 0.00    M    M  6.6 12 210   M    M   4        16 230
 8  87  70  79   M   0  14 0.00    M    M  8.3 14 170   M    M   5        22 170
 9  86  70  78   M   0  13 0.00    M    M 10.0 20 190   M    M   5        27 190
10  87  71  79   M   0  14 0.00    M    M  9.8 16 200   M    M   6        25 200
11  76  56  66   M   0   1 3.36    M    M  8.2 13 340   M    M   9 3      17  20
12  74  59  67   M   0   2 0.00    M    M  3.8 14 200   M    M  10 1      20 200
13  75  60  68   M   0   3 0.00    M    M 13.9 24 330   M    M   5        33 320
14  75  45  60   M   5   0 0.00    M    M  6.8 14 320   M    M   0        17 350
15  81  44  63   M   2   0 0.00    M    M  2.4  9 240   M    M   0         M  M
16  83  45  64   M   1   0 0.00    M    M  5.1 15 220   M    M   0        22 220
17  85  49  67   M   0   2 0.00    M    M  1.8  7 220   M    M   0         M  M
18  81  55  68   M   0   3 0.00    M    M  2.8  9  80   M    M   4 128     M  M
19  79  56  68   M   0   3 0.00    M    M  2.4  8 130   M    M   3         M  M
================================================================================
SM 1570 1126         9 126  3.36    M    122.7          M       70
================================================================================
AV 82.6 59.3                               6.5 FASTST   M    M   4    MAX(MPH)
                                 MISC ---->    24   M                 33    M
================================================================================
NOTES:
# LAST OF SEVERAL OCCURRENCES

COLUMN 17 PEAK WIND IN M.P.H.

PRELIMINARY LOCAL CLIMATOLOGICAL DATA (WS FORM: F-6) , PAGE 2

                                          STATION:  FREDERICKSBURG
                                          MONTH:    OCTOBER
                                          YEAR:     2014
                                          LATITUDE:   30 15 N
                                          LONGITUDE:  98 55 W

[TEMPERATURE DATA]      [PRECIPITATION DATA]       SYMBOLS USED IN COLUMN 16

AVERAGE MONTHLY: 70.9   TOTAL FOR MONTH:   3.36    1 = FOG OR MIST
DPTR FM NORMAL:     M   DPTR FM NORMAL:       M    2 = FOG REDUCING VISIBILITY
HIGHEST:    90 ON  7    GRTST 24HR  3.36 ON 11-11      TO 1/4 MILE OR LESS
LOWEST:     44 ON 15                               3 = THUNDER
                        SNOW, ICE PELLETS, HAIL    4 = ICE PELLETS
                        TOTAL MONTH:    M          5 = HAIL
                        GRTST 24HR    M  ON   M    6 = FREEZING RAIN OR DRIZZLE
                        GRTST DEPTH:  M  ON   M    7 = DUSTSTORM OR SANDSTORM:
                                                       VSBY 1/2 MILE OR LESS
                                                   8 = SMOKE OR HAZE
[NO. OF DAYS WITH]      [WEATHER - DAYS WITH]      9 = BLOWING SNOW
                                                   X = TORNADO
MAX 32 OR BELOW:   0    0.01 INCH OR MORE:   1
MAX 90 OR ABOVE:   1    0.10 INCH OR MORE:   1
MIN 32 OR BELOW:   0    0.50 INCH OR MORE:   1
MIN  0 OR BELOW:   0    1.00 INCH OR MORE:   1

[HDD (BASE 65) ]
TOTAL THIS MO.     9    CLEAR  (SCALE 0-3)   6
DPTR FM NORMAL     M    PTCLDY (SCALE 4-7)  11
TOTAL FM JUL 1     9    CLOUDY (SCALE 8-10)  2
DPTR FM NORMAL     M

[CDD (BASE 65) ]
TOTAL THIS MO.   126
DPTR FM NORMAL     M    [PRESSURE DATA]
TOTAL FM JAN 1  2329    HIGHEST SLP M ON M
DPTR FM NORMAL     M    LOWEST  SLP M ON M

[REMARKS]
