000
CXUS55 KTBW 221000
CF6TPA
PRELIMINARY LOCAL CLIMATOLOGICAL DATA (WS FORM: F-6)

                                          STATION:   Tampa
                                          MONTH:     DECEMBER
                                          YEAR:      2014
                                          LATITUDE:   27 58 N
                                          LONGITUDE:  82 32 W

  TEMPERATURE IN F:       :PCPN:    SNOW:  WIND      :SUNSHINE: SKY     :PK WND
================================================================================
1   2   3   4   5  6A  6B    7    8   9   10  11  12  13   14  15   16   17  18
                                     12Z  AVG MX 2MIN
DY MAX MIN AVG DEP HDD CDD  WTR  SNW DPTH SPD SPD DIR MIN PSBL S-S WX    SPD DR
================================================================================

 1  79  59  69   3   0   4    T  0.0    0  6.1 14  40   M    M   3 1      20  50
 2  79  64  72   6   0   7 0.00  0.0    0  5.8 14  80   M    M   5        23  50
 3  81  64  73   7   0   8 0.00  0.0    0  5.8 12  40   M    M   2        17  40
 4  82  62  72   7   0   7 0.00  0.0    0  5.9 13  40   M    M   2 1      21  60
 5  81  66  74   9   0   9 0.00  0.0    0  7.4 13  70   M    M   5        21  90
 6  79  65  72   7   0   7 0.00  0.0    0  5.3 13 330   M    M   5 12     26 270
 7  72  59  66   1   0   1    T  0.0    0  7.3 15  30   M    M  10 128    22  40
 8  64  55  60  -4   5   0 0.10  0.0    0  7.4 16 340   M    M  10 1      19 350
 9  64  51  58  -6   7   0 0.08  0.0    0  9.3 16 340   M    M   6 1      24 280
10  65  46  56  -8   9   0 0.00  0.0    0  4.2 15 280   M    M   2        22 270
11  65  47  56  -8   9   0 0.00  0.0    0  4.5 17 280   M    M   5 18     25 290
12  60  47  54 -10  11   0 0.00  0.0    0  4.6 10 300   M    M   8        20 260
13  70  43  57  -7   8   0 0.00  0.0    0  4.5 13 330   M    M   1 18     17 350
14  67  44  56  -7   9   0 0.00  0.0    0  3.3 15 280   M    M   0 1      20 270
15  70  44  57  -6   8   0 0.00  0.0    0  2.8  8 290   M    M   1 18     18 270
16  70  48  59  -4   6   0 0.00  0.0    0  4.3 13 190   M    M   5 128    15 190
17  77  54  66   3   0   1    T  0.0    0  4.5 14 340   M    M   6        20 270
18  68  50  59  -4   6   0 0.00  0.0    0  4.1 13 330   M    M   4        20 260
19  73  51  62   0   3   0 0.00  0.0    0  3.3 10 250   M    M   7        12 260
20  76  54  65   3   0   0    T  0.0    0  2.1  8 260   M    M   6        11 190
21  78  64  71   9   0   6 0.45  0.0    0  3.9 14 160   M    M   9 138    19 150
================================================================================
SM 1520 1137        81  50  0.63     0.0 106.4          M      102
================================================================================
AV 72.4 54.1                               5.1 FASTST   M    M   5    MAX(MPH)
                                 MISC ---->  # 17 280               # 26  270
================================================================================
NOTES:
# LAST OF SEVERAL OCCURRENCES

COLUMN 17 PEAK WIND IN M.P.H.

PRELIMINARY LOCAL CLIMATOLOGICAL DATA (WS FORM: F-6) , PAGE 2

                                          STATION:  Tampa
                                          MONTH:    DECEMBER
                                          YEAR:     2014
                                          LATITUDE:   27 58 N
                                          LONGITUDE:  82 32 W

[TEMPERATURE DATA]      [PRECIPITATION DATA]       SYMBOLS USED IN COLUMN 16

AVERAGE MONTHLY: 63.3   TOTAL FOR MONTH:   0.63    1 = FOG OR MIST
DPTR FM NORMAL:  -0.7   DPTR FM NORMAL:   -1.05    2 = FOG REDUCING VISIBILITY
HIGHEST:    82 ON  4    GRTST 24HR  0.45 ON 21-21      TO 1/4 MILE OR LESS
LOWEST:     43 ON 13                               3 = THUNDER
                        SNOW, ICE PELLETS, HAIL    4 = ICE PELLETS
                        TOTAL MONTH:   0.0 INCH    5 = HAIL
                        GRTST 24HR     0.0         6 = FREEZING RAIN OR DRIZZLE
                        GRTST DEPTH:   0           7 = DUSTSTORM OR SANDSTORM:
                                                       VSBY 1/2 MILE OR LESS
                                                   8 = SMOKE OR HAZE
[NO. OF DAYS WITH]      [WEATHER - DAYS WITH]      9 = BLOWING SNOW
                                                   X = TORNADO
MAX 32 OR BELOW:   0    0.01 INCH OR MORE:   3
MAX 90 OR ABOVE:   0    0.10 INCH OR MORE:   2
MIN 32 OR BELOW:   0    0.50 INCH OR MORE:   0
MIN  0 OR BELOW:   0    1.00 INCH OR MORE:   0

[HDD (BASE 65) ]
TOTAL THIS MO.    81    CLEAR  (SCALE 0-3)   6
DPTR FM NORMAL    -2    PTCLDY (SCALE 4-7)  12
TOTAL FM JUL 1   169    CLOUDY (SCALE 8-10)  3
DPTR FM NORMAL    42

[CDD (BASE 65) ]
TOTAL THIS MO.    50
DPTR FM NORMAL    -8    [PRESSURE DATA]
TOTAL FM JAN 1  3475    HIGHEST SLP M ON M
DPTR FM NORMAL  -113    LOWEST  SLP 29.98 ON 21

[REMARKS]
