000
CXUS56 KLKN 261009
CF6TPH
PRELIMINARY LOCAL CLIMATOLOGICAL DATA (WS FORM: F-6)

                                          STATION:   TONOPAH AIRPORT NV
                                          MONTH:     FEBRUARY
                                          YEAR:      2015
                                          LATITUDE:   38  3 N
                                          LONGITUDE: 117  5 W

  TEMPERATURE IN F:       :PCPN:    SNOW:  WIND      :SUNSHINE: SKY     :PK WND
================================================================================
1   2   3   4   5  6A  6B    7    8   9   10  11  12  13   14  15   16   17  18
                                     12Z  AVG MX 2MIN
DY MAX MIN AVG DEP HDD CDD  WTR  SNW DPTH SPD SPD DIR MIN PSBL S-S WX    SPD DR
================================================================================

 1  56  26  41   7  24   0 0.00    M    M  5.9 13  10   M    M   0        14  10
 2  62  28  45  11  20   0 0.00    M    M  6.4 13 360   M    M   0        13 320
 3  63  29  46  12  19   0 0.00    M    M  6.5 15 330   M    M   0        19 340
 4  61  29  45  10  20   0 0.00    M    M  6.8 13 360   M    M   0        15 360
 5  60  31  46  11  19   0 0.00    M    M 10.3 21 190   M    M   0        26 190
 6  65  36  51  16  14   0 0.00    M    M 12.5 29 180   M    M   0        35 170
 7  62  33  48  13  17   0 0.00    M    M  8.1 23 220   M    M   2        27 220
 8  62  37  50  15  15   0 0.00    M    M 10.1 25 200   M    M   4        29 200
 9  63  37  50  14  15   0 0.00    M    M  8.1 22 330   M    M   0        26 350
10  57  25  41   5  24   0 0.00    M    M  9.2 17  10   M    M   0        24 260
11  61  29  45   9  20   0 0.00    M    M  7.5 20  10   M    M   0        22  10
12  64  29  47  11  18   0 0.00    M    M  6.9 16  10   M    M   0        20  10
13  71  32  52  16  13   0 0.00    M    M  6.2 16  20   M    M   0        18  20
14  70  34  52  16  13   0 0.00    M    M  8.3 15 320   M    M   0        20 310
15  67  34  51  14  14   0 0.00    M    M 12.1 24 350   M    M   0        30 360
16  63  28  46   9  19   0 0.00    M    M 10.9 24 320   M    M   0        29 330
17  64  27  46   9  19   0 0.00    M    M  6.7 15 360   M    M   0        18 340
18  68  25  47  10  18   0 0.00    M    M  7.1 13 360   M    M   0        15 260
19  69  31  50  12  15   0 0.00    M    M  8.1 16 300   M    M   0        21 300
20  61  37  49  11  16   0 0.00    M    M 14.5 29 320   M    M   0 8      37 320
21  58  27  43   5  22   0 0.00    M    M 12.0 28  10   M    M   3        33  10
22  43  32  38   0  27   0 0.01    M    M  7.7 17  40   M    M   8 18     20  30
23  43  28  36  -2  29   0 0.00    M    M 14.0 28 320   M    M   7        33 320
24  54  25  40   1  25   0 0.00    M    M 19.1 30 310   M    M   0        36 300
25  61  27  44   5  21   0 0.00    M    M 13.9 26 330   M    M   0        34 340
================================================================================
SM 1528  756       476   0  0.01    M    238.9          M       24
================================================================================
AV 61.1 30.2                               9.6 FASTST   M    M   1    MAX(MPH)
                                 MISC ---->  # 30 310               # 37  320
================================================================================
NOTES:
# LAST OF SEVERAL OCCURRENCES

COLUMN 17 PEAK WIND IN M.P.H.

PRELIMINARY LOCAL CLIMATOLOGICAL DATA (WS FORM: F-6) , PAGE 2

                                          STATION:  TONOPAH AIRPORT NV
                                          MONTH:    FEBRUARY
                                          YEAR:     2015
                                          LATITUDE:   38  3 N
                                          LONGITUDE: 117  5 W

[TEMPERATURE DATA]      [PRECIPITATION DATA]       SYMBOLS USED IN COLUMN 16

AVERAGE MONTHLY: 45.7   TOTAL FOR MONTH:   0.01    1 = FOG OR MIST
DPTR FM NORMAL:   9.3   DPTR FM NORMAL:   -0.45    2 = FOG REDUCING VISIBILITY
HIGHEST:    71 ON 13    GRTST 24HR  0.01 ON 22-22      TO 1/4 MILE OR LESS
LOWEST:     25 ON 24,18                            3 = THUNDER
                        SNOW, ICE PELLETS, HAIL    4 = ICE PELLETS
                        TOTAL MONTH:    M          5 = HAIL
                        GRTST 24HR    M  ON   M    6 = FREEZING RAIN OR DRIZZLE
                        GRTST DEPTH:  M  ON   M    7 = DUSTSTORM OR SANDSTORM:
                                                       VSBY 1/2 MILE OR LESS
                                                   8 = SMOKE OR HAZE
[NO. OF DAYS WITH]      [WEATHER - DAYS WITH]      9 = BLOWING SNOW
                                                   X = TORNADO
MAX 32 OR BELOW:   0    0.01 INCH OR MORE:   1
MAX 90 OR ABOVE:   0    0.10 INCH OR MORE:   0
MIN 32 OR BELOW:  18    0.50 INCH OR MORE:   0
MIN  0 OR BELOW:   0    1.00 INCH OR MORE:   0

[HDD (BASE 65) ]
TOTAL THIS MO.   476    CLEAR  (SCALE 0-3)  22
DPTR FM NORMAL  -237    PTCLDY (SCALE 4-7)   3
TOTAL FM JUL 1  3045    CLOUDY (SCALE 8-10)  0
DPTR FM NORMAL  -919

[CDD (BASE 65) ]
TOTAL THIS MO.     0
DPTR FM NORMAL     0    [PRESSURE DATA]
TOTAL FM JAN 1     0    HIGHEST SLP M ON M
DPTR FM NORMAL     0    LOWEST  SLP 29.76 ON  6

[REMARKS]
