000
CXUS56 KLKN 261009
CF6TPH
PRELIMINARY LOCAL CLIMATOLOGICAL DATA (WS FORM: F-6)

                                          STATION:   TONOPAH AIRPORT NV
                                          MONTH:     FEBRUARY
                                          YEAR:      2017
                                          LATITUDE:   38  3 N
                                          LONGITUDE: 117  5 W

  TEMPERATURE IN F:       :PCPN:    SNOW:  WIND      :SUNSHINE: SKY     :PK WND
================================================================================
1   2   3   4   5  6A  6B    7    8   9   10  11  12  13   14  15   16   17  18
                                     12Z  AVG MX 2MIN
DY MAX MIN AVG DEP HDD CDD  WTR  SNW DPTH SPD SPD DIR MIN PSBL S-S WX    SPD DR
================================================================================

 1  49  27  38   4  27   0 0.00    M    M  5.9 13  20   M    M   0        15  20
 2  51  28  40   6  25   0 0.00    M    M  5.7 13  20   M    M   2        14 190
 3  52  32  42   8  23   0 0.00    M    M  7.9 23 200   M    M   5        27 200
 4  46  31  39   4  26   0 0.00    M    M  6.3 13 160   M    M   7        16 160
 5  48  29  39   4  26   0 0.00    M    M  8.1 17 170   M    M   1        21 170
 6  49  31  40   5  25   0 0.00    M    M  9.2 20 190   M    M   1        23 220
 7  57  37  47  12  18   0    T    M    M  9.3 22 300   M    M   8        30 300
 8  55  32  44   9  21   0 0.00    M    M  5.9 14 170   M    M   5 1      18 160
 9  61  39  50  14  15   0 0.00    M    M  9.5 22 190   M    M   4        27 180
10  55  39  47  11  18   0 0.15    M    M  5.6 15 350   M    M   9 1      18 220
11  49  35  42   6  23   0 0.04    M    M 13.4 23  10   M    M   8        30 360
12  48  31  40   4  25   0 0.00    M    M 12.5 22 320   M    M   0        27 320
13  55  30  43   7  22   0 0.00    M    M 10.8 23 300   M    M   0        27 300
14  57  29  43   7  22   0 0.00    M    M  9.0 17 360   M    M   0        20 290
15  61  25  43   6  22   0 0.00    M    M  5.3 13  20   M    M   0        15  20
16  54  31  43   6  22   0 0.00    M    M  7.2 18 160   M    M   1        22 160
17  43  34  39   2  26   0 0.22    M    M 17.1 32 170   M    M   9 1      41 160
18  41  34  38   1  27   0 0.20    M    M  6.6 21 160   M    M  10 1      27 170
19  49  34  42   4  23   0 0.00    M    M  6.8 17 190   M    M   9 1      22 190
20  49  41  45   7  20   0    T    M    M 16.4 32 210   M    M   8 1      40 210
21  55  34  45   7  20   0 0.00    M    M 16.1 33 210   M    M   0        43 210
22  43  27  35  -3  30   0 0.00    M    M 16.1 35 330   M    M   4        44 330
23  36  22  29  -9  36   0    T    M    M 15.3 31 340   M    M   3        40 330
24  36  17  27 -12  38   0 0.00  0.0    0  5.3 14 330   M    M   1        17 330
25  42  18  30  -9  35   0 0.00    M    M  6.0 17 360   M    M   2        22 310
================================================================================
SM 1241  767       615   0  0.61     0.0 237.3          M       97
================================================================================
AV 49.6 30.7                               9.5 FASTST   M    M   4    MAX(MPH)
                                 MISC ---->  # 35 330               # 44  330
================================================================================
NOTES:
# LAST OF SEVERAL OCCURRENCES

COLUMN 17 PEAK WIND IN M.P.H.

PRELIMINARY LOCAL CLIMATOLOGICAL DATA (WS FORM: F-6) , PAGE 2

                                          STATION:  TONOPAH AIRPORT NV
                                          MONTH:    FEBRUARY
                                          YEAR:     2017
                                          LATITUDE:   38  3 N
                                          LONGITUDE: 117  5 W

[TEMPERATURE DATA]      [PRECIPITATION DATA]       SYMBOLS USED IN COLUMN 16

AVERAGE MONTHLY: 40.2   TOTAL FOR MONTH:   0.61    1 = FOG OR MIST
DPTR FM NORMAL:   3.8   DPTR FM NORMAL:    0.15    2 = FOG REDUCING VISIBILITY
HIGHEST:    61 ON 15, 9 GRTST 24HR  0.27 ON 17-18      TO 1/4 MILE OR LESS
LOWEST:     17 ON 24                               3 = THUNDER
                        SNOW, ICE PELLETS, HAIL    4 = ICE PELLETS
                        TOTAL MONTH:   0.0 INCH    5 = HAIL
                        GRTST 24HR     0.0         6 = FREEZING RAIN OR DRIZZLE
                        GRTST DEPTH:   0           7 = DUSTSTORM OR SANDSTORM:
                                                       VSBY 1/2 MILE OR LESS
                                                   8 = SMOKE OR HAZE
[NO. OF DAYS WITH]      [WEATHER - DAYS WITH]      9 = BLOWING SNOW
                                                   X = TORNADO
MAX 32 OR BELOW:   0    0.01 INCH OR MORE:   4
MAX 90 OR ABOVE:   0    0.10 INCH OR MORE:   3
MIN 32 OR BELOW:  16    0.50 INCH OR MORE:   0
MIN  0 OR BELOW:   0    1.00 INCH OR MORE:   0

[HDD (BASE 65) ]
TOTAL THIS MO.   615    CLEAR  (SCALE 0-3)  13
DPTR FM NORMAL   -98    PTCLDY (SCALE 4-7)   8
TOTAL FM JUL 1  3766    CLOUDY (SCALE 8-10)  4
DPTR FM NORMAL  -198

[CDD (BASE 65) ]
TOTAL THIS MO.     0
DPTR FM NORMAL     0    [PRESSURE DATA]
TOTAL FM JAN 1     0    HIGHEST SLP M ON M
DPTR FM NORMAL     0    LOWEST  SLP 29.44 ON M

[REMARKS]
