000
CXUS54 KFWD 270730
CF6TRL
PRELIMINARY LOCAL CLIMATOLOGICAL DATA (WS FORM: F-6)

                                          STATION:   TERRELL
                                          MONTH:     FEBRUARY
                                          YEAR:      2015
                                          LATITUDE:   32 42 N
                                          LONGITUDE:  96 16 W

  TEMPERATURE IN F:       :PCPN:    SNOW:  WIND      :SUNSHINE: SKY     :PK WND
================================================================================
1   2   3   4   5  6A  6B    7    8   9   10  11  12  13   14  15   16   17  18
                                     12Z  AVG MX 2MIN
DY MAX MIN AVG DEP HDD CDD  WTR  SNW DPTH SPD SPD DIR MIN PSBL S-S WX    SPD DR
================================================================================

 1  63  36  50   3  15   0 0.69  0.0    0 14.7 24 330   M    M   5 13     35 320
 2  42  26  34 -13  31   0 0.00  0.0    0  6.6 18 340   M    M   0        25 330
 3  53  33  43  -5  22   0 0.00  0.0    0  7.5 16 160   M    M   1        20 200
 4  58  41  50   2  15   0 0.02  0.0    0  8.4 20 350   M    M   7 18     27 350
 5  41  32  37 -11  28   0    T  0.0    0  8.6 18 340   M    M  10 168    26 350
 6  54  36  45  -3  20   0 0.00  0.0    0  6.4 15 160   M    M   6 18     20 150
 7  70  43  57   9   8   0 0.00  0.0    0 15.0 25 170   M    M   2 18     32 190
 8  74  50  62  14   3   0 0.00  0.0    0  9.1 22 190   M    M   5 18     29 190
 9  76  44  60  11   5   0 0.00  0.0    0  5.8 18  20   M    M   0 18     26 340
10  73  45  59  10   6   0 0.00  0.0    0  8.5 17 160   M    M   0        22 180
11  70  47  59  10   6   0 0.00  0.0    0  7.8 20 360   M    M   0 8      25 360
12  58  37  48  -1  17   0 0.00  0.0    0  9.6 20  10   M    M   0        26  20
13  66  32  49   0  16   0 0.00  0.0    0  6.3 16 220   M    M   0        22 210
14  78  36  57   7   8   0 0.00  0.0    0  2.9 14 250   M    M   0 18     23 300
15  66  48  57   7   8   0    T  0.0    0  7.7 16 120   M    M   5 18     24 230
16  63  30  47  -3  18   0 0.40    M    0 13.9 26 320   M    M   7 1      35 330
17  52  28  40 -10  25   0 0.08    M    0  4.9 22 330   M    M   4 12     27 320
18  58  28  43  -7  22   0 0.00  0.0    0  3.2 13  50   M    M   1 128    22 270
19  59  33  46  -5  19   0 0.00  0.0    0  9.0 18 160   M    M   0        23 150
20  70  48  59   8   6   0    T    M    0 15.0 26 190   M    M   8        37 180
21  69  48  59   8   6   0    T    M    0 12.9 29 200   M    M   8 8      40 210
22  50  32  41 -10  24   0 0.79    M    0 13.4 21 350   M    M   8 1      29 350
23  32  28  30 -22  35   0 0.25    M    0 12.2 22  40   M    M  10 168    31  10
24  36  27  32 -20  33   0 0.00  0.0    0  5.5 16 140   M    M   7 18     18 140
25  45  32  39 -13  26   0 0.75    M    0  4.2  9 320   M    M   7 168    15  10
26  40  30  35 -17  30   0 0.00  0.0    0 12.4 24  10   M    M   7 18     30 350
================================================================================
SM 1516  950       452   0  2.98     0.0 231.5          M      108
================================================================================
AV 58.3 36.5                               8.9 FASTST   M    M   4    MAX(MPH)
                                 MISC ---->  # 29 200               # 40  210
================================================================================
NOTES:
# LAST OF SEVERAL OCCURRENCES

COLUMN 17 PEAK WIND IN M.P.H.

PRELIMINARY LOCAL CLIMATOLOGICAL DATA (WS FORM: F-6) , PAGE 2

                                          STATION:  TERRELL
                                          MONTH:    FEBRUARY
                                          YEAR:     2015
                                          LATITUDE:   32 42 N
                                          LONGITUDE:  96 16 W

[TEMPERATURE DATA]      [PRECIPITATION DATA]       SYMBOLS USED IN COLUMN 16

AVERAGE MONTHLY: 47.4   TOTAL FOR MONTH:   2.98    1 = FOG OR MIST
DPTR FM NORMAL:  -2.2   DPTR FM NORMAL:    0.03    2 = FOG REDUCING VISIBILITY
HIGHEST:    78 ON 14    GRTST 24HR  1.02 ON 22-23      TO 1/4 MILE OR LESS
LOWEST:     26 ON  2                               3 = THUNDER
                        SNOW, ICE PELLETS, HAIL    4 = ICE PELLETS
                        TOTAL MONTH:   0.0 INCH    5 = HAIL
                        GRTST 24HR     0.0         6 = FREEZING RAIN OR DRIZZLE
                        GRTST DEPTH:   0           7 = DUSTSTORM OR SANDSTORM:
                                                       VSBY 1/2 MILE OR LESS
                                                   8 = SMOKE OR HAZE
[NO. OF DAYS WITH]      [WEATHER - DAYS WITH]      9 = BLOWING SNOW
                                                   X = TORNADO
MAX 32 OR BELOW:   1    0.01 INCH OR MORE:   7
MAX 90 OR ABOVE:   0    0.10 INCH OR MORE:   5
MIN 32 OR BELOW:  11    0.50 INCH OR MORE:   3
MIN  0 OR BELOW:   0    1.00 INCH OR MORE:   0

[HDD (BASE 65) ]
TOTAL THIS MO.   452    CLEAR  (SCALE 0-3)  11
DPTR FM NORMAL    47    PTCLDY (SCALE 4-7)  12
TOTAL FM JUL 1  1831    CLOUDY (SCALE 8-10)  3
DPTR FM NORMAL  -118

[CDD (BASE 65) ]
TOTAL THIS MO.     0
DPTR FM NORMAL     0    [PRESSURE DATA]
TOTAL FM JAN 1     0    HIGHEST SLP M ON M
DPTR FM NORMAL    -1    LOWEST  SLP 29.63 ON 21

[REMARKS]
