474
CXUS56 KSGX 261445
CF6TRM
PRELIMINARY LOCAL CLIMATOLOGICAL DATA (WS FORM: F-6)

                                          STATION:   THERMAL AIRPORT CA
                                          MONTH:     JULY
                                          YEAR:      2017
                                          LATITUDE:   33 37 N
                                          LONGITUDE: 116 10 W

  TEMPERATURE IN F:       :PCPN:    SNOW:  WIND      :SUNSHINE: SKY     :PK WND
================================================================================
1   2   3   4   5  6A  6B    7    8   9   10  11  12  13   14  15   16   17  18
                                     12Z  AVG MX 2MIN
DY MAX MIN AVG DEP HDD CDD  WTR  SNW DPTH SPD SPD DIR MIN PSBL S-S WX    SPD DR
================================================================================

 1 108  69  89   0   0  24 0.00  0.0    0  7.2 17 140   M    M   0        22 120
 2 106  69  88  -1   0  23 0.00  0.0    0  5.1 14 150   M    M   0        18 150
 3 111  69  90   1   0  25 0.00  0.0    0  4.6 15 130   M    M   0 8      19 120
 4 112  67  90   1   0  25 0.00  0.0    0  4.7 13 130   M    M   0        17 120
 5 112  80  96   6   0  31 0.00  0.0    0  6.6 17 130   M    M   0        22 120
 6 115  73  94   4   0  29 0.00  0.0    0  3.9 13 320   M    M   0 8      16 310
 7 121  79 100  10   0  35 0.00  0.0    0  6.5 15 340   M    M   0        20 320
 8 108  85  97   7   0  32 0.00  0.0    0  8.4 24 140   M    M   1 8      33 140
 9 109  82  96   6   0  31 0.00  0.0    0  7.7 20 130   M    M   0 3      26 120
10 109  83  96   6   0  31 0.00  0.0    0  8.5 22 340   M    M   0 8      29 330
11 110  88  99   9   0  34 0.00  0.0    0  9.7 25 340   M    M   0        33 340
12 111  87  99   9   0  34 0.00  0.0    0 10.6 24 340   M    M   0 8      31 340
13 109  79  94   4   0  29 0.00  0.0    0  7.1 18 340   M    M   0        23 330
14 111  78  95   4   0  30 0.00  0.0    0  6.0 16 310   M    M   0        24 310
15 108  76  92   1   0  27 0.00  0.0    0  6.3 21 150   M    M   0        29 150
16 106  80  93   2   0  28 0.00  0.0    0  7.7 15 140   M    M   0        21 150
17 106  80  93   2   0  28 0.00  0.0    0  5.4 15 130   M    M   0        19 160
18 107  78  93   2   0  28 0.00  0.0    0  5.1 12 130   M    M   0        18 130
19 103  81  92   1   0  27    T  0.0    0  3.7 10  90   M    M   1 3      13 110
20 107  81  94   3   0  29 0.00  0.0    0  4.7 16 330   M    M   0        20 340
21 108  72  90  -1   0  25 0.00  0.0    0  3.7 10 130   M    M   0        14 120
22 109  76  93   2   0  28 0.00  0.0    0  5.9 13 150   M    M   0        17 140
23 107  78  93   2   0  28 0.00  0.0    0  7.4 18 150   M    M   1 8      23 140
24 102  84  93   2   0  28    T  0.0    0  5.5 13 150   M    M   0        21 130
25 106  83  95   4   0  30 0.00  0.0    0  5.9 12 140   M    M   0        16 140
================================================================================
SM 2721 1957         0 719    T      0.0 157.9          M        3
================================================================================
AV108.8 78.3                               6.3 FASTST   M    M   0    MAX(MPH)
                                 MISC ---->  # 25 340               # 33  140
================================================================================
NOTES:
# LAST OF SEVERAL OCCURRENCES

COLUMN 17 PEAK WIND IN M.P.H.

PRELIMINARY LOCAL CLIMATOLOGICAL DATA (WS FORM: F-6) , PAGE 2

                                          STATION:  THERMAL AIRPORT CA
                                          MONTH:    JULY
                                          YEAR:     2017
                                          LATITUDE:   33 37 N
                                          LONGITUDE: 116 10 W

[TEMPERATURE DATA]      [PRECIPITATION DATA]       SYMBOLS USED IN COLUMN 16

AVERAGE MONTHLY: 93.6   TOTAL FOR MONTH:      T    1 = FOG OR MIST
DPTR FM NORMAL:   3.2   DPTR FM NORMAL:   -0.11    2 = FOG REDUCING VISIBILITY
HIGHEST:   121 ON  7    GRTST 24HR    T  ON 24-24      TO 1/4 MILE OR LESS
LOWEST:     67 ON  4                               3 = THUNDER
                        SNOW, ICE PELLETS, HAIL    4 = ICE PELLETS
                        TOTAL MONTH:   0.0 INCH    5 = HAIL
                        GRTST 24HR     0.0         6 = FREEZING RAIN OR DRIZZLE
                        GRTST DEPTH:   0           7 = DUSTSTORM OR SANDSTORM:
                                                       VSBY 1/2 MILE OR LESS
                                                   8 = SMOKE OR HAZE
[NO. OF DAYS WITH]      [WEATHER - DAYS WITH]      9 = BLOWING SNOW
                                                   X = TORNADO
MAX 32 OR BELOW:   0    0.01 INCH OR MORE:   0
MAX 90 OR ABOVE:  25    0.10 INCH OR MORE:   0
MIN 32 OR BELOW:   0    0.50 INCH OR MORE:   0
MIN  0 OR BELOW:   0    1.00 INCH OR MORE:   0

[HDD (BASE 65) ]
TOTAL THIS MO.     0    CLEAR  (SCALE 0-3)  25
DPTR FM NORMAL     0    PTCLDY (SCALE 4-7)   0
TOTAL FM JUL 1     0    CLOUDY (SCALE 8-10)  0
DPTR FM NORMAL     0

[CDD (BASE 65) ]
TOTAL THIS MO.   719
DPTR FM NORMAL    86    [PRESSURE DATA]
TOTAL FM JAN 1  2415    HIGHEST SLP M ON M
DPTR FM NORMAL   501    LOWEST  SLP 29.78 ON  8

[REMARKS]
