000
CXUS56 KPQR 271200
CF6TTD
PRELIMINARY LOCAL CLIMATOLOGICAL DATA (WS FORM: F-6)

                                          STATION:   TROUTDALE OR
                                          MONTH:     JULY
                                          YEAR:      2017
                                          LATITUDE:   45 33 N
                                          LONGITUDE: 122 25 W

  TEMPERATURE IN F:       :PCPN:    SNOW:  WIND      :SUNSHINE: SKY     :PK WND
================================================================================
1   2   3   4   5  6A  6B    7    8   9   10  11  12  13   14  15   16   17  18
                                     12Z  AVG MX 2MIN
DY MAX MIN AVG DEP HDD CDD  WTR  SNW DPTH SPD SPD DIR MIN PSBL S-S WX    SPD DR
================================================================================

 1  77  58  68   3   0   3 0.00  0.0    0  2.9  8 260   M    M   6        11 320
 2  84  55  70   5   0   5 0.00  0.0    0  3.9 12 310   M    M   2        19 320
 3  78  59  69   3   0   4 0.00  0.0    0  5.1 10 310   M    M   4        16 310
 4  84  53  69   3   0   4 0.00  0.0    0  3.3  9 240   M    M   0        14 240
 5  93  56  75   9   0  10 0.00  0.0    0  3.8 10 260   M    M   0 8      16 270
 6  90  56  73   7   0   8 0.00  0.0    0  3.5  9 240   M    M   0        13 260
 7  73  58  66   0   0   1 0.00    M    M  3.5 10 240   M    M   4        15 290
 8  87  51  69   3   0   4 0.00    M    M  3.8 12 310   M    M   0        21 170
 9  85  54  70   3   0   5 0.00    M    M  5.0 13 320   M    M   0        19 330
10  79  57  68   1   0   3 0.00  0.0    0  5.9 12 310   M    M   2        20 320
11  80  52  66  -1   0   1 0.00  0.0    0  2.9 12 250   M    M   0        15 280
12  83  55  69   2   0   4 0.00  0.0    0  3.7  9 260   M    M   0        14 300
13  77  60  69   1   0   4 0.00  0.0    0  4.0 12 250   M    M   5        15 260
14  87  52  70   2   0   5 0.00  0.0    0  3.5 12 300   M    M   0        19 310
15  81  57  69   1   0   4 0.00  0.0    0  5.6 17 310   M    M   1        25 320
16  76  57  67  -1   0   2 0.00  0.0    0  4.1 12 320   M    M   3        17 260
17  82  52  67  -1   0   2 0.00  0.0    0  3.3 12 260   M    M   0        15 250
18  86  53  70   2   0   5 0.00  0.0    0  4.2 12 310   M    M   0        19 330
19  82  54  68   0   0   3 0.00  0.0    0  3.0 13 310   M    M   1        17 320
20  77  59  68  -1   0   3    T  0.0    0  4.8 10 200   M    M   6        14 250
21  83  52  68  -1   0   3 0.00  0.0    0  3.4  8 260   M    M   0        14 310
22  92  58  75   6   0  10 0.00  0.0    0  4.3 12 320   M    M   0        17 320
23  85  62  74   5   0   9 0.00  0.0    0  5.0 12 310   M    M   4        19 320
24  90  55  73   4   0   8 0.00  0.0    0  3.2 12 270   M    M   0        17 300
25  91  57  74   5   0   9 0.00  0.0    0  3.6 10 260   M    M   0        17 320
26  88  58  73   4   0   8 0.00  0.0    0  5.0 14 310   M    M   1        19 310
================================================================================
SM 2170 1450         0 127    T      0.0 104.3          M       39
================================================================================
AV 83.5 55.8                               4.0 FASTST   M    M   2    MAX(MPH)
                                 MISC ---->  # 17 310               # 25  320
================================================================================
NOTES:
# LAST OF SEVERAL OCCURRENCES

COLUMN 17 PEAK WIND IN M.P.H.

PRELIMINARY LOCAL CLIMATOLOGICAL DATA (WS FORM: F-6) , PAGE 2

                                          STATION:  TROUTDALE OR
                                          MONTH:    JULY
                                          YEAR:     2017
                                          LATITUDE:   45 33 N
                                          LONGITUDE: 122 25 W

[TEMPERATURE DATA]      [PRECIPITATION DATA]       SYMBOLS USED IN COLUMN 16

AVERAGE MONTHLY: 69.6   TOTAL FOR MONTH:      T    1 = FOG OR MIST
DPTR FM NORMAL:   2.2   DPTR FM NORMAL:   -0.67    2 = FOG REDUCING VISIBILITY
HIGHEST:    93 ON  5    GRTST 24HR    T  ON 20-20      TO 1/4 MILE OR LESS
LOWEST:     51 ON  8                               3 = THUNDER
                        SNOW, ICE PELLETS, HAIL    4 = ICE PELLETS
                        TOTAL MONTH:   0.0 INCH    5 = HAIL
                        GRTST 24HR     0.0         6 = FREEZING RAIN OR DRIZZLE
                        GRTST DEPTH:   0           7 = DUSTSTORM OR SANDSTORM:
                                                       VSBY 1/2 MILE OR LESS
                                                   8 = SMOKE OR HAZE
[NO. OF DAYS WITH]      [WEATHER - DAYS WITH]      9 = BLOWING SNOW
                                                   X = TORNADO
MAX 32 OR BELOW:   0    0.01 INCH OR MORE:   0
MAX 90 OR ABOVE:   5    0.10 INCH OR MORE:   0
MIN 32 OR BELOW:   0    0.50 INCH OR MORE:   0
MIN  0 OR BELOW:   0    1.00 INCH OR MORE:   0

[HDD (BASE 65) ]
TOTAL THIS MO.     0    CLEAR  (SCALE 0-3)  20
DPTR FM NORMAL   -31    PTCLDY (SCALE 4-7)   6
TOTAL FM JUL 1     0    CLOUDY (SCALE 8-10)  0
DPTR FM NORMAL   -31

[CDD (BASE 65) ]
TOTAL THIS MO.   127
DPTR FM NORMAL    36    [PRESSURE DATA]
TOTAL FM JAN 1   258    HIGHEST SLP M ON M
DPTR FM NORMAL   108    LOWEST  SLP 29.84 ON 24

[REMARKS]
