000
CXUS51 KPHI 300800
CF6TTN
PRELIMINARY LOCAL CLIMATOLOGICAL DATA (WS FORM: F-6)

                                          STATION:   TRENTON NJ
                                          MONTH:     APRIL
                                          YEAR:      2016
                                          LATITUDE:   40 16 N
                                          LONGITUDE:  74 49 W

  TEMPERATURE IN F:       :PCPN:    SNOW:  WIND      :SUNSHINE: SKY     :PK WND
================================================================================
1   2   3   4   5  6A  6B    7    8   9   10  11  12  13   14  15   16   17  18
                                     12Z  AVG MX 2MIN
DY MAX MIN AVG DEP HDD CDD  WTR  SNW DPTH SPD SPD DIR MIN PSBL S-S WX    SPD DR
================================================================================

 1  78  63  71  25   0   6 0.07    M    M 12.6 24 220   M    M   7 3      32 210
 2  64  43  54   7  11   0 0.14    M    M  7.0 28 280   M    M   8 38     42 280
 3  44  34  39  -8  26   0    T    M    M 15.9 33 290   M    M   5        50 300
 4  56  32  44  -3  21   0 0.09    M    M  8.2 20  20   M    M   9 1      28  30
 5  44  26  35 -13  30   0 0.00    M    M 11.0 22 360   M    M   2        31 340
 6  53  23  38 -10  27   0 0.00    M    M  8.8 26 180   M    M   1        39 180
 7  61  43  52   4  13   0 0.11    M    M 10.7 26 190   M    M   5 1      39 220
 8  48  35  42  -7  23   0    T    M    M  9.5 23 270   M    M   4        33 320
 9  41  30  36 -13  29   0 0.18    M    M  9.4 17  50   M    M   7 1      27 320
10  50  29  40  -9  25   0 0.00    M    M  7.3 15 220   M    M   1        22 340
11  67  40  54   4  11   0    T    M    M 11.1 23 210   M    M   7        28 210
12  61  43  52   2  13   0 0.29    M    M 10.4 22 360   M    M   5 1      30 350
13  57  35  46  -4  19   0 0.00    M    M  4.8 15  10   M    M   0        21 360
14  61  35  48  -3  17   0 0.00    M    M  5.3 14 150   M    M   1        17  50
15  63  34  49  -2  16   0 0.00    M    M  3.5 14 180   M    M   0        16 180
16  67  36  52   1  13   0 0.00    M    M  5.8 16  90   M    M   0        20 100
17  73  38  56   4   9   0 0.00    M    M  4.3 12 180   M    M   0        15 170
18  80  41  61   9   4   0 0.00    M    M  4.7 17 170   M    M   0        22 180
19  72  50  61   9   4   0 0.00    M    M  9.4 26 350   M    M   0        33 350
20  69  44  57   4   8   0 0.00    M    M  6.4 17 180   M    M   0        23 180
21  72  42  57   4   8   0 0.00    M    M  7.1 21 220   M    M   1        27 220
22  77  56  67  14   0   2 0.01    M    M  6.2 14 230   M    M   4 3      18 200
23  70  50  60   6   5   0 0.04    M    M  8.8 18 350   M    M   5 1      25 360
24  67  42  55   1  10   0 0.00    M    M  6.2 13 260   M    M   0        17 260
25  75  46  61   7   4   0 0.00    M    M  4.0 13 250   M    M   2        16 260
26  84  48  66  11   0   1 0.43    M    M  8.5 26 350   M    M   5 138    42 310
27  55  47  51  -4  14   0 0.00    M    M  4.1 13 100   M    M   8 1      16  70
28  56  41  49  -6  16   0 0.31    M    M  5.3 14 160   M    M   6 12     17 160
29  53  44  49  -7  16   0    T    M    M  6.8 15  90   M    M  10 8      19 120
================================================================================
SM 1818 1170       392   9  1.67    M    223.1          M      103
================================================================================
AV 62.7 40.3                               7.7 FASTST   M    M   4    MAX(MPH)
                                 MISC ---->  # 33 290               # 50  300
================================================================================
NOTES:
# LAST OF SEVERAL OCCURRENCES

COLUMN 17 PEAK WIND IN M.P.H.

PRELIMINARY LOCAL CLIMATOLOGICAL DATA (WS FORM: F-6) , PAGE 2

                                          STATION:  TRENTON NJ
                                          MONTH:    APRIL
                                          YEAR:     2016
                                          LATITUDE:   40 16 N
                                          LONGITUDE:  74 49 W

[TEMPERATURE DATA]      [PRECIPITATION DATA]       SYMBOLS USED IN COLUMN 16

AVERAGE MONTHLY: 51.5   TOTAL FOR MONTH:   1.67    1 = FOG OR MIST
DPTR FM NORMAL:   0.5   DPTR FM NORMAL:   -1.78    2 = FOG REDUCING VISIBILITY
HIGHEST:    84 ON 26    GRTST 24HR  0.43 ON 26-26      TO 1/4 MILE OR LESS
LOWEST:     23 ON  6                               3 = THUNDER
                        SNOW, ICE PELLETS, HAIL    4 = ICE PELLETS
                        TOTAL MONTH:    M          5 = HAIL
                        GRTST 24HR    M  ON   M    6 = FREEZING RAIN OR DRIZZLE
                        GRTST DEPTH:  M  ON   M    7 = DUSTSTORM OR SANDSTORM:
                                                       VSBY 1/2 MILE OR LESS
                                                   8 = SMOKE OR HAZE
[NO. OF DAYS WITH]      [WEATHER - DAYS WITH]      9 = BLOWING SNOW
                                                   X = TORNADO
MAX 32 OR BELOW:   0    0.01 INCH OR MORE:  10
MAX 90 OR ABOVE:   0    0.10 INCH OR MORE:   6
MIN 32 OR BELOW:   5    0.50 INCH OR MORE:   0
MIN  0 OR BELOW:   0    1.00 INCH OR MORE:   0

[HDD (BASE 65) ]
TOTAL THIS MO.   392    CLEAR  (SCALE 0-3)  14
DPTR FM NORMAL   -18    PTCLDY (SCALE 4-7)  13
TOTAL FM JUL 1  4007    CLOUDY (SCALE 8-10)  2
DPTR FM NORMAL  -949

[CDD (BASE 65) ]
TOTAL THIS MO.     9
DPTR FM NORMAL     6    [PRESSURE DATA]
TOTAL FM JAN 1    12    HIGHEST SLP M ON M
DPTR FM NORMAL     9    LOWEST  SLP 29.33 ON  2

[REMARKS]
