000
CXUS53 KAPX 270631
CF6TVC
PRELIMINARY LOCAL CLIMATOLOGICAL DATA (WS FORM: F-6)

                                          STATION:   TRAVERSE CITY MI
                                          MONTH:     JUNE
                                          YEAR:      2017
                                          LATITUDE:   44 44 N
                                          LONGITUDE:  85 34 W

  TEMPERATURE IN F:       :PCPN:    SNOW:  WIND      :SUNSHINE: SKY     :PK WND
================================================================================
1   2   3   4   5  6A  6B    7    8   9   10  11  12  13   14  15   16   17  18
                                     12Z  AVG MX 2MIN
DY MAX MIN AVG DEP HDD CDD  WTR  SNW DPTH SPD SPD DIR MIN PSBL S-S WX    SPD DR
================================================================================

 1  72  40  56  -3   9   0 0.00    M    M  7.1 21 300   M    M   4        27 300
 2  73  48  61   1   4   0    T    M    M  2.7 15  30   M    M   6        20  30
 3  82  49  66   6   0   1 0.50    M    M  5.5 35 320   M    M   7 13     45 330
 4  78  57  68   8   0   3 0.05    M    M  4.7 13 310   M    M   4 1      17  20
 5  71  52  62   1   3   0 0.02    M    M  6.9 16 330   M    M   5 1      23 350
 6  73  50  62   1   3   0 0.00    M    M  6.8 18 360   M    M   2        27  10
 7  75  48  62   1   3   0 0.00    M    M  3.1 10  10   M    M   4        15 350
 8  83  49  66   4   0   1 0.00    M    M  3.5 13  40   M    M   4        17  40
 9  77  57  67   5   0   2 0.00    M    M  3.2 13  20   M    M   7        16  30
10  89  52  71   9   0   6 0.00    M    M  9.3 23 210   M    M   5        44 200
11  87  76  82  19   0  17 0.00    M    M  8.2 17 230   M    M   6 3      27 240
12  83  65  74  11   0   9 1.10    M    M  6.0 31 260   M    M   8 13     46 260
13  80  63  72   9   0   7 0.04    M    M  4.1 14 110   M    M   5 1      22  90
14  85  65  75  11   0  10 0.52    M    M  5.3 26 260   M    M   6 13     33 260
15  83  64  74  10   0   9    T    M    M  5.2 16 280   M    M   5        20 280
16  85  59  72   8   0   7    T    M    M  3.1 17 270   M    M   5        21 260
17  82  65  74   9   0   9 0.05    M    M  3.8 16 320   M    M   8 1      22 320
18  73  62  68   3   0   3 0.56    M    M  8.4 20 280   M    M   8 13     32 270
19  73  58  66   1   0   1 0.00    M    M  5.7 15 300   M    M   7        19 290
20  69  55  62  -4   3   0    T    M    M  7.4 18 280   M    M   7        24 260
21  75  52  64  -2   1   0 0.00    M    M  3.3 12  50   M    M   3        16  30
22  81  55  68   2   0   3 0.13    M    M  5.0 15 240   M    M   8 1      25 230
23  80  60  70   4   0   5 0.28    M    M  7.2 21 280   M    M   8 1      26 280
24  73  55  64  -3   1   0 0.05    M    M  7.3 22 300   M    M   6        28 300
25  67  53  60  -7   5   0 0.16    M    M  6.0 16 290   M    M   8 18     20 280
26  62  49  56 -11   9   0 0.35    M    M  8.3 17 280   M    M   9 1      25 240
================================================================================
SM 2011 1458        41  93  3.81    M    147.1          M      155
================================================================================
AV 77.4 56.1                               5.7 FASTST   M    M   6    MAX(MPH)
                                 MISC ---->  # 35 320               # 46  260
================================================================================
NOTES:
# LAST OF SEVERAL OCCURRENCES

COLUMN 17 PEAK WIND IN M.P.H.

PRELIMINARY LOCAL CLIMATOLOGICAL DATA (WS FORM: F-6) , PAGE 2

                                          STATION:  TRAVERSE CITY MI
                                          MONTH:    JUNE
                                          YEAR:     2017
                                          LATITUDE:   44 44 N
                                          LONGITUDE:  85 34 W

[TEMPERATURE DATA]      [PRECIPITATION DATA]       SYMBOLS USED IN COLUMN 16

AVERAGE MONTHLY: 66.7   TOTAL FOR MONTH:   3.81    1 = FOG OR MIST
DPTR FM NORMAL:   3.3   DPTR FM NORMAL:    1.10    2 = FOG REDUCING VISIBILITY
HIGHEST:    89 ON 10    GRTST 24HR  1.10 ON 12-12      TO 1/4 MILE OR LESS
LOWEST:     40 ON  1                               3 = THUNDER
                        SNOW, ICE PELLETS, HAIL    4 = ICE PELLETS
                        TOTAL MONTH:    M          5 = HAIL
                        GRTST 24HR    M  ON   M    6 = FREEZING RAIN OR DRIZZLE
                        GRTST DEPTH:  M  ON   M    7 = DUSTSTORM OR SANDSTORM:
                                                       VSBY 1/2 MILE OR LESS
                                                   8 = SMOKE OR HAZE
[NO. OF DAYS WITH]      [WEATHER - DAYS WITH]      9 = BLOWING SNOW
                                                   X = TORNADO
MAX 32 OR BELOW:   0    0.01 INCH OR MORE:  13
MAX 90 OR ABOVE:   0    0.10 INCH OR MORE:   8
MIN 32 OR BELOW:   0    0.50 INCH OR MORE:   4
MIN  0 OR BELOW:   0    1.00 INCH OR MORE:   1

[HDD (BASE 65) ]
TOTAL THIS MO.    41    CLEAR  (SCALE 0-3)   1
DPTR FM NORMAL   -65    PTCLDY (SCALE 4-7)  23
TOTAL FM JUL 1  6116    CLOUDY (SCALE 8-10)  2
DPTR FM NORMAL -1426

[CDD (BASE 65) ]
TOTAL THIS MO.    93
DPTR FM NORMAL    30    [PRESSURE DATA]
TOTAL FM JAN 1   114    HIGHEST SLP M ON M
DPTR FM NORMAL    31    LOWEST  SLP 29.55 ON 23

[REMARKS]
