000
CXUS54 KJAN 191200
CF6TVR
PRELIMINARY LOCAL CLIMATOLOGICAL DATA (WS FORM: F-6)

                                          STATION:   VICKSBURG
                                          MONTH:     DECEMBER
                                          YEAR:      2014
                                          LATITUDE:   32 20 N
                                          LONGITUDE:  91  2 W

  TEMPERATURE IN F:       :PCPN:    SNOW:  WIND      :SUNSHINE: SKY     :PK WND
================================================================================
1   2   3   4   5  6A  6B    7    8   9   10  11  12  13   14  15   16   17  18
                                     12Z  AVG MX 2MIN
DY MAX MIN AVG DEP HDD CDD  WTR  SNW DPTH SPD SPD DIR MIN PSBL S-S WX    SPD DR
================================================================================

 1  78  41  60   9   5   0 0.03  0.0    0  6.9 20  20   M    M   5 1      24 360
 2  46  40  43  -8  22   0 0.02  0.0    0  4.4 10  10   M    M   8 1      13 360
 3  60  43  52   1  13   0 0.00  0.0    0  5.1  9 360   M    M   6 12     12  10
 4  75  44  60  10   5   0 0.00  0.0    0  1.5  7 350   M    M   3 12      8 360
 5  77  60  69  19   0   4 0.43  0.0    0  8.5 18 180   M    M   9 1      24 180
 6  71  48  60  10   5   0    T  0.0    0 11.2 22  10   M    M   9 1      28  10
 7  53  43  48  -2  17   0 0.00  0.0    0  9.8 20  30   M    M   6        24  40
 8  60  33  47  -2  18   0 0.00  0.0    0  3.4 12 310   M    M   0 12     16 300
 9  65  30  48  -1  17   0 0.00  0.0    0  6.0 20  40   M    M   0 12     24  50
10  52  30  41  -8  24   0 0.00  0.0    0  5.1 10 360   M    M   0 1      13  20
11  54  30  42  -7  23   0    T  0.0    0  4.0  8 360   M    M   6 1      10 360
12  54  41  48  -1  17   0 0.06  0.0    0  3.1 10  90   M    M   7 1      11 100
13  68  42  55   7  10   0 0.00  0.0    0  1.4  7  20   M    M   4 1       8 180
14  71  42  57   9   8   0 0.00  0.0    0  5.8 13 160   M    M   0 1      16 170
15  72  51  62  14   3   0 0.33  0.0    0  8.4 17 160   M    M   6 13     22 180
16  56  31  44  -4  21   0 0.00  0.0    0  6.2 15 310   M    M   0        22 320
17  55  29  42  -6  23   0 0.00  0.0    0  4.5 10  60   M    M   1 12     13  30
18  54  43  49   2  16   0 0.06    M    0  5.5 12 120   M    M   9 1      15 120
================================================================================
SM 1121  721       247   4  0.93     0.0 100.8          M       79
================================================================================
AV 62.3 40.1                               5.6 FASTST   M    M   4    MAX(MPH)
                                 MISC ---->  # 22  10               # 28   10
================================================================================
NOTES:
# LAST OF SEVERAL OCCURRENCES

COLUMN 17 PEAK WIND IN M.P.H.

PRELIMINARY LOCAL CLIMATOLOGICAL DATA (WS FORM: F-6) , PAGE 2

                                          STATION:  VICKSBURG
                                          MONTH:    DECEMBER
                                          YEAR:     2014
                                          LATITUDE:   32 20 N
                                          LONGITUDE:  91  2 W

[TEMPERATURE DATA]      [PRECIPITATION DATA]       SYMBOLS USED IN COLUMN 16

AVERAGE MONTHLY: 51.2   TOTAL FOR MONTH:   0.93    1 = FOG OR MIST
DPTR FM NORMAL:   2.0   DPTR FM NORMAL:   -2.55    2 = FOG REDUCING VISIBILITY
HIGHEST:    78 ON  1    GRTST 24HR  0.43 ON  5- 5      TO 1/4 MILE OR LESS
LOWEST:     29 ON 17                               3 = THUNDER
                        SNOW, ICE PELLETS, HAIL    4 = ICE PELLETS
                        TOTAL MONTH:   0.0 INCH    5 = HAIL
                        GRTST 24HR     0.0         6 = FREEZING RAIN OR DRIZZLE
                        GRTST DEPTH:   0           7 = DUSTSTORM OR SANDSTORM:
                                                       VSBY 1/2 MILE OR LESS
                                                   8 = SMOKE OR HAZE
[NO. OF DAYS WITH]      [WEATHER - DAYS WITH]      9 = BLOWING SNOW
                                                   X = TORNADO
MAX 32 OR BELOW:   0    0.01 INCH OR MORE:   6
MAX 90 OR ABOVE:   0    0.10 INCH OR MORE:   2
MIN 32 OR BELOW:   5    0.50 INCH OR MORE:   0
MIN  0 OR BELOW:   0    1.00 INCH OR MORE:   0

[HDD (BASE 65) ]
TOTAL THIS MO.   247    CLEAR  (SCALE 0-3)   6
DPTR FM NORMAL   -45    PTCLDY (SCALE 4-7)   9
TOTAL FM JUL 1   785    CLOUDY (SCALE 8-10)  3
DPTR FM NORMAL    91

[CDD (BASE 65) ]
TOTAL THIS MO.     4
DPTR FM NORMAL     4    [PRESSURE DATA]
TOTAL FM JAN 1  2193    HIGHEST SLP M ON M
DPTR FM NORMAL   -32    LOWEST  SLP 29.86 ON 15

[REMARKS]
