000
CXUS55 KBOI 011002
CF6TWF
PRELIMINARY LOCAL CLIMATOLOGICAL DATA (WS FORM: F-6)

                                          STATION:   TWIN FALLS ID
                                          MONTH:     SEPTEMBER
                                          YEAR:      2014
                                          LATITUDE:   42 28 N
                                          LONGITUDE: 114 29 W

  TEMPERATURE IN F:       :PCPN:    SNOW:  WIND      :SUNSHINE: SKY     :PK WND
================================================================================
1   2   3   4   5  6A  6B    7    8   9   10  11  12  13   14  15   16   17  18
                                     12Z  AVG MX 2MIN
DY MAX MIN AVG DEP HDD CDD  WTR  SNW DPTH SPD SPD DIR MIN PSBL S-S WX    SPD DR
================================================================================

 1  76  51  64  -4   1   0 0.00    M    M 10.6 17 280   M    M   0        20 290
 2  83  51  67   0   0   2 0.00    M    M  8.6 16 180   M    M   0        21 190
 3  70  50  60  -7   5   0 0.00    M    M 17.3 25 280   M    M   0        32 290
 4  72  43  58  -9   7   0 0.00    M    M  7.9 17 200   M    M   0        20 190
 5  78  40  59  -7   6   0 0.00    M    M  7.5 17  30   M    M   0        23  20
 6  86  46  66   0   0   1 0.00    M    M  8.1 17  70   M    M   0        21 100
 7  88  57  73   7   0   8 0.00    M    M  7.9 14 190   M    M   0        18 180
 8  84  53  69   4   0   4 0.00    M    M  8.0 22 230   M    M   1        27 220
 9  77  54  66   1   0   1 0.00    M    M 15.7 25 240   M    M   0        31 250
10  74  50  62  -3   3   0 0.00    M    M 16.5 26 240   M    M   0        33 270
11  66  45  56  -8   9   0 0.00    M    M 12.5 24 260   M    M   0        29 240
12  73  40  57  -7   8   0 0.00    M    M 11.3 18  70   M    M   0        23  50
13  83  42  63  -1   2   0 0.00    M    M  5.0 14 190   M    M   0        14 190
14  85  53  69   6   0   4 0.00    M    M  8.0 14 190   M    M   0        18 300
15  89  57  73  10   0   8 0.00    M    M  8.8 14 180   M    M   0        18 180
16  90  58  74  12   0   9 0.00    M    M  7.0 18 290   M    M   0        26 300
17  89  59  74  12   0   9    T    M    M  6.2 31 140   M    M   0        39 150
18  82  62  72  10   0   7    T    M    M 10.6 18 230   M    M   2 38     23 240
19  79  58  69   8   0   4 0.00    M    M 11.9 20 240   M    M   0 8      25 220
20  84  55  70   9   0   5 0.00    M    M  7.8 14 190   M    M   0        18  50
21  70  55  63   3   2   0 0.13    M    M  7.5 17 150   M    M   5 1      22 150
22  76  54  65   5   0   0    T    M    M  7.3 14 200   M    M   3 8      19 180
23  84  50  67   8   0   2 0.00    M    M  7.7 16 160   M    M   0 8      20 170
24  93  58  76  17   0  11 0.00    M    M 10.1 23 150   M    M   0        29 150
25  93  58  76  17   0  11 0.00    M    M 15.5 29 160   M    M   1        37 260
26  72  50  61   3   4   0 0.09    M    M  9.2 16 200   M    M   2 3      22 220
27  65  50  58   0   7   0 0.10    M    M  9.3 20 100   M    M   4        24  80
28  68  51  60   3   5   0 0.01    M    M  5.8 15 350   M    M   4 13     19 350
29  56  49  53  -4  12   0 0.43    M    M  5.9 10 210   M    M  10 1      14 220
30  60  45  53  -3  12   0 0.03    M    M 16.2 30 270   M    M   4 138    36 260
================================================================================
SM 2345 1544        83  86  0.79    M    291.7          M       36
================================================================================
AV 78.2 51.5                               9.7 FASTST   M    M   1    MAX(MPH)
                                 MISC ---->  # 31 140               # 39  150
================================================================================
NOTES:
# LAST OF SEVERAL OCCURRENCES

COLUMN 17 PEAK WIND IN M.P.H.

PRELIMINARY LOCAL CLIMATOLOGICAL DATA (WS FORM: F-6) , PAGE 2

                                          STATION:  TWIN FALLS ID
                                          MONTH:    SEPTEMBER
                                          YEAR:     2014
                                          LATITUDE:   42 28 N
                                          LONGITUDE: 114 29 W

[TEMPERATURE DATA]      [PRECIPITATION DATA]       SYMBOLS USED IN COLUMN 16

AVERAGE MONTHLY: 64.8   TOTAL FOR MONTH:   0.79    1 = FOG OR MIST
DPTR FM NORMAL:   2.4   DPTR FM NORMAL:    0.22    2 = FOG REDUCING VISIBILITY
HIGHEST:    93 ON 25,24 GRTST 24HR  0.44 ON 28-29      TO 1/4 MILE OR LESS
LOWEST:     40 ON 12, 5                            3 = THUNDER
                        SNOW, ICE PELLETS, HAIL    4 = ICE PELLETS
                        TOTAL MONTH:    M          5 = HAIL
                        GRTST 24HR    M  ON   M    6 = FREEZING RAIN OR DRIZZLE
                        GRTST DEPTH:  M  ON   M    7 = DUSTSTORM OR SANDSTORM:
                                                       VSBY 1/2 MILE OR LESS
                                                   8 = SMOKE OR HAZE
[NO. OF DAYS WITH]      [WEATHER - DAYS WITH]      9 = BLOWING SNOW
                                                   X = TORNADO
MAX 32 OR BELOW:   0    0.01 INCH OR MORE:   6
MAX 90 OR ABOVE:   3    0.10 INCH OR MORE:   3
MIN 32 OR BELOW:   0    0.50 INCH OR MORE:   0
MIN  0 OR BELOW:   0    1.00 INCH OR MORE:   0

[HDD (BASE 65) ]
TOTAL THIS MO.    83    CLEAR  (SCALE 0-3)  24
DPTR FM NORMAL   -57    PTCLDY (SCALE 4-7)   5
TOTAL FM JUL 1   102    CLOUDY (SCALE 8-10)  1
DPTR FM NORMAL   -59

[CDD (BASE 65) ]
TOTAL THIS MO.    86
DPTR FM NORMAL    25    [PRESSURE DATA]
TOTAL FM JAN 1   845    HIGHEST SLP 30.23 ON 12
DPTR FM NORMAL   167    LOWEST  SLP 29.54 ON  3

[REMARKS]
#FINAL-09-14#
