000
CXUS56 KPQR 281200
CF6UAO
PRELIMINARY LOCAL CLIMATOLOGICAL DATA (WS FORM: F-6)

                                          STATION:   AURORA STATE OR
                                          MONTH:     MARCH
                                          YEAR:      2015
                                          LATITUDE:   45 15 N
                                          LONGITUDE: 122 46 W

  TEMPERATURE IN F:       :PCPN:    SNOW:  WIND      :SUNSHINE: SKY     :PK WND
================================================================================
1   2   3   4   5  6A  6B    7    8   9   10  11  12  13   14  15   16   17  18
                                     12Z  AVG MX 2MIN
DY MAX MIN AVG DEP HDD CDD  WTR  SNW DPTH SPD SPD DIR MIN PSBL S-S WX    SPD DR
================================================================================

 1  55  30  43  -3  22   0 0.00  0.0    0  2.5  9  20   M    M   1        11  20
 2  56  36  46   0  19   0 0.01    M    0  3.9 13 360   M    M   5 1      18 360
 3  56  30  43  -3  22   0 0.00  0.0    0  2.5 13  10   M    M   0        18 360
 4  59  28  44  -2  21   0 0.00  0.0    0  2.7 10  20   M    M   0        14  10
 5  61  30  46   0  19   0 0.00  0.0    0  0.8  6  40   M    M   0 1       7  30
 6  67  35  51   5  14   0 0.00  0.0    0  1.2  7 360   M    M   0         8  20
 7  68  34  51   4  14   0 0.00  0.0    0  2.3  9  30   M    M   0        12  80
 8  69  34  52   5  13   0 0.00  0.0    0  1.1  6 130   M    M   0         9  40
 9  68  37  53   6  12   0 0.00  0.0    0  1.6  6 240   M    M   0 1       9 260
10  62  36  49   2  16   0 0.00  0.0    0  3.1 10 200   M    M   1        14 190
11  58  50  54   7  11   0 0.18  0.0    0  4.8 17 180   M    M   9 1      21 170
12  68  48  58  11   7   0 0.00  0.0    0  3.2 10  20   M    M   4 1      12  10
13  63  45  54   6  11   0    T    M    0  4.0 10 200   M    M   1        17 220
14  57  51  54   6  11   0 1.73  0.0    0  8.1 24 200   M    M  10 1      35 190
15  60  43  52   4  13   0 1.00    M    0 10.6 41 190   M    M   9 1      58 170
16  64  36  50   2  15   0 0.00  0.0    0  5.3 13  10   M    M   3 12     16  20
17  58  41  50   2  15   0 0.18    M    0  4.0 15 190   M    M   6 1      21 290
18  63  44  54   6  11   0 0.00  0.0    0  1.9  8  50   M    M   5 8      13 170
19  65  39  52   4  13   0 0.00  0.0    0  1.6  8 140   M    M   0        10 240
20  63  43  53   5  12   0 0.31    M    0  4.6 17 180   M    M   4 18     24 180
21  58  43  51   3  14   0 0.11    M    0  7.8 21 180   M    M   4 1      27 180
22  56  42  49   0  16   0 0.06    M    0  4.8 20 180   M    M   8 1      23 190
23  53  41  47  -2  18   0 0.54    M    0  9.6 24 180   M    M   8 1      31 180
24  57  44  51   2  14   0 0.05    M    0  6.0 23 220   M    M   8 1      32 210
25  61  48  55   6  10   0 0.12    M    0  5.4 17 180   M    M   7 1      24 180
26  73  45  59  10   6   0 0.00  0.0    0  2.0  8  10   M    M   3 128     9  10
27  67  43  55   6  10   0 0.04    M    0  6.0 15 240   M    M   3 1      23 250
================================================================================
SM 1665 1076       379   0  4.33     0.0 111.4          M       99
================================================================================
AV 61.7 39.9                               4.1 FASTST   M    M   4    MAX(MPH)
                                 MISC ---->  # 41 190               # 58  170
================================================================================
NOTES:
# LAST OF SEVERAL OCCURRENCES

COLUMN 17 PEAK WIND IN M.P.H.

PRELIMINARY LOCAL CLIMATOLOGICAL DATA (WS FORM: F-6) , PAGE 2

                                          STATION:  AURORA STATE OR
                                          MONTH:    MARCH
                                          YEAR:     2015
                                          LATITUDE:   45 15 N
                                          LONGITUDE: 122 46 W

[TEMPERATURE DATA]      [PRECIPITATION DATA]       SYMBOLS USED IN COLUMN 16

AVERAGE MONTHLY: 50.8   TOTAL FOR MONTH:   4.33    1 = FOG OR MIST
DPTR FM NORMAL:   3.2   DPTR FM NORMAL:    0.80    2 = FOG REDUCING VISIBILITY
HIGHEST:    73 ON 26    GRTST 24HR  1.73 ON 14-14      TO 1/4 MILE OR LESS
LOWEST:     28 ON  4                               3 = THUNDER
                        SNOW, ICE PELLETS, HAIL    4 = ICE PELLETS
                        TOTAL MONTH:   0.0 INCH    5 = HAIL
                        GRTST 24HR     0.0         6 = FREEZING RAIN OR DRIZZLE
                        GRTST DEPTH:   0           7 = DUSTSTORM OR SANDSTORM:
                                                       VSBY 1/2 MILE OR LESS
                                                   8 = SMOKE OR HAZE
[NO. OF DAYS WITH]      [WEATHER - DAYS WITH]      9 = BLOWING SNOW
                                                   X = TORNADO
MAX 32 OR BELOW:   0    0.01 INCH OR MORE:  12
MAX 90 OR ABOVE:   0    0.10 INCH OR MORE:   8
MIN 32 OR BELOW:   4    0.50 INCH OR MORE:   3
MIN  0 OR BELOW:   0    1.00 INCH OR MORE:   2

[HDD (BASE 65) ]
TOTAL THIS MO.   379    CLEAR  (SCALE 0-3)  13
DPTR FM NORMAL   -92    PTCLDY (SCALE 4-7)   9
TOTAL FM JUL 1  2936    CLOUDY (SCALE 8-10)  5
DPTR FM NORMAL  -690

[CDD (BASE 65) ]
TOTAL THIS MO.     0
DPTR FM NORMAL     0    [PRESSURE DATA]
TOTAL FM JAN 1     0    HIGHEST SLP M ON M
DPTR FM NORMAL     0    LOWEST  SLP 29.66 ON 15

[REMARKS]
