000
CXUS53 KSGF 180710
CF6UNO
PRELIMINARY LOCAL CLIMATOLOGICAL DATA (WS FORM: F-6)
STATION: WEST PLAINS MO
MONTH: MARCH
YEAR: 2024
LATITUDE: 36 52 N
LONGITUDE: 91 55 W
TEMPERATURE IN F: :PCPN: SNOW: WIND :SUNSHINE: SKY :PK WND
================================================================================
1 2 3 4 5 6A 6B 7 8 9 10 11 12 13 14 15 16 17 18
12Z AVG MX 2MIN
DY MAX MIN AVG DEP HDD CDD WTR SNW DPTH SPD SPD DIR MIN PSBL S-S WX SPD DR
================================================================================
1 49 36 43 0 22 0 0.05 M M 4.3 10 190 M M 7 14 150
2 63 28 46 3 19 0 0.00 M M 7.3 18 160 M M 3 12 25 150
3 76 51 64 21 1 0 0.00 M M 10.4 23 170 M M 1 1 33 200
4 75 53 64 20 1 0 0.02 M M 10.4 24 180 M M 6 1 35 200
5 72 49 61 17 4 0 0.02 M M 8.6 17 190 M M 5 13 25 220
6 68 48 58 14 7 0 0.00 M M 5.7 14 30 M M 5 1 21 30
7 56 50 53 9 12 0 0.30 M M 8.4 16 170 M M 9 13 24 160
8 61 45 53 8 12 0 0.47 M M 6.2 17 350 M M 10 1 24 350
9 54 35 45 0 20 0 0.01 M M 10.3 18 320 M M 5 27 300
10 61 29 45 -1 20 0 0.00 M M 3.8 14 10 M M 0 22 20
11 68 32 50 4 15 0 0.00 M M 6.2 18 200 M M 0 28 200
12 73 46 60 14 5 0 0.00 M M 8.5 18 170 M M 0 8 24 170
13 80 47 64 18 1 0 0.00 M M 8.7 20 180 M M 2 8 30 180
14 82 58 70 23 0 5 0.68 M M 10.2 29 280 M M 4 13 42 280
15 63 41 52 5 13 0 0.00 M M 8.8 20 20 M M 5 1 28 20
16 70 37 54 6 11 0 0.00 M M 5.2 16 310 M M 1 26 300
17 59 35 47 -1 18 0 0.00 M M 10.7 21 320 M M 3 33 310
================================================================================
SM 1130 720 181 5 1.55 M 133.7 M 66
================================================================================
AV 66.5 42.4 7.9 FASTST M M 4 MAX(MPH)
MISC ----> 29 280 42 280
================================================================================
NOTES:
# LAST OF SEVERAL OCCURRENCES
COLUMN 17 PEAK WIND IN M.P.H.
PRELIMINARY LOCAL CLIMATOLOGICAL DATA (WS FORM: F-6) , PAGE 2
STATION: WEST PLAINS MO
MONTH: MARCH
YEAR: 2024
LATITUDE: 36 52 N
LONGITUDE: 91 55 W
[TEMPERATURE DATA] [PRECIPITATION DATA] SYMBOLS USED IN COLUMN 16
AVERAGE MONTHLY: 54.4 TOTAL FOR MONTH: 1.55 1 = FOG OR MIST
DPTR FM NORMAL: 9.2 DPTR FM NORMAL: -0.80 2 = FOG REDUCING VISIBILITY
HIGHEST: 82 ON 14 GRTST 24HR 0.68 ON 14-14 TO 1/4 MILE OR LESS
LOWEST: 28 ON 2 3 = THUNDER
SNOW, ICE PELLETS, HAIL 4 = ICE PELLETS
TOTAL MONTH: M 5 = HAIL
GRTST 24HR M ON M 6 = FREEZING RAIN OR DRIZZLE
GRTST DEPTH: M ON M 7 = DUSTSTORM OR SANDSTORM:
VSBY 1/2 MILE OR LESS
8 = SMOKE OR HAZE
[NO. OF DAYS WITH] [WEATHER - DAYS WITH] 9 = BLOWING SNOW
X = TORNADO
MAX 32 OR BELOW: 0 0.01 INCH OR MORE: 7
MAX 90 OR ABOVE: 0 0.10 INCH OR MORE: 3
MIN 32 OR BELOW: 3 0.50 INCH OR MORE: 1
MIN 0 OR BELOW: 0 1.00 INCH OR MORE: 0
[HDD (BASE 65) ]
TOTAL THIS MO. 181 CLEAR (SCALE 0-3) 8
DPTR FM NORMAL -156 PTCLDY (SCALE 4-7) 7
TOTAL FM JUL 1 2844 CLOUDY (SCALE 8-10) 2
DPTR FM NORMAL -869
[CDD (BASE 65) ]
TOTAL THIS MO. 5
DPTR FM NORMAL 5 [PRESSURE DATA]
TOTAL FM JAN 1 11 HIGHEST SLP M ON M
DPTR FM NORMAL 11 LOWEST SLP 29.74 ON 13
[REMARKS]