000
CXUS53 KSGF 250800
CF6UNO
PRELIMINARY LOCAL CLIMATOLOGICAL DATA (WS FORM: F-6)

                                          STATION:   WEST PLAINS MO
                                          MONTH:     AUGUST
                                          YEAR:      2016
                                          LATITUDE:   36 52 N
                                          LONGITUDE:  91 55 W

  TEMPERATURE IN F:       :PCPN:    SNOW:  WIND      :SUNSHINE: SKY     :PK WND
================================================================================
1   2   3   4   5  6A  6B    7    8   9   10  11  12  13   14  15   16   17  18
                                     12Z  AVG MX 2MIN
DY MAX MIN AVG DEP HDD CDD  WTR  SNW DPTH SPD SPD DIR MIN PSBL S-S WX    SPD DR
================================================================================

 1  90  73  82   4   0  17 0.00    M    M  4.2 10 250   M    M   3 1      14 210
 2  93  73  83   5   0  18 0.00    M    M  3.6 12  40   M    M   0 1      15  40
 3  90  70  80   2   0  15 0.12    M    M  4.7 20 340   M    M   2 3      25 350
 4  95  68  82   4   0  17 0.00    M    M  3.2 10 260   M    M   0        13 270
 5  92  73  83   5   0  18 0.40    M    M  5.7 23 360   M    M   1 3      31 360
 6  81  72  77  -1   0  12 0.25    M    M  3.1 12 270   M    M   7 13     15 260
 7  84  72  78   0   0  13 0.00    M    M  3.4  9 110   M    M   5        12  90
 8  84  69  77  -1   0  12 0.36    M    M  2.0 10 310   M    M   5 1      14 320
 9  90  68  79   1   0  14 0.00    M    M  2.6  8 200   M    M   3 1      11 210
10  90  72  81   3   0  16 0.00    M    M  2.6  9 100   M    M   2 1      13 100
11  92  72  82   4   0  17 0.00    M    M  2.7  9 120   M    M   1 18     16 150
12  92  73  83   5   0  18 0.29    M    M  4.0 16 280   M    M   2 138    22 290
13  79  69  74  -4   0   9 0.20    M    M  5.7 13  10   M    M   8 1      18  10
14  70  65  68 -10   0   3 1.17    M    M  9.4 18  30   M    M  10 1      24  30
15  74  68  71  -7   0   6 0.52    M    M  3.0  8 270   M    M  10 18     11 250
16  83  66  75  -3   0  10 0.00    M    M  2.3  9 160   M    M   5 12     13 160
17  84  65  75  -3   0  10 0.00    M    M  2.3  8 260   M    M   4 12     11 270
18  81  70  76  -1   0  11 0.00    M    M  4.0 13 190   M    M   6 12     16 190
19  82  71  77   0   0  12 0.05    M    M  5.4 10 170   M    M   7 138    14 150
20  80  67  74  -3   0   9 0.00    M    M  6.3 14 320   M    M   7        18 320
21  81  59  70  -7   0   5 0.00    M    M  5.0 14  30   M    M   1        18  20
22  80  54  67 -10   0   2 0.00  0.0    0  3.1 12 120   M    M   2        16 180
23  84  67  76  -1   0  11 0.27    M    0  5.9 14 180   M    M   6 1      17 170
24  90  74  82   6   0  17 0.00    M    M  7.8 16 220   M    M   1        21 210
================================================================================
SM 2041 1650         0 292  3.63     0.0 102.0          M       98
================================================================================
AV 85.0 68.8                               4.3 FASTST   M    M   4    MAX(MPH)
                                 MISC ---->  # 23 360               # 31  360
================================================================================
NOTES:
# LAST OF SEVERAL OCCURRENCES

COLUMN 17 PEAK WIND IN M.P.H.

PRELIMINARY LOCAL CLIMATOLOGICAL DATA (WS FORM: F-6) , PAGE 2

                                          STATION:  WEST PLAINS MO
                                          MONTH:    AUGUST
                                          YEAR:     2016
                                          LATITUDE:   36 52 N
                                          LONGITUDE:  91 55 W

[TEMPERATURE DATA]      [PRECIPITATION DATA]       SYMBOLS USED IN COLUMN 16

AVERAGE MONTHLY: 76.9   TOTAL FOR MONTH:   3.63    1 = FOG OR MIST
DPTR FM NORMAL:  -0.8   DPTR FM NORMAL:    1.15    2 = FOG REDUCING VISIBILITY
HIGHEST:    95 ON  4    GRTST 24HR  2.93 ON 31- 1      TO 1/4 MILE OR LESS
LOWEST:     54 ON 22                               3 = THUNDER
                        SNOW, ICE PELLETS, HAIL    4 = ICE PELLETS
                        TOTAL MONTH:   0.0 INCH    5 = HAIL
                        GRTST 24HR     0.0         6 = FREEZING RAIN OR DRIZZLE
                        GRTST DEPTH:   0           7 = DUSTSTORM OR SANDSTORM:
                                                       VSBY 1/2 MILE OR LESS
                                                   8 = SMOKE OR HAZE
[NO. OF DAYS WITH]      [WEATHER - DAYS WITH]      9 = BLOWING SNOW
                                                   X = TORNADO
MAX 32 OR BELOW:   0    0.01 INCH OR MORE:  10
MAX 90 OR ABOVE:  10    0.10 INCH OR MORE:   9
MIN 32 OR BELOW:   0    0.50 INCH OR MORE:   2
MIN  0 OR BELOW:   0    1.00 INCH OR MORE:   1

[HDD (BASE 65) ]
TOTAL THIS MO.     0    CLEAR  (SCALE 0-3)  12
DPTR FM NORMAL     0    PTCLDY (SCALE 4-7)  10
TOTAL FM JUL 1     0    CLOUDY (SCALE 8-10)  2
DPTR FM NORMAL     0

[CDD (BASE 65) ]
TOTAL THIS MO.   292
DPTR FM NORMAL   -12    [PRESSURE DATA]
TOTAL FM JAN 1  1190    HIGHEST SLP M ON M
DPTR FM NORMAL    93    LOWEST  SLP 29.74 ON 20

[REMARKS]
