000
CXUS55 KGJT 271000
CF6VEL
PRELIMINARY LOCAL CLIMATOLOGICAL DATA (WS FORM: F-6)

                                          STATION:   VERNAL UT
                                          MONTH:     DECEMBER
                                          YEAR:      2014
                                          LATITUDE:   40 27 N
                                          LONGITUDE: 109 31 W

  TEMPERATURE IN F:       :PCPN:    SNOW:  WIND      :SUNSHINE: SKY     :PK WND
================================================================================
1   2   3   4   5  6A  6B    7    8   9   10  11  12  13   14  15   16   17  18
                                     12Z  AVG MX 2MIN
DY MAX MIN AVG DEP HDD CDD  WTR  SNW DPTH SPD SPD DIR MIN PSBL S-S WX    SPD DR
================================================================================

 1  49  25  37  11  28   0 0.00    M    M  5.2 14  30   M    M   2        18  10
 2  47  24  36  10  29   0 0.00    M    M  3.5  8 300   M    M   0        10  80
 3  48  31  40  15  25   0    T    M    M  2.5  9 140   M    M   8        12 160
 4  49  31  40  15  25   0 0.00    M    M  3.9  9 290   M    M   6        11  80
 5  49  24  37  12  28   0 0.00    M    M  2.6  7 300   M    M   2         9 140
 6  45  27  36  12  29   0 0.00    M    M  2.4  8 270   M    M   5 1       9 270
 7  47  24  36  12  29   0 0.00    M    M  3.1  9 270   M    M   1 1      11  80
 8  46  25  36  12  29   0 0.00    M    M  2.8  7 270   M    M   0         9 120
 9  45  21  33  10  32   0 0.00    M    M  2.5  7  70   M    M   0 8      11  70
10  44  21  33  10  32   0 0.00    M    M  3.2  8 120   M    M   0 1      10 140
11  40  19  30   7  35   0 0.00    M    M  1.5  9 120   M    M   0 1      13 140
12  42  26  34  12  31   0    T    M    M  2.7  7 260   M    M   2 1       9 280
13  38  29  34  12  31   0 0.19    M    M  3.7 17 240   M    M   9 1      22 260
14  39  30  35  13  30   0 0.01    M    M  2.7 12  60   M    M   9 12     13  70
15  36  23  30   8  35   0    T    M    M  3.6  9 140   M    M   3 1      12 150
16  32  23  28   7  37   0 0.05    M    M  2.4  8  90   M    M   7 1       9  90
17  27  21  24   3  41   0    T    M    M  3.5  9  40   M    M  10 1      11  10
18  28  24  26   5  39   0 0.00    M    M  3.3  7  90   M    M  10 1       8  90
19  30  26  28   7  37   0 0.00    M    M  1.9  6 330   M    M  10 18      7  80
20  32  21  27   7  38   0    T    M    M  1.4  8  90   M    M   9 1       9  90
21  36  28  32  12  33   0 0.00    M    M  2.3  9 260   M    M   9 1      12 260
22  45  30  38  18  27   0 0.03    M    M 10.1 36 340   M    M   6        48 350
23  35  19  27   7  38   0 0.00    M    M  3.2 15 350   M    M   0        19 350
24  31  15  23   3  42   0 0.00    M    M  2.3  7 300   M    M   1        10 110
25  30  24  27   7  38   0 0.07    M    M  4.7 21  50   M    M  10 1      25  50
26  29  19  24   4  41   0    T    M    M  6.9 16  60   M    M   9 1      21  50
================================================================================
SM 1019  630       859   0  0.35    M     87.9          M      128
================================================================================
AV 39.2 24.2                               3.4 FASTST   M    M   5    MAX(MPH)
                                 MISC ---->  # 36 340               # 48  350
================================================================================
NOTES:
# LAST OF SEVERAL OCCURRENCES

COLUMN 17 PEAK WIND IN M.P.H.

PRELIMINARY LOCAL CLIMATOLOGICAL DATA (WS FORM: F-6) , PAGE 2

                                          STATION:  VERNAL UT
                                          MONTH:    DECEMBER
                                          YEAR:     2014
                                          LATITUDE:   40 27 N
                                          LONGITUDE: 109 31 W

[TEMPERATURE DATA]      [PRECIPITATION DATA]       SYMBOLS USED IN COLUMN 16

AVERAGE MONTHLY: 31.7   TOTAL FOR MONTH:   0.35    1 = FOG OR MIST
DPTR FM NORMAL:   9.4   DPTR FM NORMAL:   -0.18    2 = FOG REDUCING VISIBILITY
HIGHEST:    49 ON  5, 4 GRTST 24HR  0.19 ON 13-13      TO 1/4 MILE OR LESS
LOWEST:     15 ON 24                               3 = THUNDER
                        SNOW, ICE PELLETS, HAIL    4 = ICE PELLETS
                        TOTAL MONTH:    M          5 = HAIL
                        GRTST 24HR    M  ON   M    6 = FREEZING RAIN OR DRIZZLE
                        GRTST DEPTH:  M  ON   M    7 = DUSTSTORM OR SANDSTORM:
                                                       VSBY 1/2 MILE OR LESS
                                                   8 = SMOKE OR HAZE
[NO. OF DAYS WITH]      [WEATHER - DAYS WITH]      9 = BLOWING SNOW
                                                   X = TORNADO
MAX 32 OR BELOW:   8    0.01 INCH OR MORE:   5
MAX 90 OR ABOVE:   0    0.10 INCH OR MORE:   1
MIN 32 OR BELOW:  26    0.50 INCH OR MORE:   0
MIN  0 OR BELOW:   0    1.00 INCH OR MORE:   0

[HDD (BASE 65) ]
TOTAL THIS MO.   859    CLEAR  (SCALE 0-3)  11
DPTR FM NORMAL  -252    PTCLDY (SCALE 4-7)   6
TOTAL FM JUL 1  2342    CLOUDY (SCALE 8-10)  9
DPTR FM NORMAL  -400

[CDD (BASE 65) ]
TOTAL THIS MO.     0
DPTR FM NORMAL     0    [PRESSURE DATA]
TOTAL FM JAN 1   621    HIGHEST SLP M ON M
DPTR FM NORMAL   110    LOWEST  SLP 29.43 ON 25

[REMARKS]
