000
CXUS55 KVEF 290940
CF6VGT
PRELIMINARY LOCAL CLIMATOLOGICAL DATA (WS FORM: F-6)

                                          STATION:   NORTH_LAS_VEGAS NV
                                          MONTH:     AUGUST
                                          YEAR:      2015
                                          LATITUDE:   36 12 N
                                          LONGITUDE: 115 12 W

  TEMPERATURE IN F:       :PCPN:    SNOW:  WIND      :SUNSHINE: SKY     :PK WND
================================================================================
1   2   3   4   5  6A  6B    7    8   9   10  11  12  13   14  15   16   17  18
                                     12Z  AVG MX 2MIN
DY MAX MIN AVG DEP HDD CDD  WTR  SNW DPTH SPD SPD DIR MIN PSBL S-S WX    SPD DR
================================================================================

 1  92  76  84  -7   0  19    T  0.0    0 10.2 25 340   M    M   3        31 330
 2 102  71  87  -4   0  22 0.00  0.0    0  4.9 10 320   M    M   0        14 350
 3 106  77  92   1   0  27 0.00  0.0    0  7.5 18 230   M    M   0        28 240
 4 106  76  91   0   0  26 0.00  0.0    0  8.5 23 220   M    M   0        27 200
 5 106  84  95   4   0  30 0.00  0.0    0 13.3 26 210   M    M   0        33 230
 6 106  76  91   0   0  26    T  0.0    0 10.2 30 350   M    M   1        41 360
 7  97  73  85  -6   0  20    T  0.0    0  7.9 17 140   M    M   3        21 140
 8  99  76  88  -3   0  23 0.00  0.0    0  5.8 18 170   M    M   0        24 170
 9 101  71  86  -4   0  21 0.00  0.0    0  6.0 16 170   M    M   0        21 140
10 104  78  91   1   0  26 0.00  0.0    0  7.7 25 190   M    M   0        31 170
11 104  81  93   3   0  28 0.00  0.0    0 11.1 33 110   M    M   1        38 120
12  98  82  90   0   0  25 0.00  0.0    0  6.4 18  80   M    M   1        23  90
13 103  82  93   3   0  28    T  0.0    0  5.7 33 150   M    M   1        40 140
14 104  78  91   1   0  26    T  0.0    0  7.2 29 180   M    M   0 3      35 220
15 109  80  95   5   0  30 0.00  0.0    0  5.4 17 230   M    M   0        21 220
16 111  81  96   7   0  31 0.00  0.0    0  6.6 25 170   M    M   0        33 170
17 110  81  96   7   0  31 0.00  0.0    0  5.4 16 160   M    M   0        21 160
18 108  82  95   6   0  30 0.00  0.0    0  5.0 13 170   M    M   0        16 210
19 106  81  94   5   0  29 0.00  0.0    0  5.6 13 110   M    M   0        15 130
20 107  80  94   5   0  29 0.00  0.0    0  9.1 20 220   M    M   0        27 220
21 104  81  93   5   0  28 0.00  0.0    0 10.6 28 140   M    M   0        36 150
22 104  80  92   4   0  27 0.00  0.0    0  9.7 20 140   M    M   0        25 160
23 106  78  92   4   0  27 0.00  0.0    0  7.1 20 180   M    M   0        25 210
24 106  78  92   4   0  27 0.00  0.0    0  6.9 16 160   M    M   0        23 160
25  96  82  89   1   0  24 0.00  0.0    0  5.7 16 180   M    M   1        21 200
26  95  83  89   1   0  24 0.00  0.0    0  7.5 16  80   M    M   1        21  70
27 100  80  90   3   0  25 0.00  0.0    0  5.2 18  80   M    M   0        22  70
28 104  79  92   5   0  27 0.00  0.0    0  4.9 10 150   M    M   0        15 150
================================================================================
SM 2894 2207         0 736    T      0.0 207.1          M       12
================================================================================
AV103.4 78.8                               7.4 FASTST   M    M   0    MAX(MPH)
                                 MISC ---->  # 33 110               # 41  360
================================================================================
NOTES:
# LAST OF SEVERAL OCCURRENCES

COLUMN 17 PEAK WIND IN M.P.H.

PRELIMINARY LOCAL CLIMATOLOGICAL DATA (WS FORM: F-6) , PAGE 2

                                          STATION:  NORTH_LAS_VEGAS NV
                                          MONTH:    AUGUST
                                          YEAR:     2015
                                          LATITUDE:   36 12 N
                                          LONGITUDE: 115 12 W

[TEMPERATURE DATA]      [PRECIPITATION DATA]       SYMBOLS USED IN COLUMN 16

AVERAGE MONTHLY: 91.1   TOTAL FOR MONTH:      T    1 = FOG OR MIST
DPTR FM NORMAL:   1.6   DPTR FM NORMAL:   -0.44    2 = FOG REDUCING VISIBILITY
HIGHEST:   111 ON 16    GRTST 24HR    T  ON 14-14      TO 1/4 MILE OR LESS
LOWEST:     71 ON  9, 2                            3 = THUNDER
                        SNOW, ICE PELLETS, HAIL    4 = ICE PELLETS
                        TOTAL MONTH:   0.0 INCH    5 = HAIL
                        GRTST 24HR     0.0         6 = FREEZING RAIN OR DRIZZLE
                        GRTST DEPTH:   0           7 = DUSTSTORM OR SANDSTORM:
                                                       VSBY 1/2 MILE OR LESS
                                                   8 = SMOKE OR HAZE
[NO. OF DAYS WITH]      [WEATHER - DAYS WITH]      9 = BLOWING SNOW
                                                   X = TORNADO
MAX 32 OR BELOW:   0    0.01 INCH OR MORE:   0
MAX 90 OR ABOVE:  28    0.10 INCH OR MORE:   0
MIN 32 OR BELOW:   0    0.50 INCH OR MORE:   0
MIN  0 OR BELOW:   0    1.00 INCH OR MORE:   0

[HDD (BASE 65) ]
TOTAL THIS MO.     0    CLEAR  (SCALE 0-3)  28
DPTR FM NORMAL     0    PTCLDY (SCALE 4-7)   0
TOTAL FM JUL 1     0    CLOUDY (SCALE 8-10)  0
DPTR FM NORMAL     0

[CDD (BASE 65) ]
TOTAL THIS MO.   736
DPTR FM NORMAL    52    [PRESSURE DATA]
TOTAL FM JAN 1  2736    HIGHEST SLP M ON M
DPTR FM NORMAL   156    LOWEST  SLP 27.70 ON 27

[REMARKS]
