000
CXUS51 KBTV 240700
CF6VSF
PRELIMINARY LOCAL CLIMATOLOGICAL DATA (WS FORM: F-6)

                                          STATION:   SPRINGFIELD VT
                                          MONTH:     JUNE
                                          YEAR:      2017
                                          LATITUDE:   43 19 N
                                          LONGITUDE:  72 31 W

  TEMPERATURE IN F:       :PCPN:    SNOW:  WIND      :SUNSHINE: SKY     :PK WND
================================================================================
1   2   3   4   5  6A  6B    7    8   9   10  11  12  13   14  15   16   17  18
                                     12Z  AVG MX 2MIN
DY MAX MIN AVG DEP HDD CDD  WTR  SNW DPTH SPD SPD DIR MIN PSBL S-S WX    SPD DR
================================================================================

 1  71  50  61   1   4   0    T  0.0    0  6.1 20 250   M    M   6 1      32 250
 2  65  39  52  -8  13   0 0.01    M    0  4.8 21 270   M    M   5        29 260
 3  67  41  54  -6  11   0    T    M    0  3.6 18 280   M    M   8        26 320
 4  69  43  56  -4   9   0 0.09    M    0  2.1  9 240   M    M   5 1      16 250
 5  58  51  55  -6  10   0 0.66  0.0    0  3.2 10 140   M    M  10 1      15 100
 6  52  47  50 -11  15   0 1.74    M    0  1.6 13  50   M    M  10 1      18  50
 7  76  46  61   0   4   0 0.03    M    0  2.5 12  60   M    M   3 12     18  50
 8  80  45  63   1   2   0 0.00  0.0    0  2.1 13 180   M    M   2 12     18 180
 9  77  51  64   2   1   0    T  0.0    0  3.7 17 260   M    M   2        26 270
10  83  50  67   5   0   2 0.00  0.0    0  3.8 16 260   M    M   1        22 220
11  90  55  73  10   0   8 0.00  0.0    0  5.7 21 260   M    M   0 1      29 260
12  94  60  77  14   0  12 0.00  0.0    0  4.2 16 260   M    M   0        20 250
13  90  62  76  13   0  11 0.00  0.0    0  4.5 15 280   M    M   3 1      22 280
14  77  49  63  -1   2   0 0.00  0.0    0  3.7 16 260   M    M   0        21 270
15  79  43  61  -3   4   0    T    M    0  4.3 15 180   M    M   2 8      20 190
16  62  54  58  -6   7   0 0.63  0.0    0  0.6  9 170   M    M  10 1      13 160
17  72  57  65   0   0   0 0.00  0.0    0  2.6 10 150   M    M  10 1      13 160
18  85  67  76  11   0  11 0.00  0.0    0  7.0 15 180   M    M   8        23 160
19  82  65  74   9   0   9 0.53  0.0    0  2.6 14 270   M    M   7 138    20 120
20  80  59  70   5   0   5    T  0.0    0  6.5 23 240   M    M   4 12     36 260
21  77  54  66   0   0   1    T  0.0    0  6.1 21 280   M    M   3        29 240
22  79  49  64  -2   1   0    T    M    0  3.8 15 270   M    M   3        19 290
23  88  61  75   9   0  10 0.11  0.0    0  4.1 18 180   M    M   4 1      25 190
================================================================================
SM 1753 1198        83  69  3.80     0.0  89.2          M      106
================================================================================
AV 76.2 52.1                               3.9 FASTST   M    M   5    MAX(MPH)
                                 MISC ---->  # 23 240               # 36  260
================================================================================
NOTES:
# LAST OF SEVERAL OCCURRENCES

COLUMN 17 PEAK WIND IN M.P.H.

PRELIMINARY LOCAL CLIMATOLOGICAL DATA (WS FORM: F-6) , PAGE 2

                                          STATION:  SPRINGFIELD VT
                                          MONTH:    JUNE
                                          YEAR:     2017
                                          LATITUDE:   43 19 N
                                          LONGITUDE:  72 31 W

[TEMPERATURE DATA]      [PRECIPITATION DATA]       SYMBOLS USED IN COLUMN 16

AVERAGE MONTHLY: 64.2   TOTAL FOR MONTH:   3.80    1 = FOG OR MIST
DPTR FM NORMAL:   1.2   DPTR FM NORMAL:    0.67    2 = FOG REDUCING VISIBILITY
HIGHEST:    94 ON 12    GRTST 24HR  1.74 ON  6- 6      TO 1/4 MILE OR LESS
LOWEST:     39 ON  2                               3 = THUNDER
                        SNOW, ICE PELLETS, HAIL    4 = ICE PELLETS
                        TOTAL MONTH:   0.0 INCH    5 = HAIL
                        GRTST 24HR     0.0         6 = FREEZING RAIN OR DRIZZLE
                        GRTST DEPTH:   0           7 = DUSTSTORM OR SANDSTORM:
                                                       VSBY 1/2 MILE OR LESS
                                                   8 = SMOKE OR HAZE
[NO. OF DAYS WITH]      [WEATHER - DAYS WITH]      9 = BLOWING SNOW
                                                   X = TORNADO
MAX 32 OR BELOW:   0    0.01 INCH OR MORE:   8
MAX 90 OR ABOVE:   3    0.10 INCH OR MORE:   5
MIN 32 OR BELOW:   0    0.50 INCH OR MORE:   4
MIN  0 OR BELOW:   0    1.00 INCH OR MORE:   1

[HDD (BASE 65) ]
TOTAL THIS MO.    83    CLEAR  (SCALE 0-3)  10
DPTR FM NORMAL    -6    PTCLDY (SCALE 4-7)   8
TOTAL FM JUL 1  6909    CLOUDY (SCALE 8-10)  5
DPTR FM NORMAL  -603

[CDD (BASE 65) ]
TOTAL THIS MO.    69
DPTR FM NORMAL    28    [PRESSURE DATA]
TOTAL FM JAN 1    83    HIGHEST SLP M ON M
DPTR FM NORMAL    30    LOWEST  SLP 29.53 ON 23

[REMARKS]
