000
CXUS55 KLBF 171200
CF6VTN
PRELIMINARY LOCAL CLIMATOLOGICAL DATA (WS FORM: F-6)

                                          STATION:   VALENTINE
                                          MONTH:     JANUARY
                                          YEAR:      2017
                                          LATITUDE:   42 52 N
                                          LONGITUDE: 100 33 W

  TEMPERATURE IN F:       :PCPN:    SNOW:  WIND      :SUNSHINE: SKY     :PK WND
================================================================================
1   2   3   4   5  6A  6B    7    8   9   10  11  12  13   14  15   16   17  18
                                     12Z  AVG MX 2MIN
DY MAX MIN AVG DEP HDD CDD  WTR  SNW DPTH SPD SPD DIR MIN PSBL S-S WX    SPD DR
================================================================================

 1  37  10  24   1  41   0    T    T    T  7.4 17 140   M    M   3        21 150
 2  25   7  16  -7  49   0    T    T    T 10.4 28 320   M    M   5 1      39 320
 3  12  -1   6 -17  59   0 0.00  0.0    T 13.8 28 320   M    M   3        35 330
 4  10  -1   5 -18  60   0 0.05    T    T  7.8 18 320   M    M   7 8      21 320
 5   8 -10  -1 -24  66   0    T    T    T 10.5 24 320   M    M   5 8      32 300
 6  26 -11   8 -15  57   0 0.00  0.0    T  8.2 14 280   M    M   0        17 280
 7  22  -7   8 -15  57   0 0.00  0.0    T  5.6 18 180   M    M   1        23 170
 8  33   6  20  -3  45   0 0.00  0.0    T 14.3 26 180   M    M   2        32 320
 9  47   7  27   4  38   0 0.00  0.0    T  7.8 23 190   M    M   3        29 180
10  13   5   9 -14  56   0 0.02    M    T 11.4 26 340   M    M   6        33 330
11  13   5   9 -14  56   0 0.02  0.5    T 10.1 26 340   M    M   9 18     33 330
12  18   2  10 -13  55   0    T    T    1  6.8 20 330   M    M   4        24 340
13  28   8  18  -6  47   0 0.03  0.7    1  9.6 23 200   M    M   3        29 200
14  44   4  24   0  41   0 0.00  0.0    1  5.4 12 150   M    M   2        14 150
15  47  13  30   6  35   0 0.00  0.0    1  3.3 10 200   M    M   2        11 220
16  37  18  28   4  37   0 0.00  0.0    T  8.3 21 320   M    M   6        25 330
================================================================================
SM  420   55       799   0  0.12     1.2 140.7          M       61
================================================================================
AV 26.3  3.4                               8.8 FASTST   M    M   4    MAX(MPH)
                                 MISC ---->  # 28 320               # 39  320
================================================================================
NOTES:
# LAST OF SEVERAL OCCURRENCES

COLUMN 17 PEAK WIND IN M.P.H.

PRELIMINARY LOCAL CLIMATOLOGICAL DATA (WS FORM: F-6) , PAGE 2

                                          STATION:  VALENTINE
                                          MONTH:    JANUARY
                                          YEAR:     2017
                                          LATITUDE:   42 52 N
                                          LONGITUDE: 100 33 W

[TEMPERATURE DATA]      [PRECIPITATION DATA]       SYMBOLS USED IN COLUMN 16

AVERAGE MONTHLY: 14.8   TOTAL FOR MONTH:   0.12    1 = FOG OR MIST
DPTR FM NORMAL:  -8.4   DPTR FM NORMAL:   -0.01    2 = FOG REDUCING VISIBILITY
HIGHEST:    47 ON 15, 9 GRTST 24HR  0.05 ON  4- 4      TO 1/4 MILE OR LESS
LOWEST:    -11 ON  6                               3 = THUNDER
                        SNOW, ICE PELLETS, HAIL    4 = ICE PELLETS
                        TOTAL MONTH:   1.2 INCHES  5 = HAIL
                        GRTST 24HR   0.7 ON   M    6 = FREEZING RAIN OR DRIZZLE
                        GRTST DEPTH:   1 ON 15,14  7 = DUSTSTORM OR SANDSTORM:
                                                       VSBY 1/2 MILE OR LESS
                                                   8 = SMOKE OR HAZE
[NO. OF DAYS WITH]      [WEATHER - DAYS WITH]      9 = BLOWING SNOW
                                                   X = TORNADO
MAX 32 OR BELOW:  10    0.01 INCH OR MORE:   4
MAX 90 OR ABOVE:   0    0.10 INCH OR MORE:   0
MIN 32 OR BELOW:  16    0.50 INCH OR MORE:   0
MIN  0 OR BELOW:   5    1.00 INCH OR MORE:   0

[HDD (BASE 65) ]
TOTAL THIS MO.   799    CLEAR  (SCALE 0-3)   9
DPTR FM NORMAL   130    PTCLDY (SCALE 4-7)   6
TOTAL FM JUL 1  3320    CLOUDY (SCALE 8-10)  1
DPTR FM NORMAL  -244

[CDD (BASE 65) ]
TOTAL THIS MO.     0
DPTR FM NORMAL     0    [PRESSURE DATA]
TOTAL FM JAN 1     0    HIGHEST SLP M ON M
DPTR FM NORMAL     0    LOWEST  SLP 29.41 ON 10

[REMARKS]
